{"id":595,"date":"2015-11-09T15:07:35","date_gmt":"2015-11-09T14:07:35","guid":{"rendered":"https:\/\/www.parthages.be\/wordpress\/produit\/la-tete-en-desordre-l-exposition-prenatale-a-l-alcool\/"},"modified":"2022-07-26T10:44:04","modified_gmt":"2022-07-26T08:44:04","slug":"la-tete-en-desordre-l-exposition-prenatale-a-l-alcool","status":"publish","type":"product","link":"https:\/\/www.parthages.be\/eboutique\/produit\/la-tete-en-desordre-l-exposition-prenatale-a-l-alcool\/","title":{"rendered":"La t\u00eate en d\u00e9sordre, l&rsquo;exposition pr\u00e9natale \u00e0 l&rsquo;alcool"},"content":{"rendered":"<p>Comment accueillir un enfant porteur de troubles li\u00e9s \u00e0 une alcoolisation pendant la grossesse ? Quatre familles racontent leur histoire : elles ont d\u00fb faire preuve de tr\u00e9sors d&rsquo;inventivit\u00e9 et ont d\u00fb puiser dans leurs ressources int\u00e9rieures tout en recherchant de l&rsquo;aide, pour relever ce d\u00e9fi. Un dernier chapitre, davantage th\u00e9orique, s&rsquo;adresse plus particuli\u00e8rement aux professionnels de l&rsquo;enfance qui souhaitent approfondir leurs connaissances sur le sujet.(pr\u00e9sentation de l&rsquo;\u00e9diteur)<\/p>\n<p>DARTIGUENAVE C.- TOUTAIN S.<\/p>\n<p>Editions L&rsquo;Harmattan<\/p>\n<p>2014 &#8211; 204 p.-400gr- 25\u20ac<\/p>\n<p>ISBN\u00a0: 978-2-343-04792-8<\/p>\n<p>Cote doc : 1-20-DAR-T<\/p>\n<span class=\"et_bloom_bottom_trigger\"><\/span>","protected":false},"excerpt":{"rendered":"<p>Comment accueillir un enfant porteur de troubles li\u00e9s \u00e0 une alcoolisation pendant la grossesse ?<\/p>\n","protected":false},"featured_media":594,"comment_status":"open","ping_status":"closed","template":"","meta":{"_et_pb_use_builder":"","_et_pb_old_content":"","_et_gb_content_width":"","spay_email":""},"class_list":["post-595","product","type-product","status-publish","has-post-thumbnail","hentry","product_cat-livres","product_cat-livres-jeunesse","product_tag-adoption","product_tag-alcool","product_tag-diagnostic-precoce","product_tag-education","product_tag-exposition-au-risque","product_tag-famille-daccueil","product_tag-grossesse","product_tag-handicap","product_tag-medecine","product_tag-sante","product_tag-temoignage","product_tag-travail-social"],"jetpack_sharing_enabled":true,"jetpack_likes_enabled":true,"_links":{"self":[{"href":"https:\/\/www.parthages.be\/eboutique\/wp-json\/wp\/v2\/product\/595","targetHints":{"allow":["GET"]}}],"collection":[{"href":"https:\/\/www.parthages.be\/eboutique\/wp-json\/wp\/v2\/product"}],"about":[{"href":"https:\/\/www.parthages.be\/eboutique\/wp-json\/wp\/v2\/types\/product"}],"replies":[{"embeddable":true,"href":"https:\/\/www.parthages.be\/eboutique\/wp-json\/wp\/v2\/comments?post=595"}],"wp:featuredmedia":[{"embeddable":true,"href":"https:\/\/www.parthages.be\/eboutique\/wp-json\/wp\/v2\/media\/594"}],"wp:attachment":[{"href":"https:\/\/www.parthages.be\/eboutique\/wp-json\/wp\/v2\/media?parent=595"}],"curies":[{"name":"wp","href":"https:\/\/api.w.org\/{rel}","templated":true}]}}

La tête en désordre, l&rsquo;exposition prénatale à l&rsquo;alcool

<p>Comment accueillir un enfant porteur de troubles liés à une alcoolisation pendant la grossesse ? Quatre familles racontent leur histoire : elles ont dû faire preuve de trésors d&rsquo;inventivité et ont dû puiser dans leurs ressources intérieures tout en recherchant de l&rsquo;aide, pour relever ce défi. Un dernier chapitre, davantage théorique, s&rsquo;adresse plus particulièrement aux professionnels de l&rsquo;enfance qui souhaitent approfondir leurs connaissances sur le sujet.(présentation de l&rsquo;éditeur)</p>
<p>DARTIGUENAVE C.- TOUTAIN S.</p>
<p>Editions L&rsquo;Harmattan</p>
<p>2014 &#8211; 204 p.-400gr- 25€</p>
<p>ISBN : 978-2-343-04792-8</p>
<p>Cote doc : 1-20-DAR-T</p>
<span class="et_bloom_bottom_trigger"></span>

<p>Comment accueillir un enfant porteur de troubles liés à une alcoolisation pendant la grossesse ?</p>
