{"id":607,"date":"2016-01-18T15:07:58","date_gmt":"2016-01-18T14:07:58","guid":{"rendered":"https:\/\/www.parthages.be\/wordpress\/produit\/le-handicap-dans-notre-imaginaire-culturel\/"},"modified":"2021-09-06T16:06:47","modified_gmt":"2021-09-06T14:06:47","slug":"le-handicap-dans-notre-imaginaire-culturel","status":"publish","type":"product","link":"https:\/\/www.parthages.be\/eboutique\/produit\/le-handicap-dans-notre-imaginaire-culturel\/","title":{"rendered":"Le handicap dans notre imaginaire culturel"},"content":{"rendered":"<p>Cet ouvrage propose un p\u00e9riple anthropologique in\u00e9dit \u00e0 l\u2019int\u00e9rieur m\u00eame de nos fronti\u00e8res. Du sud au nord de l\u2019Hexagone,\u00a0 il offre un floril\u00e8ge d\u2019expressions culturelles autour du handicap. En Quercy,\u00a0 Forez, Gascogne, Aveyron, Poitou, Corse et dans les Alpes, en Bretagne, Beauce, pays d\u2019Othe et Alsace, quelles significations les communaut\u00e9s humaines attribuaient-elles au handicap ? Quelles illusions collectives partageaient-elles face \u00e0 la blessure, aux \u00ab irr\u00e9gularit\u00e9s \u00bb du corps ou de l\u2019esprit ?<\/p>\n<p>La plong\u00e9e au c\u0153ur de ces \u00ab \u00e9chantillons de civilisations \u00bb d\u00e9couvre les profondes racines de notre patrimoine imaginaire, avec son cort\u00e8ge de repr\u00e9sentations imm\u00e9moriales, dont nous discernons, aujourd\u2019hui encore, des empreintes multiples et enchev\u00eatr\u00e9es.<\/p>\n<p>Ces tr\u00e9sors anthropologiques, d\u00e9nich\u00e9s dans des cultures populaires d\u2019antan, montrent que les repr\u00e9sentations du handicap agissent comme un tourbillon qui, de tout temps, emporte la raison.(Pr\u00e9sentation de l&rsquo;\u00e9diteur)<\/p>\n<p>GARDOU C.<\/p>\n<p>Editions Er\u00e8s<\/p>\n<p>2015 &#8211; 270 p.-435gr-28\u20ac<\/p>\n<p>ISBN\u00a0: 978-2-7492-4861-5<\/p>\n<p>Cote doc\u00a0: 7-10-GAR-H2<\/p>\n<span class=\"et_bloom_bottom_trigger\"><\/span>","protected":false},"excerpt":{"rendered":"<p>Cet ouvrage propose un p\u00e9riple anthropologique in\u00e9dit \u00e0 l\u2019int\u00e9rieur m\u00eame de nos fronti\u00e8res. Du sud au nord de l\u2019Hexagone,\u00a0 il offre un floril\u00e8ge d\u2019expressions culturelles autour du handicap.<\/p>\n","protected":false},"featured_media":606,"comment_status":"open","ping_status":"closed","template":"","meta":{"_et_pb_use_builder":"","_et_pb_old_content":"","_et_gb_content_width":"","spay_email":""},"class_list":["post-607","product","type-product","status-publish","has-post-thumbnail","hentry","product_cat-livres","product_tag-accompagnement","product_tag-dignite","product_tag-droit","product_tag-ethique","product_tag-euthanasie","product_tag-fin-de-vie","product_tag-france","product_tag-mort","product_tag-relation-soignant-soigne","product_tag-soins-palliatifs"],"jetpack_sharing_enabled":true,"jetpack_likes_enabled":true,"_links":{"self":[{"href":"https:\/\/www.parthages.be\/eboutique\/wp-json\/wp\/v2\/product\/607","targetHints":{"allow":["GET"]}}],"collection":[{"href":"https:\/\/www.parthages.be\/eboutique\/wp-json\/wp\/v2\/product"}],"about":[{"href":"https:\/\/www.parthages.be\/eboutique\/wp-json\/wp\/v2\/types\/product"}],"replies":[{"embeddable":true,"href":"https:\/\/www.parthages.be\/eboutique\/wp-json\/wp\/v2\/comments?post=607"}],"wp:featuredmedia":[{"embeddable":true,"href":"https:\/\/www.parthages.be\/eboutique\/wp-json\/wp\/v2\/media\/606"}],"wp:attachment":[{"href":"https:\/\/www.parthages.be\/eboutique\/wp-json\/wp\/v2\/media?parent=607"}],"curies":[{"name":"wp","href":"https:\/\/api.w.org\/{rel}","templated":true}]}}