{"id":617,"date":"2016-01-18T15:33:53","date_gmt":"2016-01-18T14:33:53","guid":{"rendered":"https:\/\/www.parthages.be\/wordpress\/produit\/entre-malheur-et-espoir-annoncer-la-maladie-le-handicap-la-mort\/"},"modified":"2022-07-26T09:16:21","modified_gmt":"2022-07-26T07:16:21","slug":"entre-malheur-et-espoir-annoncer-la-maladie-le-handicap-la-mort","status":"publish","type":"product","link":"https:\/\/www.parthages.be\/eboutique\/produit\/entre-malheur-et-espoir-annoncer-la-maladie-le-handicap-la-mort\/","title":{"rendered":"Entre malheur et espoir: annoncer la maladie le handicap la mort"},"content":{"rendered":"<p>Dans une vie humaine, il est des moments o\u00f9 une information m\u00e9dicale, attendue ou non, peut prendre la forme d&rsquo;un s\u00e9isme. Il est des diagnostics qui font s&rsquo;\u00e9crouler tout ou partie de l&rsquo;\u00e9difice des valeurs et des rep\u00e8res existentiaux lentement construits \u00e0 travers les ann\u00e9es. Et il en est qui, mettant un nom sur un trouble \u00e9trange, angoissant, permettent de repartir dans la vie avec une \u00e9nergie nouvelle&#8230;<\/p>\n<p>Annoncer un diagnostic grave, r\u00e9v\u00e9ler l&rsquo;existence d&rsquo;un handicap invalidant, \u00e9voquer la mort toute proche, informer sur une st\u00e9rilit\u00e9 d\u00e9finitive&#8230;, tous ces actes de parole, pour n\u00e9cessaires qu&rsquo;ils puissent \u00eatre, ne sont pas pour autant faciles et ne s&rsquo;improvisent pas. Il ne suffit pas de parler pour bien faire. Il ne suffit pas de se taire pour ne pas mal faire.<\/p>\n<p>L&rsquo;information dont il s&rsquo;agit, se veut justifi\u00e9e par une exigence de v\u00e9rit\u00e9 que l&rsquo;on doit \u00e0 autrui dans son autonomie. Or elle d\u00e9voile et voile tout \u00e0 la fois, elle in-forme et d\u00e9-forme. Elle fait \u00abavoir\u00bb et \u00ab\u00eatre\u00bb&#8230; Et ainsi engage le sens possible de l&rsquo;existence..(Pr\u00e9sentation de l&rsquo;\u00e9diteur)<\/p>\n<p>THIEL M.-J<\/p>\n<p>Presses universitaires de Strasbourg<\/p>\n<p>2009 -302 p.-540gr- 19\u20ac<\/p>\n<p>ISBN\u00a0: 978-2 86820-292-5<\/p>\n<p>Cote doc: 1-20-THI-E<\/p>\n<span class=\"et_bloom_bottom_trigger\"><\/span>","protected":false},"excerpt":{"rendered":"<p>Dans une vie humaine, il est des moments o\u00f9 une information m\u00e9dicale, attendue ou non, peut prendre la forme d&rsquo;un s\u00e9isme.<\/p>\n","protected":false},"featured_media":616,"comment_status":"open","ping_status":"closed","template":"","meta":{"_et_pb_use_builder":"","_et_pb_old_content":"","_et_gb_content_width":"","spay_email":""},"class_list":["post-617","product","type-product","status-publish","has-post-thumbnail","hentry","product_cat-livres","product_tag-accompagnement","product_tag-annonce-de-la-maladie","product_tag-annonce-de-la-mort","product_tag-annonce-du-handicap","product_tag-communication","product_tag-diagnostic","product_tag-ethique-medicale","product_tag-ethique-religieuse","product_tag-personne-handicapee","product_tag-relation-soignant-soigne","product_tag-temoignage"],"jetpack_sharing_enabled":true,"jetpack_likes_enabled":true,"_links":{"self":[{"href":"https:\/\/www.parthages.be\/eboutique\/wp-json\/wp\/v2\/product\/617","targetHints":{"allow":["GET"]}}],"collection":[{"href":"https:\/\/www.parthages.be\/eboutique\/wp-json\/wp\/v2\/product"}],"about":[{"href":"https:\/\/www.parthages.be\/eboutique\/wp-json\/wp\/v2\/types\/product"}],"replies":[{"embeddable":true,"href":"https:\/\/www.parthages.be\/eboutique\/wp-json\/wp\/v2\/comments?post=617"}],"wp:featuredmedia":[{"embeddable":true,"href":"https:\/\/www.parthages.be\/eboutique\/wp-json\/wp\/v2\/media\/616"}],"wp:attachment":[{"href":"https:\/\/www.parthages.be\/eboutique\/wp-json\/wp\/v2\/media?parent=617"}],"curies":[{"name":"wp","href":"https:\/\/api.w.org\/{rel}","templated":true}]}}