{"id":625,"date":"2016-03-10T09:48:26","date_gmt":"2016-03-10T08:48:26","guid":{"rendered":"https:\/\/www.parthages.be\/wordpress\/produit\/l-homme-qui-n-a-pas-invente-la-poudre\/"},"modified":"2022-07-26T10:44:44","modified_gmt":"2022-07-26T08:44:44","slug":"l-homme-qui-n-a-pas-invente-la-poudre","status":"publish","type":"product","link":"https:\/\/www.parthages.be\/eboutique\/produit\/l-homme-qui-n-a-pas-invente-la-poudre\/","title":{"rendered":"L&rsquo;homme qui n&rsquo;a pas invent\u00e9 la poudre"},"content":{"rendered":"<p>Depuis qu\u2019il est enfant, S\u00e9bastien ne fait rien comme tout le monde. Tout commence le jour de la noyade de sa m\u00e8re : \u00e0 l\u2019inverse des gens du village, il ne pleure pas mais ne mange plus de poisson. \u00c0 l\u2019\u00e9cole, il ne r\u00e9cite pas la table de multiplication, il la chante \u00e0 tue-t\u00eate. Au square, il ne joue pas au foot, il culbute la jolie Lili dans l\u2019herbe grasse&#8230; C\u2019est une \u00e9vidence, S\u00e9bastien tourne \u00e0 l\u2019envers. Il faut le placer dans une institution sp\u00e9cialis\u00e9e. Effray\u00e9 de rester seul, son p\u00e8re, Ren\u00e9, le r\u00e9cup\u00e8re \u00e0 la maison et fait son \u00e9ducation. \u00c0 sa majorit\u00e9, devenu jardinier municipal sur l\u2019\u00eele d\u2019Ol\u00e9ron, il ob\u00e9it \u00e0 l\u2019appel des fleurs et \u00e0 tous ceux qui n\u2019ont pas peur de lui, comme Lucas au centre de r\u00e9\u00e9ducation, \u00c9milie, n\u00e9e parapl\u00e9gique, Simone la vieille dame dont plus personne ne se soucie et surtout Barbara qui l\u2019initie aux d\u00e9licieux plaisirs de l\u2019amour. S\u00e9bastien n\u2019a pas invent\u00e9 la poudre mais n\u2019a-t-il pas d\u00e9couvert le secret du bonheur ? (Pr\u00e9sentation de l&rsquo;\u00e9diteur)<\/p>\n<p>CLAVERIE S.<\/p>\n<p>Editions de la Diff\u00e9rence<\/p>\n<p>2016 &#8211; 176 p.-218gr-<\/p>\n<p>ISBN\u00a0: 978-2-7291-2237-9<\/p>\n<p>Cote doc : 1-20-CLA-H<\/p>\n<p><strong><em>Uniquement \u00e0 la location<\/em><\/strong><\/p>\n<span class=\"et_bloom_bottom_trigger\"><\/span>","protected":false},"excerpt":{"rendered":"<p>Depuis qu\u2019il est enfant, S\u00e9bastien ne fait rien comme tout le monde.<\/p>\n","protected":false},"featured_media":624,"comment_status":"open","ping_status":"closed","template":"","meta":{"_et_pb_use_builder":"","_et_pb_old_content":"","_et_gb_content_width":"","spay_email":""},"class_list":["post-625","product","type-product","status-publish","has-post-thumbnail","hentry","product_cat-livres","product_tag-deuil","product_tag-i-nstitution","product_tag-personne-handicapee","product_tag-relation-mere-enfant","product_tag-roman"],"jetpack_sharing_enabled":true,"jetpack_likes_enabled":true,"_links":{"self":[{"href":"https:\/\/www.parthages.be\/eboutique\/wp-json\/wp\/v2\/product\/625","targetHints":{"allow":["GET"]}}],"collection":[{"href":"https:\/\/www.parthages.be\/eboutique\/wp-json\/wp\/v2\/product"}],"about":[{"href":"https:\/\/www.parthages.be\/eboutique\/wp-json\/wp\/v2\/types\/product"}],"replies":[{"embeddable":true,"href":"https:\/\/www.parthages.be\/eboutique\/wp-json\/wp\/v2\/comments?post=625"}],"wp:featuredmedia":[{"embeddable":true,"href":"https:\/\/www.parthages.be\/eboutique\/wp-json\/wp\/v2\/media\/624"}],"wp:attachment":[{"href":"https:\/\/www.parthages.be\/eboutique\/wp-json\/wp\/v2\/media?parent=625"}],"curies":[{"name":"wp","href":"https:\/\/api.w.org\/{rel}","templated":true}]}}

L&rsquo;homme qui n&rsquo;a pas inventé la poudre

<p>Depuis qu’il est enfant, Sébastien ne fait rien comme tout le monde. Tout commence le jour de la noyade de sa mère : à l’inverse des gens du village, il ne pleure pas mais ne mange plus de poisson. À l’école, il ne récite pas la table de multiplication, il la chante à tue-tête. Au square, il ne joue pas au foot, il culbute la jolie Lili dans l’herbe grasse&#8230; C’est une évidence, Sébastien tourne à l’envers. Il faut le placer dans une institution spécialisée. Effrayé de rester seul, son père, René, le récupère à la maison et fait son éducation. À sa majorité, devenu jardinier municipal sur l’île d’Oléron, il obéit à l’appel des fleurs et à tous ceux qui n’ont pas peur de lui, comme Lucas au centre de rééducation, Émilie, née paraplégique, Simone la vieille dame dont plus personne ne se soucie et surtout Barbara qui l’initie aux délicieux plaisirs de l’amour. Sébastien n’a pas inventé la poudre mais n’a-t-il pas découvert le secret du bonheur ? (Présentation de l&rsquo;éditeur)</p>
<p>CLAVERIE S.</p>
<p>Editions de la Différence</p>
<p>2016 &#8211; 176 p.-218gr-</p>
<p>ISBN : 978-2-7291-2237-9</p>
<p>Cote doc : 1-20-CLA-H</p>
<p><strong><em>Uniquement à la location</em></strong></p>
<span class="et_bloom_bottom_trigger"></span>

<p>Depuis qu’il est enfant, Sébastien ne fait rien comme tout le monde.</p>
