{"id":627,"date":"2016-03-10T09:52:45","date_gmt":"2016-03-10T08:52:45","guid":{"rendered":"https:\/\/www.parthages.be\/wordpress\/produit\/l-enfant-roman\/"},"modified":"2022-12-18T20:55:59","modified_gmt":"2022-12-18T19:55:59","slug":"l-enfant-roman","status":"publish","type":"product","link":"https:\/\/www.parthages.be\/eboutique\/produit\/l-enfant-roman\/","title":{"rendered":"L&rsquo;enfant roman"},"content":{"rendered":"<p>Prix Handi Livres 2015<\/p>\n<p>\u00ab Clara se moque de l\u2019argent, de l\u2019\u00e9conomie mondiale et des contraintes horaires. Elle ne sait ni lire ni \u00e9crire ni compter, ne mesure ni la monnaie ni le temps. Humaine nouvelle, elle d\u00e9friche d&rsquo;autres valeurs, d\u00e9veloppe d\u2019autres sens. Elle parle le langage du c\u0153ur, le langage des simples et des oiseaux. \u00bb(extrait)<\/p>\n<p>Tous les futurs parents ont en t\u00eate un enfant r\u00eav\u00e9 que la r\u00e9alit\u00e9 bouscule parfois. L\u2019enfant roman est le r\u00e9cit de l&rsquo;\u00e9croulement d&rsquo;un monde, de la perte totale de rep\u00e8res. C&rsquo;est aussi la rencontre de deux jeunes gens avec eux-m\u00eames, gr\u00e2ce \u00e0 Clara, leur enfant hors norme. Car au-del\u00e0 de l&rsquo;\u00e9preuve, L&rsquo;enfant roman est \u00e9galement l\u2019expression de la force de vie, de la reconstruction et de la renaissance.<\/p>\n<p>(Pr\u00e9sentation de l&rsquo;\u00e9diteur)<\/p>\n<p>THOMAS F.<\/p>\n<p>Editions Passiflore<\/p>\n<p>2013 &#8211; 168 p.-207gr-<\/p>\n<p>ISBN\u00a0: 978-2-918471-22-6<\/p>\n<p>Cote doc: 1-20-THO-E<\/p>\n<span class=\"et_bloom_bottom_trigger\"><\/span>","protected":false},"excerpt":{"rendered":"<p>Clara se moque de l\u2019argent, de l\u2019\u00e9conomie mondiale et des contraintes horaires.<\/p>\n","protected":false},"featured_media":626,"comment_status":"open","ping_status":"closed","template":"","meta":{"_et_pb_use_builder":"","_et_pb_old_content":"","_et_gb_content_width":"","spay_email":""},"class_list":["post-627","product","type-product","status-publish","has-post-thumbnail","hentry","product_cat-livres","product_tag-annonce-du-handicap","product_tag-enfant-handicape","product_tag-image-de-soi","product_tag-relation-familiale","product_tag-roman"],"jetpack_sharing_enabled":true,"jetpack_likes_enabled":true,"_links":{"self":[{"href":"https:\/\/www.parthages.be\/eboutique\/wp-json\/wp\/v2\/product\/627","targetHints":{"allow":["GET"]}}],"collection":[{"href":"https:\/\/www.parthages.be\/eboutique\/wp-json\/wp\/v2\/product"}],"about":[{"href":"https:\/\/www.parthages.be\/eboutique\/wp-json\/wp\/v2\/types\/product"}],"replies":[{"embeddable":true,"href":"https:\/\/www.parthages.be\/eboutique\/wp-json\/wp\/v2\/comments?post=627"}],"wp:featuredmedia":[{"embeddable":true,"href":"https:\/\/www.parthages.be\/eboutique\/wp-json\/wp\/v2\/media\/626"}],"wp:attachment":[{"href":"https:\/\/www.parthages.be\/eboutique\/wp-json\/wp\/v2\/media?parent=627"}],"curies":[{"name":"wp","href":"https:\/\/api.w.org\/{rel}","templated":true}]}}