{"id":633,"date":"2016-04-19T10:14:14","date_gmt":"2016-04-19T08:14:14","guid":{"rendered":"https:\/\/www.parthages.be\/wordpress\/produit\/handicap\/"},"modified":"2022-10-31T16:51:41","modified_gmt":"2022-10-31T15:51:41","slug":"handicap","status":"publish","type":"product","link":"https:\/\/www.parthages.be\/eboutique\/produit\/handicap\/","title":{"rendered":"Handicap\u2026 le d\u00e9fi d\u2019\u00eatre Miss"},"content":{"rendered":"<p>L\u2019histoire de Laura, jeune mannequin victime d\u2019un accident de voiture qui la laisse parapl\u00e9gique, est une histoire de vie, de glamour, de larmes et de s\u00e9duction. Et cela fait un bien fou !<\/p>\n<p>Apr\u00e8s son accident, Laura devient Laurana, une jeune femme courageuse dans l\u2019acceptation de son handicap, pleine d\u2019humour et de charme. Son nouveau combat : se battre pour changer les mentalit\u00e9s sur le handicap.<\/p>\n<p>De ses d\u00e9buts dans le mannequinat \u00e0 la terrible nuit de l\u2019accident, l\u2019h\u00f4pital, la r\u00e9\u00e9ducation, l\u2019insensibilit\u00e9 du conducteur responsable, le proc\u00e8s, sa m\u00e9diatisation, ce t\u00e9moignage hors du commun permet de suivre et de partager pas \u00e0 pas le combat de cette magnifique jeune fille pour faire tomber les pr\u00e9jug\u00e9s sur les handicap\u00e9s.<\/p>\n<p>Elle nous d\u00e9voile \u00e9galement l\u2019envers du d\u00e9cor d\u2019un concours de miss.<\/p>\n<p>Laura est, entre autres, la premi\u00e8re candidate en fauteuil \u00e0 une \u00e9lection de beaut\u00e9 pour valides et revendique l\u2019\u00e9galit\u00e9 et la mixit\u00e9 entre les valides et les non-valides. Elle se bat contre l\u2019exclusion de la diff\u00e9rence.<\/p>\n<p>On vous le dit : c\u2019est une Miss extraordinaire qui se livre ici ! (Pr\u00e9sentation de l&rsquo;Editeur)<\/p>\n<p>DUHAMEL C.<\/p>\n<p>Editions la Boite \u00e0 Pandore<\/p>\n<p>2016- 199 p.-290gr- 17.90\u20ac<\/p>\n<p>ISBN\u00a0: 978-2-87557-211-0<\/p>\n<p>Cote doc\u00a0: 7-30-DUH-H<\/p>\n<span class=\"et_bloom_bottom_trigger\"><\/span>","protected":false},"excerpt":{"rendered":"<p>L\u2019histoire de Laura, jeune mannequin victime d\u2019un accident de voiture qui la laisse parapl\u00e9gique, est une histoire de vie, de glamour, de larmes et de s\u00e9duction. Et cela fait un bien fou !<\/p>\n","protected":false},"featured_media":632,"comment_status":"open","ping_status":"closed","template":"","meta":{"_et_pb_use_builder":"","_et_pb_old_content":"","_et_gb_content_width":"","spay_email":""},"class_list":["post-633","product","type-product","status-publish","has-post-thumbnail","hentry","product_cat-livres","product_tag-acceptation","product_tag-accident-de-la-route","product_tag-annonce-du-handicap","product_tag-defi","product_tag-image-de-soi","product_tag-paraplegie","product_tag-relation-familiale","product_tag-temoignage"],"jetpack_sharing_enabled":true,"jetpack_likes_enabled":true,"_links":{"self":[{"href":"https:\/\/www.parthages.be\/eboutique\/wp-json\/wp\/v2\/product\/633","targetHints":{"allow":["GET"]}}],"collection":[{"href":"https:\/\/www.parthages.be\/eboutique\/wp-json\/wp\/v2\/product"}],"about":[{"href":"https:\/\/www.parthages.be\/eboutique\/wp-json\/wp\/v2\/types\/product"}],"replies":[{"embeddable":true,"href":"https:\/\/www.parthages.be\/eboutique\/wp-json\/wp\/v2\/comments?post=633"}],"wp:featuredmedia":[{"embeddable":true,"href":"https:\/\/www.parthages.be\/eboutique\/wp-json\/wp\/v2\/media\/632"}],"wp:attachment":[{"href":"https:\/\/www.parthages.be\/eboutique\/wp-json\/wp\/v2\/media?parent=633"}],"curies":[{"name":"wp","href":"https:\/\/api.w.org\/{rel}","templated":true}]}}

Handicap… le défi d’être Miss

<p>L’histoire de Laura, jeune mannequin victime d’un accident de voiture qui la laisse paraplégique, est une histoire de vie, de glamour, de larmes et de séduction. Et cela fait un bien fou !</p>
<p>Après son accident, Laura devient Laurana, une jeune femme courageuse dans l’acceptation de son handicap, pleine d’humour et de charme. Son nouveau combat : se battre pour changer les mentalités sur le handicap.</p>
<p>De ses débuts dans le mannequinat à la terrible nuit de l’accident, l’hôpital, la rééducation, l’insensibilité du conducteur responsable, le procès, sa médiatisation, ce témoignage hors du commun permet de suivre et de partager pas à pas le combat de cette magnifique jeune fille pour faire tomber les préjugés sur les handicapés.</p>
<p>Elle nous dévoile également l’envers du décor d’un concours de miss.</p>
<p>Laura est, entre autres, la première candidate en fauteuil à une élection de beauté pour valides et revendique l’égalité et la mixité entre les valides et les non-valides. Elle se bat contre l’exclusion de la différence.</p>
<p>On vous le dit : c’est une Miss extraordinaire qui se livre ici ! (Présentation de l&rsquo;Editeur)</p>
<p>DUHAMEL C.</p>
<p>Editions la Boite à Pandore</p>
<p>2016- 199 p.-290gr- 17.90€</p>
<p>ISBN : 978-2-87557-211-0</p>
<p>Cote doc : 7-30-DUH-H</p>
<span class="et_bloom_bottom_trigger"></span>

<p>L’histoire de Laura, jeune mannequin victime d’un accident de voiture qui la laisse paraplégique, est une histoire de vie, de glamour, de larmes et de séduction. Et cela fait un bien fou !</p>
