{"id":635,"date":"2016-04-19T10:16:09","date_gmt":"2016-04-19T08:16:09","guid":{"rendered":"https:\/\/www.parthages.be\/wordpress\/produit\/l-art-d-etre-different\/"},"modified":"2021-09-06T16:21:24","modified_gmt":"2021-09-06T14:21:24","slug":"l-art-d-etre-different","status":"publish","type":"product","link":"https:\/\/www.parthages.be\/eboutique\/produit\/l-art-d-etre-different\/","title":{"rendered":"L&rsquo;art d&rsquo;\u00eatre diff\u00e9rent"},"content":{"rendered":"<p>Nicolas Bissardon, Marie Decker, Deza Nguembock, Lalie Segond et Beno\u00eet Walther vivent chacun avec un handicap physique inn\u00e9 ou acquis au cours de l\u2019enfance ou au d\u00e9but de l\u2019\u00e2ge adulte. Ils ont aujourd\u2019hui entre 31 et 45 ans et leurs vies professionnelles et personnelles, amoureuses, familiales, amicales, sont riches et bien remplies.<\/p>\n<p>Dans leur dialogue avec Blandine Bricka, ils racontent tour \u00e0 tour leur parcours de vie et d\u2019initiation \u00e0 soi, questionnent leur relation \u00e0 eux-m\u00eames tout au long de leur d\u00e9veloppement et de leurs contacts avec les autres \u2013 corps m\u00e9dical et proches.<\/p>\n<p>L\u2019art d\u2019\u00eatre diff\u00e9rent prend place dans l\u2019immense travail de r\u00e9volution des regards sur le handicap auquel se consacre depuis plusieurs ann\u00e9es Deza Nguembock avec son concept Esth\u00e9tique &amp; Handicap. Il r\u00e9pond \u00e0 un triple objectif : permettre aux personnes handicap\u00e9es de porter un regard positif sur elles-m\u00eames ; donner des pistes pour un meilleur accueil du handicap au sein des familles ; accompagner la prise de conscience des r\u00e9alit\u00e9s de vie de personnes handicap\u00e9es et faire tomber les pr\u00e9jug\u00e9s qui emp\u00eachent la rencontre.<\/p>\n<p>Projet soutenu par l&rsquo;agence E&amp;H LAB et la Fondation de France.<\/p>\n<p>Cet ouvrage a re\u00e7u le Prix de la meilleure \u0153uvre 2015 dans la cat\u00e9gorie \u00ab biographie \u00bb, attribu\u00e9 dans le cadre de la 10e \u00e9dition du Prix litt\u00e9raire Handi-Livres \u00e0 Beaubourg.<\/p>\n<p>(Pr\u00e9sentation de l&rsquo;\u00e9diteur)<\/p>\n<p>BISSARDON N.<\/p>\n<p>Editions Er\u00e8s<\/p>\n<p>2015- 176 p.-360gr- 20\u20ac<\/p>\n<p>ISBN\u00a0: 978-2-7492-4662-8<\/p>\n<p>Cote doc\u00a0: 7-30-BIS-A<\/p>\n<span class=\"et_bloom_bottom_trigger\"><\/span>","protected":false},"excerpt":{"rendered":"<p>Nicolas Bissardon, Marie Decker, Deza Nguembock, Lalie Segond et Beno\u00eet Walther vivent chacun avec un handicap physique inn\u00e9 ou acquis au cours de l\u2019enfance ou au d\u00e9but de l\u2019\u00e2ge adulte.<\/p>\n","protected":false},"featured_media":634,"comment_status":"open","ping_status":"closed","template":"","meta":{"_et_pb_use_builder":"","_et_pb_old_content":"","_et_gb_content_width":"","spay_email":""},"class_list":["post-635","product","type-product","status-publish","has-post-thumbnail","hentry","product_cat-livres","product_tag-changement-de-comportement","product_tag-corps","product_tag-entretien","product_tag-handicap-physique","product_tag-image-de-soi","product_tag-personne-handicapee","product_tag-recit-de-vie"],"jetpack_sharing_enabled":true,"jetpack_likes_enabled":true,"_links":{"self":[{"href":"https:\/\/www.parthages.be\/eboutique\/wp-json\/wp\/v2\/product\/635","targetHints":{"allow":["GET"]}}],"collection":[{"href":"https:\/\/www.parthages.be\/eboutique\/wp-json\/wp\/v2\/product"}],"about":[{"href":"https:\/\/www.parthages.be\/eboutique\/wp-json\/wp\/v2\/types\/product"}],"replies":[{"embeddable":true,"href":"https:\/\/www.parthages.be\/eboutique\/wp-json\/wp\/v2\/comments?post=635"}],"wp:featuredmedia":[{"embeddable":true,"href":"https:\/\/www.parthages.be\/eboutique\/wp-json\/wp\/v2\/media\/634"}],"wp:attachment":[{"href":"https:\/\/www.parthages.be\/eboutique\/wp-json\/wp\/v2\/media?parent=635"}],"curies":[{"name":"wp","href":"https:\/\/api.w.org\/{rel}","templated":true}]}}

L&rsquo;art d&rsquo;être différent

<p>Nicolas Bissardon, Marie Decker, Deza Nguembock, Lalie Segond et Benoît Walther vivent chacun avec un handicap physique inné ou acquis au cours de l’enfance ou au début de l’âge adulte. Ils ont aujourd’hui entre 31 et 45 ans et leurs vies professionnelles et personnelles, amoureuses, familiales, amicales, sont riches et bien remplies.</p>
<p>Dans leur dialogue avec Blandine Bricka, ils racontent tour à tour leur parcours de vie et d’initiation à soi, questionnent leur relation à eux-mêmes tout au long de leur développement et de leurs contacts avec les autres – corps médical et proches.</p>
<p>L’art d’être différent prend place dans l’immense travail de révolution des regards sur le handicap auquel se consacre depuis plusieurs années Deza Nguembock avec son concept Esthétique &amp; Handicap. Il répond à un triple objectif : permettre aux personnes handicapées de porter un regard positif sur elles-mêmes ; donner des pistes pour un meilleur accueil du handicap au sein des familles ; accompagner la prise de conscience des réalités de vie de personnes handicapées et faire tomber les préjugés qui empêchent la rencontre.</p>
<p>Projet soutenu par l&rsquo;agence E&amp;H LAB et la Fondation de France.</p>
<p>Cet ouvrage a reçu le Prix de la meilleure œuvre 2015 dans la catégorie « biographie », attribué dans le cadre de la 10e édition du Prix littéraire Handi-Livres à Beaubourg.</p>
<p>(Présentation de l&rsquo;éditeur)</p>
<p>BISSARDON N.</p>
<p>Editions Erès</p>
<p>2015- 176 p.-360gr- 20€</p>
<p>ISBN : 978-2-7492-4662-8</p>
<p>Cote doc : 7-30-BIS-A</p>
<span class="et_bloom_bottom_trigger"></span>

<p>Nicolas Bissardon, Marie Decker, Deza Nguembock, Lalie Segond et Benoît Walther vivent chacun avec un handicap physique inné ou acquis au cours de l’enfance ou au début de l’âge adulte.</p>
