{"id":64,"date":"2012-09-24T11:37:53","date_gmt":"2012-09-24T09:37:53","guid":{"rendered":"https:\/\/www.parthages.be\/wordpress\/produit\/handicap-et-domicile\/"},"modified":"2022-01-18T11:06:29","modified_gmt":"2022-01-18T10:06:29","slug":"handicap-et-domicile","status":"publish","type":"product","link":"https:\/\/www.parthages.be\/eboutique\/produit\/handicap-et-domicile\/","title":{"rendered":"Handicap et domicile"},"content":{"rendered":"<p>Le domicile est, pour les personnes en situation de handicap comme pour tout un chacun, le lieu de l&rsquo;identit\u00e9 et de l&rsquo;\u00e9panouissement affectif, celui du ressourcement et un refuge.<\/p>\n<p>L&rsquo;accompagnement apport\u00e9 au domicile par les proches et les professionnels ne se substitue pas \u00e0 la personne mais l&rsquo;aide \u00e0 r\u00e9aliser ses choix. Cette d\u00e9marche qui lie \u00e9troitement, dans l&rsquo;\u00e9paisseur du quotidien, la personne accompagn\u00e9e et la (les) personne(s) accompagnante(s), suppose une relation de partenariat reposant sur une authentique et sinc\u00e8re capacit\u00e9 de n\u00e9gociation. \u00c0 travers l&rsquo;aide demand\u00e9e et re\u00e7ue, la personne handicap\u00e9e r\u00e9alise son projet de vie (quotidienne, sociale, professionnelle, personnelle) tandis que la personne accompagnante doit pouvoir s&rsquo;\u00e9panouir, en particulier sur le plan professionnel (d\u00e9veloppement de comp\u00e9tences, de savoir-faire et de savoir-\u00eatre sp\u00e9cifiques).<\/p>\n<p>Cet ouvrage \u00e9claire par diff\u00e9rentes contributions cette double probl\u00e9matique. Certaines clarifient les fondamentaux de la relation aid\u00e9\/aidant et sa r\u00e9alit\u00e9 au jour le jour. D&rsquo;autres engagent la r\u00e9flexion autour de la th\u00e9matique corps et accompagnement, jug\u00e9e centrale dans l&rsquo;aide apport\u00e9e au domicile. La question de la vie affective, \u00e9rotique et sexuelle y est abord\u00e9e dans cette perspective. Enfin, parce que la revendication de la vie autonome, chez soi, est fortement li\u00e9e \u00e0 la question de l&rsquo;int\u00e9gration des personnes handicap\u00e9es dans la soci\u00e9t\u00e9, une contribution d\u00e9veloppe les enjeux crois\u00e9s du domicile, de l&rsquo;autonomie et de la citoyennet\u00e9.<\/p>\n<p>En conclusion, des dispositifs de formation proposent des pistes de travail pour que aid\u00e9s et aidants<\/p>\n<p>co-construisent pleinement et ensemble la relation d&rsquo;accompagnement. (Pr\u00e9sentation de l&rsquo;\u00e9diteur).<\/p>\n<p>&nbsp;<\/p>\n<p>DREYER P.<\/p>\n<p>Edition Chronique sociale<\/p>\n<p>2011 -144p. -206g<\/p>\n<p>Cote doc: 4-30-DRE-H<\/p>\n<span class=\"et_bloom_bottom_trigger\"><\/span>","protected":false},"excerpt":{"rendered":"<p>Le domicile est, pour les personnes en situation de handicap comme pour tout un chacun, le lieu de l&rsquo;identit\u00e9 et de l&rsquo;\u00e9panouissement affectif, celui du ressourcement et un refuge.<\/p>\n","protected":false},"featured_media":2271,"comment_status":"open","ping_status":"closed","template":"","meta":{"_et_pb_use_builder":"","_et_pb_old_content":"","_et_gb_content_width":"","spay_email":""},"class_list":["post-64","product","type-product","status-publish","has-post-thumbnail","hentry","product_cat-livres","product_tag-accompagnement","product_tag-aide-a-domicile","product_tag-autonomie","product_tag-citoyennete","product_tag-personne-handicapee","product_tag-projet-de-vie","product_tag-relation-soignant-soigne","product_tag-vie-affective"],"jetpack_sharing_enabled":true,"jetpack_likes_enabled":true,"_links":{"self":[{"href":"https:\/\/www.parthages.be\/eboutique\/wp-json\/wp\/v2\/product\/64","targetHints":{"allow":["GET"]}}],"collection":[{"href":"https:\/\/www.parthages.be\/eboutique\/wp-json\/wp\/v2\/product"}],"about":[{"href":"https:\/\/www.parthages.be\/eboutique\/wp-json\/wp\/v2\/types\/product"}],"replies":[{"embeddable":true,"href":"https:\/\/www.parthages.be\/eboutique\/wp-json\/wp\/v2\/comments?post=64"}],"wp:featuredmedia":[{"embeddable":true,"href":"https:\/\/www.parthages.be\/eboutique\/wp-json\/wp\/v2\/media\/2271"}],"wp:attachment":[{"href":"https:\/\/www.parthages.be\/eboutique\/wp-json\/wp\/v2\/media?parent=64"}],"curies":[{"name":"wp","href":"https:\/\/api.w.org\/{rel}","templated":true}]}}

<p>Le domicile est, pour les personnes en situation de handicap comme pour tout un chacun, le lieu de l&rsquo;identité et de l&rsquo;épanouissement affectif, celui du ressourcement et un refuge.</p>
<p>L&rsquo;accompagnement apporté au domicile par les proches et les professionnels ne se substitue pas à la personne mais l&rsquo;aide à réaliser ses choix. Cette démarche qui lie étroitement, dans l&rsquo;épaisseur du quotidien, la personne accompagnée et la (les) personne(s) accompagnante(s), suppose une relation de partenariat reposant sur une authentique et sincère capacité de négociation. À travers l&rsquo;aide demandée et reçue, la personne handicapée réalise son projet de vie (quotidienne, sociale, professionnelle, personnelle) tandis que la personne accompagnante doit pouvoir s&rsquo;épanouir, en particulier sur le plan professionnel (développement de compétences, de savoir-faire et de savoir-être spécifiques).</p>
<p>Cet ouvrage éclaire par différentes contributions cette double problématique. Certaines clarifient les fondamentaux de la relation aidé/aidant et sa réalité au jour le jour. D&rsquo;autres engagent la réflexion autour de la thématique corps et accompagnement, jugée centrale dans l&rsquo;aide apportée au domicile. La question de la vie affective, érotique et sexuelle y est abordée dans cette perspective. Enfin, parce que la revendication de la vie autonome, chez soi, est fortement liée à la question de l&rsquo;intégration des personnes handicapées dans la société, une contribution développe les enjeux croisés du domicile, de l&rsquo;autonomie et de la citoyenneté.</p>
<p>En conclusion, des dispositifs de formation proposent des pistes de travail pour que aidés et aidants</p>
<p>co-construisent pleinement et ensemble la relation d&rsquo;accompagnement. (Présentation de l&rsquo;éditeur).</p>
<p>&nbsp;</p>
<p>DREYER P.</p>
<p>Edition Chronique sociale</p>
<p>2011 -144p. -206g</p>
<p>Cote doc: 4-30-DRE-H</p>
<span class="et_bloom_bottom_trigger"></span>

<p>Le domicile est, pour les personnes en situation de handicap comme pour tout un chacun, le lieu de l&rsquo;identité et de l&rsquo;épanouissement affectif, celui du ressourcement et un refuge.</p>
