{"id":657,"date":"2016-05-17T13:18:11","date_gmt":"2016-05-17T11:18:11","guid":{"rendered":"https:\/\/www.parthages.be\/wordpress\/produit\/e-commerce-les-bonnes-pratiques-pour-reussir\/"},"modified":"2021-06-24T08:22:20","modified_gmt":"2021-06-24T06:22:20","slug":"e-commerce-les-bonnes-pratiques-pour-reussir","status":"publish","type":"product","link":"https:\/\/www.parthages.be\/eboutique\/produit\/e-commerce-les-bonnes-pratiques-pour-reussir\/","title":{"rendered":"e-commerce : les bonnes pratiques pour r\u00e9ussir"},"content":{"rendered":"<p>Partez du bon pied dans le \u00abcommerce connect\u00e9\u00bb. Ce livre, \u00e9dit\u00e9 tant en version papier qu\u0092\u00e9lectronique, s\u0092adresse plus particuli\u00e8rement aux commer\u00e7ants et PME, d\u00e9butants ou confirm\u00e9s.<\/p>\n<p>Il concerne autant ceux qui envisagent de lancer une nouvelle activit\u00e9 commerciale en ligne que ceux qui souhaiteraient positionner leur business actuel sur la toile. Il fait le point sur le \u00abcommerce connect\u00e9\u00bb et sur les bonnes pratiques de mise en place d\u0092une strat\u00e9gie.<\/p>\n<p>Il comporte deux grandes parties :<\/p>\n<ol start=\"1\">\n<li>Quel est l\u0092\u00e9tat actuel de l\u0092e-commerce et quelles sont les \u00e9volutions qui se dessinent ?<\/li>\n<li>Comment vendre (aussi) en ligne ?\n<ul>\n<li><strong>Plan strat\u00e9gique :<\/strong>\u00a0quel positionnement faut-il adopter ?<\/li>\n<li><strong>Plan financier :<\/strong>\u00a0comment s\u0092assurer de la rentabilit\u00e9 de son projet ?<\/li>\n<li><strong>Plan tactique :<\/strong>\u00a0comment attirer le chaland, le s\u00e9duire, le convaincre de commander, le servir et le fid\u00e9liser ?<\/li>\n<li><strong>Choix :<\/strong>\u00a0comment s\u00e9lectionner d\u00e9nominations, plateformes de vente, prestataires ?<\/li>\n<li><strong>Ex\u00e9cution :<\/strong>\u00a0comment bien mettre en oeuvre sa plateforme, puis la g\u00e9rer au quotidien ?<\/li>\n<\/ul>\n<\/li>\n<\/ol>\n<p>Cet ouvrage, qui m\u00eale th\u00e9orie et pratique, pr\u00e9sente la particularit\u00e9 de s\u0092adresser tant aux entrepreneurs fran\u00e7ais que belges, avec une s\u00e9rie d\u0092informations pour les inciter \u00e0 donner une dimension au moins transfrontali\u00e8re \u00e0 leurs activit\u00e9s en ligne.<\/p>\n<p>(Pr\u00e9sentation de l&rsquo;\u00e9diteur)<\/p>\n<p>JACOB D.<\/p>\n<p>Edipro<\/p>\n<p>2012-352 p.-430gr- 27\u20ac<\/p>\n<p>ISBN\u00a0: 978-2-87496-228-8<\/p>\n<p>Cote doc\u00a0: 10-10-JAC-E<\/p>\n<span class=\"et_bloom_bottom_trigger\"><\/span>","protected":false},"excerpt":{"rendered":"<p>Partez du bon pied dans le \u00abcommerce connect\u00e9\u00bb. Ce livre, \u00e9dit\u00e9 tant en version papier qu\u0092\u00e9lectronique, s\u0092adresse plus particuli\u00e8rement aux commer\u00e7ants et PME, d\u00e9butants ou confirm\u00e9s.<\/p>\n","protected":false},"featured_media":656,"comment_status":"open","ping_status":"closed","template":"","meta":{"_et_pb_use_builder":"","_et_pb_old_content":"","_et_gb_content_width":"","spay_email":""},"class_list":["post-657","product","type-product","status-publish","has-post-thumbnail","hentry","product_cat-livres","product_tag-commerce","product_tag-communication","product_tag-internet","product_tag-outil"],"jetpack_sharing_enabled":true,"jetpack_likes_enabled":true,"_links":{"self":[{"href":"https:\/\/www.parthages.be\/eboutique\/wp-json\/wp\/v2\/product\/657","targetHints":{"allow":["GET"]}}],"collection":[{"href":"https:\/\/www.parthages.be\/eboutique\/wp-json\/wp\/v2\/product"}],"about":[{"href":"https:\/\/www.parthages.be\/eboutique\/wp-json\/wp\/v2\/types\/product"}],"replies":[{"embeddable":true,"href":"https:\/\/www.parthages.be\/eboutique\/wp-json\/wp\/v2\/comments?post=657"}],"wp:featuredmedia":[{"embeddable":true,"href":"https:\/\/www.parthages.be\/eboutique\/wp-json\/wp\/v2\/media\/656"}],"wp:attachment":[{"href":"https:\/\/www.parthages.be\/eboutique\/wp-json\/wp\/v2\/media?parent=657"}],"curies":[{"name":"wp","href":"https:\/\/api.w.org\/{rel}","templated":true}]}}