{"id":659,"date":"2016-05-17T13:21:36","date_gmt":"2016-05-17T11:21:36","guid":{"rendered":"https:\/\/www.parthages.be\/wordpress\/produit\/une-pratique-de-soins-precoces-pour-les-enfants-en-situation-de-handicap\/"},"modified":"2022-07-26T10:35:14","modified_gmt":"2022-07-26T08:35:14","slug":"une-pratique-de-soins-precoces-pour-les-enfants-en-situation-de-handicap","status":"publish","type":"product","link":"https:\/\/www.parthages.be\/eboutique\/produit\/une-pratique-de-soins-precoces-pour-les-enfants-en-situation-de-handicap\/","title":{"rendered":"Une pratique de soins pr\u00e9coces pour les enfants en situation de handicap"},"content":{"rendered":"<p>Faire ce que l\u2019on dit est important mais dire ce que l\u2019on fait est n\u00e9cessaire. Ainsi, depuis vingt-cinq ans l\u2019\u00e9quipe du CAMSP de Vienne intervient dans une approche psychodynamique transdisciplinaire aupr\u00e8s de jeunes enfants et de leur famille. Par cet ouvrage, elle t\u00e9moigne de son action au quotidien, en mettant en \u00e9vidence ses fondements. \u00c0 travers les r\u00e9cits cliniques d\u2019Ana\u00efs, Mathis, Robin et les autres, les auteurs transmettent leur exp\u00e9rience de la r\u00e9\u00e9ducation, de la r\u00e9adaptation, de l\u2019accompagnement familial et social, des soins psychoth\u00e9rapeutiques qui sont toujours orient\u00e9s par la singularit\u00e9 de l\u2019enfant, son histoire, les demandes et la souffrance des parents, les al\u00e9as de la maladie ou du handicap, les espoirs et les d\u00e9sespoirs qui se succ\u00e8dent.<\/p>\n<p>Une partie essentielle de ce travail repose sur la possibilit\u00e9 de se parler, de conflictualiser la clinique, de d\u00e9battre \u00e0 partir des sp\u00e9cificit\u00e9s de chaque discipline repr\u00e9sent\u00e9e dans l\u2019\u00e9quipe.<\/p>\n<p>(Pr\u00e9sentation de l&rsquo;\u00e9diteur)<\/p>\n<p>HUGUET-MANOUKIAN J.- PERRIER M.<\/p>\n<p>Editions Er\u00e8s<\/p>\n<p>2016- 240 p.-175gr- 15\u20ac<\/p>\n<p>ISBN\u00a0: 978-2-7492-4989-6<\/p>\n<p>Cote doc: 1-20-HUG-P<\/p>\n<span class=\"et_bloom_bottom_trigger\"><\/span>","protected":false},"excerpt":{"rendered":"<p>Faire ce que l\u2019on dit est important mais dire ce que l\u2019on fait est n\u00e9cessaire. Ainsi, depuis vingt-cinq ans l\u2019\u00e9quipe du CAMSP de Vienne intervient dans une approche psychodynamique transdisciplinaire aupr\u00e8s de jeunes enfants et de leur famille. Par cet ouvrage, elle t\u00e9moigne de son action au quotidien, en mettant en \u00e9vidence ses fondements.<\/p>\n","protected":false},"featured_media":658,"comment_status":"open","ping_status":"closed","template":"","meta":{"_et_pb_use_builder":"","_et_pb_old_content":"","_et_gb_content_width":"","spay_email":""},"class_list":["post-659","product","type-product","status-publish","has-post-thumbnail","hentry","product_cat-livres","product_cat-livres-jeunesse","product_tag-accompagnement","product_tag-annonce-du-handicap","product_tag-enfant-handicape","product_tag-pratique-medicale","product_tag-relation-famille-soignant"],"jetpack_sharing_enabled":true,"jetpack_likes_enabled":true,"_links":{"self":[{"href":"https:\/\/www.parthages.be\/eboutique\/wp-json\/wp\/v2\/product\/659","targetHints":{"allow":["GET"]}}],"collection":[{"href":"https:\/\/www.parthages.be\/eboutique\/wp-json\/wp\/v2\/product"}],"about":[{"href":"https:\/\/www.parthages.be\/eboutique\/wp-json\/wp\/v2\/types\/product"}],"replies":[{"embeddable":true,"href":"https:\/\/www.parthages.be\/eboutique\/wp-json\/wp\/v2\/comments?post=659"}],"wp:featuredmedia":[{"embeddable":true,"href":"https:\/\/www.parthages.be\/eboutique\/wp-json\/wp\/v2\/media\/658"}],"wp:attachment":[{"href":"https:\/\/www.parthages.be\/eboutique\/wp-json\/wp\/v2\/media?parent=659"}],"curies":[{"name":"wp","href":"https:\/\/api.w.org\/{rel}","templated":true}]}}