{"id":667,"date":"2016-07-15T10:03:45","date_gmt":"2016-07-15T08:03:45","guid":{"rendered":"https:\/\/www.parthages.be\/wordpress\/produit\/introduction-a-la-culture-sourde\/"},"modified":"2022-05-16T21:01:04","modified_gmt":"2022-05-16T19:01:04","slug":"introduction-a-la-culture-sourde","status":"publish","type":"product","link":"https:\/\/www.parthages.be\/eboutique\/produit\/introduction-a-la-culture-sourde\/","title":{"rendered":"Introduction \u00e0 la culture sourde"},"content":{"rendered":"<p>\u00ab Vous \u00eates sur le point d\u2019entrer dans le monde de la culture sourde qui peut vous \u00eatre totalement inconnu. Curieusement, on peut en avoir deux perceptions compl\u00e8tement diff\u00e9rentes selon que l\u2019on se trouve \u00e0 l\u2019int\u00e9rieur ou \u00e0 l\u2019ext\u00e9rieur de ce monde. \u00bb<\/p>\n<p>Dans une approche tr\u00e8s p\u00e9dagogique, Thomas K. Holcomb pr\u00e9sente la culture sourde en se r\u00e9f\u00e9rant \u00e0 la culture entendante (et vice versa). Il en expose les traits caract\u00e9ristiques qui ont servi de ciment \u00e0 tous les membres d\u2019une communaut\u00e9 soud\u00e9e, fi\u00e8re de ses valeurs et de son identit\u00e9. Etre sourd est ici envisag\u00e9 en termes positifs, loin des st\u00e9r\u00e9otypes et des repr\u00e9sentations sociales ou individuelles d\u00e9ficitaires.<\/p>\n<p>Con\u00e7u comme un manuel universitaire, l\u2019ouvrage s\u2019appuie sur des observations et des anecdotes qui rendent la lecture vivante et attrayante pour les Sourds, et passionnante pour les entendants amen\u00e9s \u00e0 d\u00e9couvrir la culture d\u2019une minorit\u00e9 linguistique, ses r\u00e8gles et ses codes en vigueur dans les interactions sociales, sa langue et ses traditions, ses normes collectives, la litt\u00e9rature et l\u2019art sourds\u2026 \u00ab Il est centr\u00e9 sur la joie d\u2019\u00eatre sourd, rendue possible par la culture des Sourds, malgr\u00e9 les mises au d\u00e9fi auxquels ils sont souvent soumis par leur famille, des sp\u00e9cialistes de la surdit\u00e9 et la soci\u00e9t\u00e9 en g\u00e9n\u00e9ral. \u00bb T. K. H.(Pr\u00e9sentation de l&rsquo;\u00e9diteur)<\/p>\n<p>HOLCOMB T.<\/p>\n<p>Editions Er\u00e8s<\/p>\n<p>2016 &#8211; 456p.-490gr<\/p>\n<p>ISBN\u00a0: 978-2-7492-5040-3<\/p>\n<p>Cote doc : 2-20-HOL-I<\/p>\n<span class=\"et_bloom_bottom_trigger\"><\/span>","protected":false},"excerpt":{"rendered":"<p>\u00ab Vous \u00eates sur le point d\u2019entrer dans le monde de la culture sourde qui peut vous \u00eatre totalement inconnu. Curieusement, on peut en avoir deux perceptions compl\u00e8tement diff\u00e9rentes selon que l\u2019on se trouve \u00e0 l\u2019int\u00e9rieur ou \u00e0 l\u2019ext\u00e9rieur de ce monde. \u00bb<\/p>\n","protected":false},"featured_media":666,"comment_status":"open","ping_status":"closed","template":"","meta":{"_et_pb_use_builder":"","_et_pb_old_content":"","_et_gb_content_width":"","spay_email":""},"class_list":["post-667","product","type-product","status-publish","has-post-thumbnail","hentry","product_cat-livres","product_tag-langue-des-signes","product_tag-personne-handicapee","product_tag-surdite"],"jetpack_sharing_enabled":true,"jetpack_likes_enabled":true,"_links":{"self":[{"href":"https:\/\/www.parthages.be\/eboutique\/wp-json\/wp\/v2\/product\/667","targetHints":{"allow":["GET"]}}],"collection":[{"href":"https:\/\/www.parthages.be\/eboutique\/wp-json\/wp\/v2\/product"}],"about":[{"href":"https:\/\/www.parthages.be\/eboutique\/wp-json\/wp\/v2\/types\/product"}],"replies":[{"embeddable":true,"href":"https:\/\/www.parthages.be\/eboutique\/wp-json\/wp\/v2\/comments?post=667"}],"wp:featuredmedia":[{"embeddable":true,"href":"https:\/\/www.parthages.be\/eboutique\/wp-json\/wp\/v2\/media\/666"}],"wp:attachment":[{"href":"https:\/\/www.parthages.be\/eboutique\/wp-json\/wp\/v2\/media?parent=667"}],"curies":[{"name":"wp","href":"https:\/\/api.w.org\/{rel}","templated":true}]}}