{"id":68,"date":"2012-09-24T11:37:53","date_gmt":"2012-09-24T09:37:53","guid":{"rendered":"https:\/\/www.parthages.be\/wordpress\/produit\/integration-et-inclusion-scolaires-des-modeles-educatifs-attendus\/"},"modified":"2021-10-19T12:18:34","modified_gmt":"2021-10-19T10:18:34","slug":"integration-et-inclusion-scolaires-des-modeles-educatifs-attendus","status":"publish","type":"product","link":"https:\/\/www.parthages.be\/eboutique\/produit\/integration-et-inclusion-scolaires-des-modeles-educatifs-attendus\/","title":{"rendered":"Int\u00e9gration et inclusion scolaires, des mod\u00e8les \u00e9ducatifs attendus ?"},"content":{"rendered":"<p>L&rsquo;ouvrage est destin\u00e9e \u00e0 celles et ceux qui s&rsquo;int\u00e9ressent \u00e0 deux questions fondamentales : \u00ab\u00a0La place de l&rsquo;enfant \u00e0 besoins sp\u00e9cifiques est-elle parmi les autres enfants ?\u00a0\u00bb \u00ab\u00a0Faut-il int\u00e9grer ou inclure l&rsquo;\u00e9l\u00e8ve \u00e0 besoins sp\u00e9cifiques dans les classes scolaires ordinaires ?\u00a0\u00bb L&rsquo;auteur se rendant compte que les probl\u00e8mes concrets d&rsquo;int\u00e9gration et d&rsquo;inclusion ne sont pas d&rsquo;ordre institutionnel \u00e9manant uniquement de l&rsquo;organisation scolaire, mais plut\u00f4t des probl\u00e8mes psycho-socio-p\u00e9dagogiques de mise en \u0153uvre, propose des rep\u00e8res et principes strat\u00e9giques pour l&rsquo;action. (Pr\u00e9sentation de l\u2019\u00e9diteur)<\/p>\n<p>PULL J.<\/p>\n<p>Editions L&rsquo;Harmattan<\/p>\n<p>2010-286p- 25.50\u20ac<\/p>\n<p>367gr<\/p>\n<p>ISBN\u00a0: 978-2-296-11553-8<\/p>\n<p>Cote doc\u00a0:\u00a04-50-PUL-I<\/p>\n<span class=\"et_bloom_bottom_trigger\"><\/span>","protected":false},"excerpt":{"rendered":"<p>L&rsquo;ouvrage est destin\u00e9e \u00e0 celles et ceux qui s&rsquo;int\u00e9ressent \u00e0 deux questions fondamentales : \u00ab\u00a0La place de l&rsquo;enfant \u00e0 besoins sp\u00e9cifiques est-elle parmi les autres enfants ?\u00a0\u00bb<\/p>\n","protected":false},"featured_media":2079,"comment_status":"open","ping_status":"closed","template":"","meta":{"_et_pb_use_builder":"","_et_pb_old_content":"","_et_gb_content_width":"","spay_email":""},"class_list":["post-68","product","type-product","status-publish","has-post-thumbnail","hentry","product_cat-livres","product_tag-ecole","product_tag-enfant-handicape","product_tag-enseignement-integre","product_tag-inclusion","product_tag-integration-scolaire","product_tag-pedagogie","product_tag-politique-de-leducation","product_tag-scolarisation"],"jetpack_sharing_enabled":true,"jetpack_likes_enabled":true,"_links":{"self":[{"href":"https:\/\/www.parthages.be\/eboutique\/wp-json\/wp\/v2\/product\/68","targetHints":{"allow":["GET"]}}],"collection":[{"href":"https:\/\/www.parthages.be\/eboutique\/wp-json\/wp\/v2\/product"}],"about":[{"href":"https:\/\/www.parthages.be\/eboutique\/wp-json\/wp\/v2\/types\/product"}],"replies":[{"embeddable":true,"href":"https:\/\/www.parthages.be\/eboutique\/wp-json\/wp\/v2\/comments?post=68"}],"wp:featuredmedia":[{"embeddable":true,"href":"https:\/\/www.parthages.be\/eboutique\/wp-json\/wp\/v2\/media\/2079"}],"wp:attachment":[{"href":"https:\/\/www.parthages.be\/eboutique\/wp-json\/wp\/v2\/media?parent=68"}],"curies":[{"name":"wp","href":"https:\/\/api.w.org\/{rel}","templated":true}]}}

Intégration et inclusion scolaires, des modèles éducatifs attendus ?

<p>L&rsquo;ouvrage est destinée à celles et ceux qui s&rsquo;intéressent à deux questions fondamentales : « La place de l&rsquo;enfant à besoins spécifiques est-elle parmi les autres enfants ? » « Faut-il intégrer ou inclure l&rsquo;élève à besoins spécifiques dans les classes scolaires ordinaires ? » L&rsquo;auteur se rendant compte que les problèmes concrets d&rsquo;intégration et d&rsquo;inclusion ne sont pas d&rsquo;ordre institutionnel émanant uniquement de l&rsquo;organisation scolaire, mais plutôt des problèmes psycho-socio-pédagogiques de mise en œuvre, propose des repères et principes stratégiques pour l&rsquo;action. (Présentation de l’éditeur)</p>
<p>PULL J.</p>
<p>Editions L&rsquo;Harmattan</p>
<p>2010-286p- 25.50€</p>
<p>367gr</p>
<p>ISBN : 978-2-296-11553-8</p>
<p>Cote doc : 4-50-PUL-I</p>
<span class="et_bloom_bottom_trigger"></span>

<p>L&rsquo;ouvrage est destinée à celles et ceux qui s&rsquo;intéressent à deux questions fondamentales : « La place de l&rsquo;enfant à besoins spécifiques est-elle parmi les autres enfants ? »</p>
