{"id":681,"date":"2016-10-26T16:07:29","date_gmt":"2016-10-26T14:07:29","guid":{"rendered":"https:\/\/www.parthages.be\/wordpress\/produit\/handicap-et-fratrie-dans-un-centre-d-action-medico-sociale-precoce\/"},"modified":"2022-07-26T09:12:03","modified_gmt":"2022-07-26T07:12:03","slug":"handicap-et-fratrie-dans-un-centre-d-action-medico-sociale-precoce","status":"publish","type":"product","link":"https:\/\/www.parthages.be\/eboutique\/produit\/handicap-et-fratrie-dans-un-centre-d-action-medico-sociale-precoce\/","title":{"rendered":"Handicap et fratrie dans un centre d&rsquo;action m\u00e9dico-sociale pr\u00e9coce"},"content":{"rendered":"<p>Ce livre s&rsquo;adresse aux parents, familles et professionnels qui s&rsquo;int\u00e9ressent aux relations fraternelles d&rsquo;enfants ayant des besoins particuliers. Les auteurs t\u00e9moignent avec passion d&rsquo;une exp\u00e9rience de 15 ans de groupe de fratrie dans un centre d&rsquo;action m\u00e9dico-sociale pr\u00e9coce. Le lecteur d\u00e9couvrira tout au long de l&rsquo;ouvrage l&rsquo;int\u00e9r\u00eat d&rsquo;\u00e9couter le v\u00e9cu et de prendre soin de ces enfants. Au fil du livre, l&rsquo;engagement personnel des th\u00e9rapeutes, leur plaisir et leur partage vous accompagnent.<br \/>\n(Pr\u00e9sentation de l&rsquo;\u00e9diteur)<\/p>\n<p>SOTTEAU C.- MEISSONNIER F.- ANDRE M.<br \/>\nLes Impliqu\u00e9s Editeur<br \/>\n2016- 116 p.-145gr-<\/p>\n<p>ISBN\u00a0: 978-2-343-08127-4<\/p>\n<p>Cote doc: 1-30-SOT-H<\/p>\n<p><strong><em>Uniquement \u00e0 la location<\/em><\/strong><\/p>\n<span class=\"et_bloom_bottom_trigger\"><\/span>","protected":false},"excerpt":{"rendered":"<p>Ce livre s&rsquo;adresse aux parents, familles et professionnels qui s&rsquo;int\u00e9ressent aux relations fraternelles d&rsquo;enfants ayant des besoins particuliers.<\/p>\n","protected":false},"featured_media":680,"comment_status":"open","ping_status":"closed","template":"","meta":{"_et_pb_use_builder":"","_et_pb_old_content":"","_et_gb_content_width":"","spay_email":""},"class_list":["post-681","product","type-product","status-publish","has-post-thumbnail","hentry","product_cat-livres","product_tag-accompagnement","product_tag-ecoute","product_tag-fratrie","product_tag-handicap","product_tag-temoignage","product_tag-vecu"],"jetpack_sharing_enabled":true,"jetpack_likes_enabled":true,"_links":{"self":[{"href":"https:\/\/www.parthages.be\/eboutique\/wp-json\/wp\/v2\/product\/681","targetHints":{"allow":["GET"]}}],"collection":[{"href":"https:\/\/www.parthages.be\/eboutique\/wp-json\/wp\/v2\/product"}],"about":[{"href":"https:\/\/www.parthages.be\/eboutique\/wp-json\/wp\/v2\/types\/product"}],"replies":[{"embeddable":true,"href":"https:\/\/www.parthages.be\/eboutique\/wp-json\/wp\/v2\/comments?post=681"}],"wp:featuredmedia":[{"embeddable":true,"href":"https:\/\/www.parthages.be\/eboutique\/wp-json\/wp\/v2\/media\/680"}],"wp:attachment":[{"href":"https:\/\/www.parthages.be\/eboutique\/wp-json\/wp\/v2\/media?parent=681"}],"curies":[{"name":"wp","href":"https:\/\/api.w.org\/{rel}","templated":true}]}}

Handicap et fratrie dans un centre d&rsquo;action médico-sociale précoce

<p>Ce livre s&rsquo;adresse aux parents, familles et professionnels qui s&rsquo;intéressent aux relations fraternelles d&rsquo;enfants ayant des besoins particuliers. Les auteurs témoignent avec passion d&rsquo;une expérience de 15 ans de groupe de fratrie dans un centre d&rsquo;action médico-sociale précoce. Le lecteur découvrira tout au long de l&rsquo;ouvrage l&rsquo;intérêt d&rsquo;écouter le vécu et de prendre soin de ces enfants. Au fil du livre, l&rsquo;engagement personnel des thérapeutes, leur plaisir et leur partage vous accompagnent.<br />
(Présentation de l&rsquo;éditeur)</p>
<p>SOTTEAU C.- MEISSONNIER F.- ANDRE M.<br />
Les Impliqués Editeur<br />
2016- 116 p.-145gr-</p>
<p>ISBN : 978-2-343-08127-4</p>
<p>Cote doc: 1-30-SOT-H</p>
<p><strong><em>Uniquement à la location</em></strong></p>
<span class="et_bloom_bottom_trigger"></span>

<p>Ce livre s&rsquo;adresse aux parents, familles et professionnels qui s&rsquo;intéressent aux relations fraternelles d&rsquo;enfants ayant des besoins particuliers.</p>
