{"id":683,"date":"2016-10-26T16:09:11","date_gmt":"2016-10-26T14:09:11","guid":{"rendered":"https:\/\/www.parthages.be\/wordpress\/produit\/l-autisme-revu-et-corrige-par-un-autiste-asperger\/"},"modified":"2022-06-03T10:42:04","modified_gmt":"2022-06-03T08:42:04","slug":"l-autisme-revu-et-corrige-par-un-autiste-asperger","status":"publish","type":"product","link":"https:\/\/www.parthages.be\/eboutique\/produit\/l-autisme-revu-et-corrige-par-un-autiste-asperger\/","title":{"rendered":"L&rsquo;autisme revu et corrig\u00e9 par un autiste Asperger"},"content":{"rendered":"<p>D\u00e9couvrez la face cach\u00e9e de l&rsquo;autisme dans cet ouvrage de Pierre-Andr\u00e9 Pelletier o\u00f9 il livre un t\u00e9moignage des plus controvers\u00e9s \u00e0 propos de l&rsquo;autisme et de sa vie en tant qu&rsquo;autiste Asperger.<br \/>Sous la forme d&rsquo;une entrevue r\u00e9alis\u00e9e par Nadine Primeau, Pierre-Andr\u00e9, vivant compl\u00e8tement retir\u00e9 de la soci\u00e9t\u00e9 depuis maintenant plus de quatre ans, ose d\u00e9voiler \u00e0 c\u0153ur ouvert, au travers de son histoire, sa r\u00e9alit\u00e9 d&rsquo;autiste Asperger, sa souffrance \u00e0 vivre dans ce monde, ses d\u00e9couvertes, sa Conscience et sa compr\u00e9hension in\u00e9dite de cette condition bas\u00e9e sur ses exp\u00e9riences.<br \/>Avec son g\u00e9nie, sa Conscience et son franc parl\u00e9, l&rsquo;auteur vous fera voir l&rsquo;autisme d&rsquo;une fa\u00e7on nouvelle ; vous y d\u00e9couvrirez rien de moins que la v\u00e9ritable cause de l&rsquo;autisme que pratiquement personne ne conna\u00eet ou ne transmet. Ainsi, avec L&rsquo;autisme, revu et corrig\u00e9 par un autiste Asperger, vous acc\u00e9derez \u00e0 une compr\u00e9hension nouvelle de cette r\u00e9alit\u00e9 que seul un autiste conscient peut expliquer.<br \/>Avec ce que vous d\u00e9couvrirez dans ce livre, si vous n&rsquo;\u00eates pas autiste, vous souhaiterez peut-\u00eatre m\u00eame le devenir, car vous comprendrez un peu plus le sens et le but de la vie sur Terre. (Pr\u00e9sentation de l&rsquo;\u00e9diteur)<\/p>\n<p>PELLETIER P-A.<br \/>Editions Un Monde Conscient<br \/>2015- 267p.-226gr-22.80\u20ac<br \/>ISBN\u00a0: 978-2-924371-11-4<\/p>\n<span class=\"et_bloom_bottom_trigger\"><\/span>","protected":false},"excerpt":{"rendered":"<p>D\u00e9couvrez la face cach\u00e9e de l&rsquo;autisme dans cet ouvrage de Pierre-Andr\u00e9 Pelletier o\u00f9 il livre un t\u00e9moignage des plus controvers\u00e9s \u00e0 propos de l&rsquo;autisme et de sa vie en tant qu&rsquo;autiste Asperger.<\/p>\n","protected":false},"featured_media":682,"comment_status":"open","ping_status":"closed","template":"","meta":{"_et_pb_use_builder":"","_et_pb_old_content":"","_et_gb_content_width":"","spay_email":""},"class_list":["post-683","product","type-product","status-publish","has-post-thumbnail","hentry","product_cat-livres","product_tag-autisme","product_tag-conscientisation","product_tag-croyance","product_tag-developpement-de-la-personnalite","product_tag-religion","product_tag-spiritualite","product_tag-syndrome-dasperger","product_tag-temoignage"],"jetpack_sharing_enabled":true,"jetpack_likes_enabled":true,"_links":{"self":[{"href":"https:\/\/www.parthages.be\/eboutique\/wp-json\/wp\/v2\/product\/683","targetHints":{"allow":["GET"]}}],"collection":[{"href":"https:\/\/www.parthages.be\/eboutique\/wp-json\/wp\/v2\/product"}],"about":[{"href":"https:\/\/www.parthages.be\/eboutique\/wp-json\/wp\/v2\/types\/product"}],"replies":[{"embeddable":true,"href":"https:\/\/www.parthages.be\/eboutique\/wp-json\/wp\/v2\/comments?post=683"}],"wp:featuredmedia":[{"embeddable":true,"href":"https:\/\/www.parthages.be\/eboutique\/wp-json\/wp\/v2\/media\/682"}],"wp:attachment":[{"href":"https:\/\/www.parthages.be\/eboutique\/wp-json\/wp\/v2\/media?parent=683"}],"curies":[{"name":"wp","href":"https:\/\/api.w.org\/{rel}","templated":true}]}}

L&rsquo;autisme revu et corrigé par un autiste Asperger

<p>Découvrez la face cachée de l&rsquo;autisme dans cet ouvrage de Pierre-André Pelletier où il livre un témoignage des plus controversés à propos de l&rsquo;autisme et de sa vie en tant qu&rsquo;autiste Asperger.<br />Sous la forme d&rsquo;une entrevue réalisée par Nadine Primeau, Pierre-André, vivant complètement retiré de la société depuis maintenant plus de quatre ans, ose dévoiler à cœur ouvert, au travers de son histoire, sa réalité d&rsquo;autiste Asperger, sa souffrance à vivre dans ce monde, ses découvertes, sa Conscience et sa compréhension inédite de cette condition basée sur ses expériences.<br />Avec son génie, sa Conscience et son franc parlé, l&rsquo;auteur vous fera voir l&rsquo;autisme d&rsquo;une façon nouvelle ; vous y découvrirez rien de moins que la véritable cause de l&rsquo;autisme que pratiquement personne ne connaît ou ne transmet. Ainsi, avec L&rsquo;autisme, revu et corrigé par un autiste Asperger, vous accéderez à une compréhension nouvelle de cette réalité que seul un autiste conscient peut expliquer.<br />Avec ce que vous découvrirez dans ce livre, si vous n&rsquo;êtes pas autiste, vous souhaiterez peut-être même le devenir, car vous comprendrez un peu plus le sens et le but de la vie sur Terre. (Présentation de l&rsquo;éditeur)</p>
<p>PELLETIER P-A.<br />Editions Un Monde Conscient<br />2015- 267p.-226gr-22.80€<br />ISBN : 978-2-924371-11-4</p>
<span class="et_bloom_bottom_trigger"></span>

<p>Découvrez la face cachée de l&rsquo;autisme dans cet ouvrage de Pierre-André Pelletier où il livre un témoignage des plus controversés à propos de l&rsquo;autisme et de sa vie en tant qu&rsquo;autiste Asperger.</p>
