{"id":693,"date":"2017-01-16T14:45:31","date_gmt":"2017-01-16T13:45:31","guid":{"rendered":"https:\/\/www.parthages.be\/wordpress\/produit\/l-aura-de-la-deficience\/"},"modified":"2021-08-17T10:40:04","modified_gmt":"2021-08-17T08:40:04","slug":"l-aura-de-la-deficience","status":"publish","type":"product","link":"https:\/\/www.parthages.be\/eboutique\/produit\/l-aura-de-la-deficience\/","title":{"rendered":"L&rsquo;aura de la d\u00e9ficience"},"content":{"rendered":"<p>Walter Benjamin, analyste avis\u00e9 de l\u2019\u00e9volution des soci\u00e9t\u00e9s contemporaines, est reconnu comme un penseur majeur des sciences sociales, en philosophie comme en sociologie.<\/p>\n<p>Dans cet ouvrage, Alain Blanc analyse le handicap \u00e0 la lumi\u00e8re des concepts d\u00e9finis par Benjamin. Chacun des six chapitres du livre s\u2019appuie sur un concept phare de l\u2019\u0153uvre de Benjamin pour comprendre le handicap. Sont tour \u00e0 tour mobilis\u00e9s les concepts d\u2019aura appliqu\u00e9e \u00e0 la d\u00e9ficience, de fantasmagorie concernant la r\u00e9paration des corps, de traduction des langues de la d\u00e9ficience.<\/p>\n<p>En fin d\u2019ouvrage, apr\u00e8s s\u2019\u00eatre pench\u00e9 sur les succ\u00e8s du film Intouchables et du livre O\u00f9 on va, papa ? (Stock, 2008), deux \u0153uvres traitant du handicap, l\u2019auteur aborde le handicap comme une image dialectique.<\/p>\n<p>(Pr\u00e9sentation de l&rsquo;\u00e9diteur)<\/p>\n<p>BLANC A.<\/p>\n<p>PUG<\/p>\n<p>2016 -216p-19,5\u20ac<\/p>\n<p>350gr<\/p>\n<p>ISBN\u00a0: 978-2-7061-2576-8<\/p>\n<p>Cote doc\u00a0: 7-30-BLA-A<\/p>\n<span class=\"et_bloom_bottom_trigger\"><\/span>","protected":false},"excerpt":{"rendered":"<p>Walter Benjamin, analyste avis\u00e9 de l\u2019\u00e9volution des soci\u00e9t\u00e9s contemporaines, est reconnu comme un penseur majeur des sciences sociales, en philosophie comme en sociologie.<\/p>\n","protected":false},"featured_media":692,"comment_status":"open","ping_status":"closed","template":"","meta":{"_et_pb_use_builder":"","_et_pb_old_content":"","_et_gb_content_width":"","spay_email":""},"class_list":["post-693","product","type-product","status-publish","has-post-thumbnail","hentry","product_cat-livres","product_tag-ethique","product_tag-france","product_tag-personne-handicapee","product_tag-philosophie","product_tag-sciences-sociales"],"jetpack_sharing_enabled":true,"jetpack_likes_enabled":true,"_links":{"self":[{"href":"https:\/\/www.parthages.be\/eboutique\/wp-json\/wp\/v2\/product\/693","targetHints":{"allow":["GET"]}}],"collection":[{"href":"https:\/\/www.parthages.be\/eboutique\/wp-json\/wp\/v2\/product"}],"about":[{"href":"https:\/\/www.parthages.be\/eboutique\/wp-json\/wp\/v2\/types\/product"}],"replies":[{"embeddable":true,"href":"https:\/\/www.parthages.be\/eboutique\/wp-json\/wp\/v2\/comments?post=693"}],"wp:featuredmedia":[{"embeddable":true,"href":"https:\/\/www.parthages.be\/eboutique\/wp-json\/wp\/v2\/media\/692"}],"wp:attachment":[{"href":"https:\/\/www.parthages.be\/eboutique\/wp-json\/wp\/v2\/media?parent=693"}],"curies":[{"name":"wp","href":"https:\/\/api.w.org\/{rel}","templated":true}]}}

L&rsquo;aura de la déficience

<p>Walter Benjamin, analyste avisé de l’évolution des sociétés contemporaines, est reconnu comme un penseur majeur des sciences sociales, en philosophie comme en sociologie.</p>
<p>Dans cet ouvrage, Alain Blanc analyse le handicap à la lumière des concepts définis par Benjamin. Chacun des six chapitres du livre s’appuie sur un concept phare de l’œuvre de Benjamin pour comprendre le handicap. Sont tour à tour mobilisés les concepts d’aura appliquée à la déficience, de fantasmagorie concernant la réparation des corps, de traduction des langues de la déficience.</p>
<p>En fin d’ouvrage, après s’être penché sur les succès du film Intouchables et du livre Où on va, papa ? (Stock, 2008), deux œuvres traitant du handicap, l’auteur aborde le handicap comme une image dialectique.</p>
<p>(Présentation de l&rsquo;éditeur)</p>
<p>BLANC A.</p>
<p>PUG</p>
<p>2016 -216p-19,5€</p>
<p>350gr</p>
<p>ISBN : 978-2-7061-2576-8</p>
<p>Cote doc : 7-30-BLA-A</p>
<span class="et_bloom_bottom_trigger"></span>

<p>Walter Benjamin, analyste avisé de l’évolution des sociétés contemporaines, est reconnu comme un penseur majeur des sciences sociales, en philosophie comme en sociologie.</p>
