{"id":695,"date":"2017-01-16T14:46:42","date_gmt":"2017-01-16T13:46:42","guid":{"rendered":"https:\/\/www.parthages.be\/wordpress\/produit\/naitre-grandir-vieillir-avec-un-handicap\/"},"modified":"2021-09-17T09:39:57","modified_gmt":"2021-09-17T07:39:57","slug":"naitre-grandir-vieillir-avec-un-handicap","status":"publish","type":"product","link":"https:\/\/www.parthages.be\/eboutique\/produit\/naitre-grandir-vieillir-avec-un-handicap\/","title":{"rendered":"Na\u00eetre, grandir, vieillir avec un handicap"},"content":{"rendered":"<p>Tout au long de son existence, le sujet vit les modifications de sa vie psychique, de son corps, de ses liens et de sa mani\u00e8re d\u2019\u00eatre dans le monde. Les situations de handicap, de maladie peuvent avoir des implications existentielles et provoquer des \u00e9volutions identitaires. Quels sont les effets r\u00e9els et imaginaires de ces transitions sur la personne en situation de handicap, prise dans des processus d\u2019int\u00e9gration, de normalisation et d\u2019inclusion ? Quel r\u00f4le joue l\u2019entourage familial, amical et professionnel\u00a0 dans\u00a0 le d\u00e9roulement de ces n\u00e9cessaires \u00e9volutions ?<\/p>\n<p>Des sp\u00e9cialistes des diff\u00e9rents \u00e2ges de la vie \u00e9voquent les r\u00e9sonances entre les processus psychiques en jeu chez le b\u00e9b\u00e9 et l\u2019adolescent, l\u2019entr\u00e9e dans l\u2019\u00e2ge adulte et le vieillissement. Ils donnent \u00e0 penser le devenir de la personne en situation de handicap, les aides, les soins qui lui sont propos\u00e9s aux diff\u00e9rents moments du cycle de la vie pour accompagner les remaniements psychiques n\u00e9cessaires. Ils interrogent la mani\u00e8re dont la personne peut b\u00e9n\u00e9ficier du pouvoir symbolisant et structurant des rites de passage que chaque soci\u00e9t\u00e9 propose, de mani\u00e8re plus ou moins explicite, pour reconna\u00eetre, accompagner les remaniements intrapsychiques et intersubjectifs impos\u00e9s par l\u2019avanc\u00e9e en \u00e2ge.<\/p>\n<p>(Pr\u00e9sentation de l&rsquo;\u00e9diteur)<\/p>\n<p>SCELLES R.<\/p>\n<p>Editions Er\u00e8s<\/p>\n<p>2016 \u2013 312p.-350gr-25\u20ac<\/p>\n<p>ISBN\u00a0: 978-2-7492-5291-9<\/p>\n<p>Cote doc: 5-20-SCE-N<\/p>\n<span class=\"et_bloom_bottom_trigger\"><\/span>","protected":false},"excerpt":{"rendered":"<p>Tout au long de son existence, le sujet vit les modifications de sa vie psychique, de son corps, de ses liens et de sa mani\u00e8re d\u2019\u00eatre dans le monde.<\/p>\n","protected":false},"featured_media":694,"comment_status":"open","ping_status":"closed","template":"","meta":{"_et_pb_use_builder":"","_et_pb_old_content":"","_et_gb_content_width":"","spay_email":""},"class_list":["post-695","product","type-product","status-publish","has-post-thumbnail","hentry","product_cat-livres","product_tag-adolescent","product_tag-adulte","product_tag-enfant-handicape","product_tag-etape-de-la-vie","product_tag-evolution","product_tag-personne-handicapee","product_tag-processus-psychique","product_tag-psychotherapie","product_tag-vieillissement"],"jetpack_sharing_enabled":true,"jetpack_likes_enabled":true,"_links":{"self":[{"href":"https:\/\/www.parthages.be\/eboutique\/wp-json\/wp\/v2\/product\/695","targetHints":{"allow":["GET"]}}],"collection":[{"href":"https:\/\/www.parthages.be\/eboutique\/wp-json\/wp\/v2\/product"}],"about":[{"href":"https:\/\/www.parthages.be\/eboutique\/wp-json\/wp\/v2\/types\/product"}],"replies":[{"embeddable":true,"href":"https:\/\/www.parthages.be\/eboutique\/wp-json\/wp\/v2\/comments?post=695"}],"wp:featuredmedia":[{"embeddable":true,"href":"https:\/\/www.parthages.be\/eboutique\/wp-json\/wp\/v2\/media\/694"}],"wp:attachment":[{"href":"https:\/\/www.parthages.be\/eboutique\/wp-json\/wp\/v2\/media?parent=695"}],"curies":[{"name":"wp","href":"https:\/\/api.w.org\/{rel}","templated":true}]}}

Naître, grandir, vieillir avec un handicap

<p>Tout au long de son existence, le sujet vit les modifications de sa vie psychique, de son corps, de ses liens et de sa manière d’être dans le monde. Les situations de handicap, de maladie peuvent avoir des implications existentielles et provoquer des évolutions identitaires. Quels sont les effets réels et imaginaires de ces transitions sur la personne en situation de handicap, prise dans des processus d’intégration, de normalisation et d’inclusion ? Quel rôle joue l’entourage familial, amical et professionnel  dans  le déroulement de ces nécessaires évolutions ?</p>
<p>Des spécialistes des différents âges de la vie évoquent les résonances entre les processus psychiques en jeu chez le bébé et l’adolescent, l’entrée dans l’âge adulte et le vieillissement. Ils donnent à penser le devenir de la personne en situation de handicap, les aides, les soins qui lui sont proposés aux différents moments du cycle de la vie pour accompagner les remaniements psychiques nécessaires. Ils interrogent la manière dont la personne peut bénéficier du pouvoir symbolisant et structurant des rites de passage que chaque société propose, de manière plus ou moins explicite, pour reconnaître, accompagner les remaniements intrapsychiques et intersubjectifs imposés par l’avancée en âge.</p>
<p>(Présentation de l&rsquo;éditeur)</p>
<p>SCELLES R.</p>
<p>Editions Erès</p>
<p>2016 – 312p.-350gr-25€</p>
<p>ISBN : 978-2-7492-5291-9</p>
<p>Cote doc: 5-20-SCE-N</p>
<span class="et_bloom_bottom_trigger"></span>

<p>Tout au long de son existence, le sujet vit les modifications de sa vie psychique, de son corps, de ses liens et de sa manière d’être dans le monde.</p>
