{"id":70,"date":"2012-09-24T11:37:53","date_gmt":"2012-09-24T09:37:53","guid":{"rendered":"https:\/\/www.parthages.be\/wordpress\/produit\/guide-de-la-colocation\/"},"modified":"2021-09-17T09:16:06","modified_gmt":"2021-09-17T07:16:06","slug":"guide-de-la-colocation","status":"publish","type":"product","link":"https:\/\/www.parthages.be\/eboutique\/produit\/guide-de-la-colocation\/","title":{"rendered":"La colocation"},"content":{"rendered":"<p>Sous forme de questions-r\u00e9ponses, la colocation est expliqu\u00e9e de mani\u00e8re concr\u00e8te, claire et concise.<\/p>\n<p>&#8211; Comment g\u00e9rer simplement une relation de colocation?<\/p>\n<p>&#8211; Est-on oblig\u00e9 de se domicilier \u00e0 l&rsquo;endroit de la colocation?<\/p>\n<p>&#8211; Que faire si un colocataire ne paye pas la facture d&rsquo;\u00e9lectricit\u00e9?<\/p>\n<p>&#8211; Quelles sont les cons\u00e9quences de la colocation sur les allocations de ch\u00f4mages, les allocations familiales, etc.?<\/p>\n<p>&nbsp;<\/p>\n<p>Etudiants, seniors, personnes \u00e0 faibles revenus, jeunes travailleurs, famille monoparentale, ils sont de plus en plus nombreux \u00e0 opter pour la colocation. Ce mode de cohabitation a le vent en poupe. Ce nouveau mode de vie entra\u00eene des effets juridiques notamment sur le contrat de bail. La colocation peut \u00e9galement avoir des cons\u00e9quences financi\u00e8res indirectes qu&rsquo;il ne faut pas n\u00e9gliger avant de s&rsquo;engager. (Pr\u00e9sentation de l\u2019\u00e9diteur)<\/p>\n<p>BEAUJEAN O.- COLS F.- KETELS D.<\/p>\n<p>De Boeck &amp; Larcier<\/p>\n<p>2011-186p<\/p>\n<p>ISBN\u00a0: 978-2-8044-4488-4<\/p>\n<p>Cote doc\u00a0: 6-20-BEA-C<\/p>\n<p><strong><em>Uniquement \u00e0 la location<\/em><\/strong><\/p>\n<span class=\"et_bloom_bottom_trigger\"><\/span>","protected":false},"excerpt":{"rendered":"<p>Sous forme de questions-r\u00e9ponses, la colocation est expliqu\u00e9e de mani\u00e8re concr\u00e8te, claire et concise.<\/p>\n","protected":false},"featured_media":69,"comment_status":"open","ping_status":"closed","template":"","meta":{"_et_pb_use_builder":"","_et_pb_old_content":"","_et_gb_content_width":"","spay_email":""},"class_list":["post-70","product","type-product","status-publish","has-post-thumbnail","hentry","product_cat-livres","product_tag-droit","product_tag-legislation","product_tag-logement"],"jetpack_sharing_enabled":true,"jetpack_likes_enabled":true,"_links":{"self":[{"href":"https:\/\/www.parthages.be\/eboutique\/wp-json\/wp\/v2\/product\/70","targetHints":{"allow":["GET"]}}],"collection":[{"href":"https:\/\/www.parthages.be\/eboutique\/wp-json\/wp\/v2\/product"}],"about":[{"href":"https:\/\/www.parthages.be\/eboutique\/wp-json\/wp\/v2\/types\/product"}],"replies":[{"embeddable":true,"href":"https:\/\/www.parthages.be\/eboutique\/wp-json\/wp\/v2\/comments?post=70"}],"wp:featuredmedia":[{"embeddable":true,"href":"https:\/\/www.parthages.be\/eboutique\/wp-json\/wp\/v2\/media\/69"}],"wp:attachment":[{"href":"https:\/\/www.parthages.be\/eboutique\/wp-json\/wp\/v2\/media?parent=70"}],"curies":[{"name":"wp","href":"https:\/\/api.w.org\/{rel}","templated":true}]}}