{"id":701,"date":"2017-01-16T14:50:15","date_gmt":"2017-01-16T13:50:15","guid":{"rendered":"https:\/\/www.parthages.be\/wordpress\/produit\/developper-les-competences-et-mieux-comprendre-l-enfant-ayant-un-tsa-par-le-jeu\/"},"modified":"2025-09-16T10:21:15","modified_gmt":"2025-09-16T08:21:15","slug":"developper-les-competences-et-mieux-comprendre-l-enfant-ayant-un-tsa-par-le-jeu","status":"publish","type":"product","link":"https:\/\/www.parthages.be\/eboutique\/produit\/developper-les-competences-et-mieux-comprendre-l-enfant-ayant-un-tsa-par-le-jeu\/","title":{"rendered":"D\u00e9velopper les comp\u00e9tences et mieux comprendre l&rsquo;enfant ayant un TSA par le jeu"},"content":{"rendered":"<p>Cet ouvrage, tout en couleurs, a pour but d&rsquo;accompagner et d&rsquo;outiller les parents et intervenants impliqu\u00e9s dans le cheminement d&rsquo;un enfant pr\u00e9sentant un trouble du spectre de l&rsquo;autisme (TSA). Il s&rsquo;inspire de plusieurs programmes d&rsquo;intervention utilisant le mod\u00e8le d&rsquo;Analyse Appliqu\u00e9e du Comportement (AAC). Ce livre propose des activit\u00e9s concr\u00e8tes r\u00e9alis\u00e9es \u00e0 partir de jeux ou d&rsquo;objets bien connus des enfants. C&rsquo;est \u00e0 travers ces activit\u00e9s que sont pr\u00e9sent\u00e9s les objectifs d&rsquo;enseignement selon l&rsquo;\u00e2ge et le niveau de d\u00e9veloppement de l&rsquo;enfant.<\/p>\n<p>Dre Nathalie Poirier est psychologue, professeure et chercheuse au d\u00e9partement de psychologie de l&rsquo;Universit\u00e9 du Qu\u00e9bec \u00e0 Montr\u00e9al o\u00f9 elle dirige le Laboratoire de recherche sur les familles d&rsquo;enfants pr\u00e9sentant un trouble du spectre de l&rsquo;autisme. Elle est concern\u00e9e par les programmes d&rsquo;interventions comportementales intensives fournis \u00e0 ces enfants ainsi qu&rsquo;\u00e0 toutes autres interventions visant \u00e0 am\u00e9liorer leur fonctionnement et le bien-\u00eatre de leur famille. La scolarisation de ces enfants tant au primaire qu&rsquo;au secondaire, en classe ordinaire ou sp\u00e9cialis\u00e9e fait aussi partie de ses champs d&rsquo;int\u00e9r\u00eat. En plus de sa pratique professionnelle \u00e0 la Clinique d&rsquo;Approche B\u00e9haviorale en Autisme (C-ABA), elle est aussi coauteure des livres L&rsquo;autisme un jour \u00e0 la fois, Accompagner un enfant autiste ainsi que Le trouble du spectre de l&rsquo;autisme : \u00c9tats des connaissances.<\/p>\n<p>(Pr\u00e9sentation de l&rsquo;\u00e9diteur)<\/p>\n<p>POIRIER N.<\/p>\n<p>La Bo\u00eete \u00e0 Livres Editions<\/p>\n<p>2015 \u2013 254p.-480gr<\/p>\n<p>ISBN : 978-2-924543-15-3<\/p>\n<p>Cote doc\u00a0:10-10-POI-D<\/p>\n<p><em><strong>Uniquement disponible \u00e0 la location\u00a0<\/strong><\/em><\/p>\n<span class=\"et_bloom_bottom_trigger\"><\/span>","protected":false},"excerpt":{"rendered":"<p>Cet ouvrage, tout en couleurs, a pour but d&rsquo;accompagner et d&rsquo;outiller les parents et intervenants impliqu\u00e9s dans le cheminement d&rsquo;un enfant pr\u00e9sentant un trouble du spectre de l&rsquo;autisme (TSA)<\/p>\n","protected":false},"featured_media":700,"comment_status":"open","ping_status":"closed","template":"","meta":{"_et_pb_use_builder":"","_et_pb_old_content":"","_et_gb_content_width":"","spay_email":""},"class_list":["post-701","product","type-product","status-publish","has-post-thumbnail","hentry","product_cat-livres","product_tag-autisme","product_tag-competence","product_tag-developpement-de-lenfant","product_tag-enfant","product_tag-famille","product_tag-intervenant","product_tag-jeu","product_tag-outil-pedagogique","product_tag-tsa"],"jetpack_sharing_enabled":true,"jetpack_likes_enabled":true,"_links":{"self":[{"href":"https:\/\/www.parthages.be\/eboutique\/wp-json\/wp\/v2\/product\/701","targetHints":{"allow":["GET"]}}],"collection":[{"href":"https:\/\/www.parthages.be\/eboutique\/wp-json\/wp\/v2\/product"}],"about":[{"href":"https:\/\/www.parthages.be\/eboutique\/wp-json\/wp\/v2\/types\/product"}],"replies":[{"embeddable":true,"href":"https:\/\/www.parthages.be\/eboutique\/wp-json\/wp\/v2\/comments?post=701"}],"wp:featuredmedia":[{"embeddable":true,"href":"https:\/\/www.parthages.be\/eboutique\/wp-json\/wp\/v2\/media\/700"}],"wp:attachment":[{"href":"https:\/\/www.parthages.be\/eboutique\/wp-json\/wp\/v2\/media?parent=701"}],"curies":[{"name":"wp","href":"https:\/\/api.w.org\/{rel}","templated":true}]}}

Développer les compétences et mieux comprendre l&rsquo;enfant ayant un TSA par le jeu

<p>Cet ouvrage, tout en couleurs, a pour but d&rsquo;accompagner et d&rsquo;outiller les parents et intervenants impliqués dans le cheminement d&rsquo;un enfant présentant un trouble du spectre de l&rsquo;autisme (TSA). Il s&rsquo;inspire de plusieurs programmes d&rsquo;intervention utilisant le modèle d&rsquo;Analyse Appliquée du Comportement (AAC). Ce livre propose des activités concrètes réalisées à partir de jeux ou d&rsquo;objets bien connus des enfants. C&rsquo;est à travers ces activités que sont présentés les objectifs d&rsquo;enseignement selon l&rsquo;âge et le niveau de développement de l&rsquo;enfant.</p>
<p>Dre Nathalie Poirier est psychologue, professeure et chercheuse au département de psychologie de l&rsquo;Université du Québec à Montréal où elle dirige le Laboratoire de recherche sur les familles d&rsquo;enfants présentant un trouble du spectre de l&rsquo;autisme. Elle est concernée par les programmes d&rsquo;interventions comportementales intensives fournis à ces enfants ainsi qu&rsquo;à toutes autres interventions visant à améliorer leur fonctionnement et le bien-être de leur famille. La scolarisation de ces enfants tant au primaire qu&rsquo;au secondaire, en classe ordinaire ou spécialisée fait aussi partie de ses champs d&rsquo;intérêt. En plus de sa pratique professionnelle à la Clinique d&rsquo;Approche Béhaviorale en Autisme (C-ABA), elle est aussi coauteure des livres L&rsquo;autisme un jour à la fois, Accompagner un enfant autiste ainsi que Le trouble du spectre de l&rsquo;autisme : États des connaissances.</p>
<p>(Présentation de l&rsquo;éditeur)</p>
<p>POIRIER N.</p>
<p>La Boîte à Livres Editions</p>
<p>2015 – 254p.-480gr</p>
<p>ISBN : 978-2-924543-15-3</p>
<p>Cote doc :10-10-POI-D</p>
<p><em><strong>Uniquement disponible à la location </strong></em></p>
<span class="et_bloom_bottom_trigger"></span>

<p>Cet ouvrage, tout en couleurs, a pour but d&rsquo;accompagner et d&rsquo;outiller les parents et intervenants impliqués dans le cheminement d&rsquo;un enfant présentant un trouble du spectre de l&rsquo;autisme (TSA)</p>
