{"id":707,"date":"2017-01-16T14:53:02","date_gmt":"2017-01-16T13:53:02","guid":{"rendered":"https:\/\/www.parthages.be\/wordpress\/produit\/benevolat-et-demandeurs-d-emploi-situer-pour-accompagner\/"},"modified":"2021-08-17T10:50:08","modified_gmt":"2021-08-17T08:50:08","slug":"benevolat-et-demandeurs-d-emploi-situer-pour-accompagner","status":"publish","type":"product","link":"https:\/\/www.parthages.be\/eboutique\/produit\/benevolat-et-demandeurs-d-emploi-situer-pour-accompagner\/","title":{"rendered":"B\u00e9n\u00e9volat et demandeurs d&#8217;emploi  &#8211; Situer pour accompagner"},"content":{"rendered":"<p>Devant l&rsquo;augmentation du nombre de personnes touch\u00e9es par le ch\u00f4mage, plusieurs institutions se sont interrog\u00e9es sur la place que le b\u00e9n\u00e9volat pouvait tenir dans la recherche d&#8217;emploi, le maintien de l&#8217;employabilit\u00e9.<\/p>\n<p>Une \u00e9tude a \u00e9t\u00e9 r\u00e9alis\u00e9e comportant notamment l&rsquo;interview de nombreux ch\u00f4meurs\/b\u00e9n\u00e9voles. Cet ouvrage reprend cette \u00e9tude et en vulgarise les r\u00e9sultats. Elle est un outil pr\u00e9cieux pour comprendre les profils et les accompagnements possibles en vue d&rsquo;une r\u00e9elle insertion sociale et professionnelle.<\/p>\n<p>(Pr\u00e9sentation de l&rsquo;\u00e9diteur)<\/p>\n<p>BONNEFON G.<\/p>\n<p>Chronique Sociale<\/p>\n<p>2009-208p.-290gr-18,2\u20ac<\/p>\n<p>ISBN\u00a0: 978-2-85008-736-3<\/p>\n<p>Cote doc\u00a0:7-40-BON-B<\/p>\n<span class=\"et_bloom_bottom_trigger\"><\/span>","protected":false},"excerpt":{"rendered":"<p>Devant l&rsquo;augmentation du nombre de personnes touch\u00e9es par le ch\u00f4mage, plusieurs institutions se sont interrog\u00e9es sur la place que le b\u00e9n\u00e9volat pouvait tenir dans la recherche d&#8217;emploi, le maintien de l&#8217;employabilit\u00e9.<\/p>\n","protected":false},"featured_media":706,"comment_status":"open","ping_status":"closed","template":"","meta":{"_et_pb_use_builder":"","_et_pb_old_content":"","_et_gb_content_width":"","spay_email":""},"class_list":["post-707","product","type-product","status-publish","has-post-thumbnail","hentry","product_cat-livres","product_tag-accompagnement","product_tag-benevolat","product_tag-etude","product_tag-insertion-professionnelle","product_tag-recherche-demploi","product_tag-valorisation"],"jetpack_sharing_enabled":true,"jetpack_likes_enabled":true,"_links":{"self":[{"href":"https:\/\/www.parthages.be\/eboutique\/wp-json\/wp\/v2\/product\/707","targetHints":{"allow":["GET"]}}],"collection":[{"href":"https:\/\/www.parthages.be\/eboutique\/wp-json\/wp\/v2\/product"}],"about":[{"href":"https:\/\/www.parthages.be\/eboutique\/wp-json\/wp\/v2\/types\/product"}],"replies":[{"embeddable":true,"href":"https:\/\/www.parthages.be\/eboutique\/wp-json\/wp\/v2\/comments?post=707"}],"wp:featuredmedia":[{"embeddable":true,"href":"https:\/\/www.parthages.be\/eboutique\/wp-json\/wp\/v2\/media\/706"}],"wp:attachment":[{"href":"https:\/\/www.parthages.be\/eboutique\/wp-json\/wp\/v2\/media?parent=707"}],"curies":[{"name":"wp","href":"https:\/\/api.w.org\/{rel}","templated":true}]}}

Bénévolat et demandeurs d&#8217;emploi  &#8211; Situer pour accompagner

<p>Devant l&rsquo;augmentation du nombre de personnes touchées par le chômage, plusieurs institutions se sont interrogées sur la place que le bénévolat pouvait tenir dans la recherche d&#8217;emploi, le maintien de l&#8217;employabilité.</p>
<p>Une étude a été réalisée comportant notamment l&rsquo;interview de nombreux chômeurs/bénévoles. Cet ouvrage reprend cette étude et en vulgarise les résultats. Elle est un outil précieux pour comprendre les profils et les accompagnements possibles en vue d&rsquo;une réelle insertion sociale et professionnelle.</p>
<p>(Présentation de l&rsquo;éditeur)</p>
<p>BONNEFON G.</p>
<p>Chronique Sociale</p>
<p>2009-208p.-290gr-18,2€</p>
<p>ISBN : 978-2-85008-736-3</p>
<p>Cote doc :7-40-BON-B</p>
<span class="et_bloom_bottom_trigger"></span>

<p>Devant l&rsquo;augmentation du nombre de personnes touchées par le chômage, plusieurs institutions se sont interrogées sur la place que le bénévolat pouvait tenir dans la recherche d&#8217;emploi, le maintien de l&#8217;employabilité.</p>
