{"id":716,"date":"2017-03-21T08:10:54","date_gmt":"2017-03-21T07:10:54","guid":{"rendered":"https:\/\/www.parthages.be\/wordpress\/produit\/l-equitherapie-dans-l-accompagnement-de-l-enfant-handicape-mental\/"},"modified":"2023-04-27T13:41:30","modified_gmt":"2023-04-27T11:41:30","slug":"l-equitherapie-dans-l-accompagnement-de-l-enfant-handicape-mental","status":"publish","type":"product","link":"https:\/\/www.parthages.be\/eboutique\/produit\/l-equitherapie-dans-l-accompagnement-de-l-enfant-handicape-mental\/","title":{"rendered":"L&rsquo;\u00e9quith\u00e9rapie dans l&rsquo;accompagnement de l&rsquo;enfant handicap\u00e9 mental"},"content":{"rendered":"<p>Lorsque le handicap mental touche un enfant, il devient partie int\u00e9grante et constitutive de lui-m\u00eame, conditionnant sa vie et celle de son entourage. Mais sa rencontre avec le cheval peut transformer son destin. L&rsquo;\u00e9quith\u00e9rapeute, gr\u00e2ce \u00e0 l&rsquo;aide pr\u00e9cieuse du cheval, guide l&rsquo;enfant et lui donne des outils de communication. Le cheval montre son chemin \u00e0 l&rsquo;enfant, l&rsquo;autorisant \u00e0 s&rsquo;exprimer, l&rsquo;aidant \u00e0 surpasser ses peurs et ses angoisses. Le cheval ne porte aucun jugement sur l&rsquo;enfant, ne le critique pas, ne l&rsquo;abaisse pas, ne le force \u00e0 rien, et ne le mettra jamais volontairement en difficult\u00e9. Le cheval permet \u00e0 l&rsquo;enfant de d\u00e9clencher des \u00e9motions, de s&rsquo;exprimer, de poser sur lui toutes ses difficult\u00e9s. De plus, il contribue \u00e0 la r\u00e9\u00e9ducation de la posture, de l&rsquo;\u00e9quilibre, de la coordination motrice, de la sym\u00e9trie, des aptitudes qui sont affect\u00e9es chez les enfants handicap\u00e9s mentaux, et dont la correction peut am\u00e9liorer sensiblement les capacit\u00e9s cognitives et potentialiser les apprentissages intellectuels. L&rsquo;enfant, gr\u00e2ce au cheval et \u00e0 l&rsquo;accompagnement th\u00e9rapeutique, r\u00e9cup\u00e8re sa motivation et prend confiance dans ses propres capacit\u00e9s. Gr\u00e2ce \u00e0 cet ouvrage, le docteur Rosa P\u00e9rez d\u00e9montre combien l&rsquo;\u00e9quith\u00e9rapie constitue un extraordinaire atout dans la prise en charge multidisciplinaire de l&rsquo;enfant handicap\u00e9 mental. (Pr\u00e9sentation de l&rsquo;\u00e9diteur)<\/p>\n<p>P\u00e9rez R.<\/p>\n<p>Dangles Editions<\/p>\n<p>2015 -216p 270Gr-<\/p>\n<p>ISBN\u00a0: 978-2-7033-0975-8<\/p>\n<p>Cote doc\u00a0: 3-30-PER-E<\/p>\n<p><strong><em>Uniquement \u00e0 la location<\/em><\/strong><\/p>\n<span class=\"et_bloom_bottom_trigger\"><\/span>","protected":false},"excerpt":{"rendered":"<p>Lorsque le handicap mental touche un enfant, il devient partie int\u00e9grante et constitutive de lui-m\u00eame, conditionnant sa vie et celle de son entourage.<\/p>\n","protected":false},"featured_media":715,"comment_status":"open","ping_status":"closed","template":"","meta":{"_et_pb_use_builder":"","_et_pb_old_content":"","_et_gb_content_width":"","spay_email":""},"class_list":["post-716","product","type-product","status-publish","has-post-thumbnail","hentry","product_cat-livres","product_tag-accompagnement","product_tag-animal","product_tag-enfant","product_tag-handicap-mental","product_tag-hippotherapie","product_tag-prise-en-charge","product_tag-relation-homme-animal","product_tag-sport","product_tag-trisomie-21"],"jetpack_sharing_enabled":true,"jetpack_likes_enabled":true,"_links":{"self":[{"href":"https:\/\/www.parthages.be\/eboutique\/wp-json\/wp\/v2\/product\/716","targetHints":{"allow":["GET"]}}],"collection":[{"href":"https:\/\/www.parthages.be\/eboutique\/wp-json\/wp\/v2\/product"}],"about":[{"href":"https:\/\/www.parthages.be\/eboutique\/wp-json\/wp\/v2\/types\/product"}],"replies":[{"embeddable":true,"href":"https:\/\/www.parthages.be\/eboutique\/wp-json\/wp\/v2\/comments?post=716"}],"wp:featuredmedia":[{"embeddable":true,"href":"https:\/\/www.parthages.be\/eboutique\/wp-json\/wp\/v2\/media\/715"}],"wp:attachment":[{"href":"https:\/\/www.parthages.be\/eboutique\/wp-json\/wp\/v2\/media?parent=716"}],"curies":[{"name":"wp","href":"https:\/\/api.w.org\/{rel}","templated":true}]}}

L&rsquo;équithérapie dans l&rsquo;accompagnement de l&rsquo;enfant handicapé mental

<p>Lorsque le handicap mental touche un enfant, il devient partie intégrante et constitutive de lui-même, conditionnant sa vie et celle de son entourage. Mais sa rencontre avec le cheval peut transformer son destin. L&rsquo;équithérapeute, grâce à l&rsquo;aide précieuse du cheval, guide l&rsquo;enfant et lui donne des outils de communication. Le cheval montre son chemin à l&rsquo;enfant, l&rsquo;autorisant à s&rsquo;exprimer, l&rsquo;aidant à surpasser ses peurs et ses angoisses. Le cheval ne porte aucun jugement sur l&rsquo;enfant, ne le critique pas, ne l&rsquo;abaisse pas, ne le force à rien, et ne le mettra jamais volontairement en difficulté. Le cheval permet à l&rsquo;enfant de déclencher des émotions, de s&rsquo;exprimer, de poser sur lui toutes ses difficultés. De plus, il contribue à la rééducation de la posture, de l&rsquo;équilibre, de la coordination motrice, de la symétrie, des aptitudes qui sont affectées chez les enfants handicapés mentaux, et dont la correction peut améliorer sensiblement les capacités cognitives et potentialiser les apprentissages intellectuels. L&rsquo;enfant, grâce au cheval et à l&rsquo;accompagnement thérapeutique, récupère sa motivation et prend confiance dans ses propres capacités. Grâce à cet ouvrage, le docteur Rosa Pérez démontre combien l&rsquo;équithérapie constitue un extraordinaire atout dans la prise en charge multidisciplinaire de l&rsquo;enfant handicapé mental. (Présentation de l&rsquo;éditeur)</p>
<p>Pérez R.</p>
<p>Dangles Editions</p>
<p>2015 -216p 270Gr-</p>
<p>ISBN : 978-2-7033-0975-8</p>
<p>Cote doc : 3-30-PER-E</p>
<p><strong><em>Uniquement à la location</em></strong></p>
<span class="et_bloom_bottom_trigger"></span>

<p>Lorsque le handicap mental touche un enfant, il devient partie intégrante et constitutive de lui-même, conditionnant sa vie et celle de son entourage.</p>
