{"id":718,"date":"2017-03-21T08:21:02","date_gmt":"2017-03-21T07:21:02","guid":{"rendered":"https:\/\/www.parthages.be\/wordpress\/produit\/la-traversee-du-sambatyon\/"},"modified":"2021-08-03T11:08:47","modified_gmt":"2021-08-03T09:08:47","slug":"la-traversee-du-sambatyon","status":"publish","type":"product","link":"https:\/\/www.parthages.be\/eboutique\/produit\/la-traversee-du-sambatyon\/","title":{"rendered":"La travers\u00e9e du Sambatyon"},"content":{"rendered":"<p>\u00a0\u00bb Betty remarque \u00e0 peine la lumi\u00e8re de fin de vie qui nimbe la pi\u00e8ce o\u00f9 elle se trouve. Elle se tient avec moi sur le pas de la porte, vacillante, s&rsquo;impatientant de pouvoir enfin\u00a0 l&rsquo;approcher de pr\u00e8s et le toucher. Ses yeux sont maquill\u00e9s et sa t\u00eate est couverte par respect pour les lieux. Elle a refus\u00e9 de s&rsquo;habiller en noir et s&rsquo;est v\u00eatue d&rsquo;une veste couleur parme. M\u00eame dans ces moments tragiques, les yeux rougis et le teint p\u00e2le, je la trouve belle\u00a0\u00bb Au c\u0153ur d&rsquo;un huis-clos vibrant, dans une langue \u00e9mouvante et sensible, Victoria Klem nous livre l&rsquo;amour absolu d&rsquo;une famille pour celui qui se meurt en l&rsquo;accompagnant jusqu&rsquo;\u00e0 sa fin.<\/p>\n<p>(Pr\u00e9sentation de l&rsquo;\u00e9diteur)<\/p>\n<p>KLEM V.<\/p>\n<p>Editions Sepia<\/p>\n<p>2016 \u2013 179p.-225gr-17\u20ac<\/p>\n<p>ISBN\u00a0: 979-10-334-0107-0<\/p>\n<p>Cote doc\u00a0: 9-20-KLE<\/p>\n<span class=\"et_bloom_bottom_trigger\"><\/span>","protected":false},"excerpt":{"rendered":"<p>Betty remarque \u00e0 peine la lumi\u00e8re de fin de vie qui nimbe la pi\u00e8ce o\u00f9 elle se trouve. Elle se tient avec moi sur le pas de la porte, vacillante, s&rsquo;impatientant de pouvoir enfin\u00a0 l&rsquo;approcher de pr\u00e8s et le toucher.<\/p>\n","protected":false},"featured_media":717,"comment_status":"open","ping_status":"closed","template":"","meta":{"_et_pb_use_builder":"","_et_pb_old_content":"","_et_gb_content_width":"","spay_email":""},"class_list":["post-718","product","type-product","status-publish","has-post-thumbnail","hentry","product_cat-livres","product_tag-accompagnement-du-mourant","product_tag-cancer","product_tag-ethique","product_tag-fin-de-vie","product_tag-mort","product_tag-religion","product_tag-respect","product_tag-roman"],"jetpack_sharing_enabled":true,"jetpack_likes_enabled":true,"_links":{"self":[{"href":"https:\/\/www.parthages.be\/eboutique\/wp-json\/wp\/v2\/product\/718","targetHints":{"allow":["GET"]}}],"collection":[{"href":"https:\/\/www.parthages.be\/eboutique\/wp-json\/wp\/v2\/product"}],"about":[{"href":"https:\/\/www.parthages.be\/eboutique\/wp-json\/wp\/v2\/types\/product"}],"replies":[{"embeddable":true,"href":"https:\/\/www.parthages.be\/eboutique\/wp-json\/wp\/v2\/comments?post=718"}],"wp:featuredmedia":[{"embeddable":true,"href":"https:\/\/www.parthages.be\/eboutique\/wp-json\/wp\/v2\/media\/717"}],"wp:attachment":[{"href":"https:\/\/www.parthages.be\/eboutique\/wp-json\/wp\/v2\/media?parent=718"}],"curies":[{"name":"wp","href":"https:\/\/api.w.org\/{rel}","templated":true}]}}