{"id":720,"date":"2017-03-21T08:23:12","date_gmt":"2017-03-21T07:23:12","guid":{"rendered":"https:\/\/www.parthages.be\/wordpress\/produit\/l-asperger-au-feminin-comment-favoriser-l-autonomie-des-femmes-atteintes-du-syndrome-d-asperger\/"},"modified":"2022-03-18T17:51:50","modified_gmt":"2022-03-18T16:51:50","slug":"l-asperger-au-feminin-comment-favoriser-l-autonomie-des-femmes-atteintes-du-syndrome-d-asperger","status":"publish","type":"product","link":"https:\/\/www.parthages.be\/eboutique\/produit\/l-asperger-au-feminin-comment-favoriser-l-autonomie-des-femmes-atteintes-du-syndrome-d-asperger\/","title":{"rendered":"L&rsquo;asperger au f\u00e9minin: Comment favoriser l&rsquo;autonomie des femmes atteintes du syndrome d&rsquo;Asperger"},"content":{"rendered":"<p>Le syndrome d&rsquo;Asperger est moins fr\u00e9quemment diagnostiqu\u00e9 chez les filles que chez les gar\u00e7ons, et m\u00eame une fois les sympt\u00f4mes identifi\u00e9s, il est g\u00e9n\u00e9ralement difficile de b\u00e9n\u00e9ficier d&rsquo;un soutien appropri\u00e9. Les strat\u00e9gies d&rsquo;adaptation d\u00e9ploy\u00e9es par les femmes atteintes du syndrome d&rsquo;Asperger quel que soit leur \u00e2ge masquent souvent les difficult\u00e9s, les d\u00e9ficits, les d\u00e9fis et l&rsquo;immense solitude auxquels elles se trouvent confront\u00e9es.<\/p>\n<p>Ce livre est essentiel pour les femmes de tous \u00e2ges ayant re\u00e7u le diagnostic du syndrome d&rsquo;Asperger mais aussi pour celles qui pensent en \u00eatre atteintes. En s&rsquo;aidant des t\u00e9moignages de femmes Asperger et des r\u00e9flexions de leur entourage, l&rsquo;auteur ne manque pas d&rsquo;identifier les combats r\u00e9currents et les domaines pour lesquels les Aspergirls ont besoin de soutien, d&rsquo;informations et de conseils.<\/p>\n<p>Rudy Simone \u00e9voque les diff\u00e9rents aspects de la vie personnelle et professionnelle, qu&rsquo;il s&rsquo;agisse des premiers souvenirs confus de reproches, de culpabilit\u00e9, de comp\u00e9tences particuli\u00e8res ou encore des relations amicales, des histoires d&rsquo;amour et du mariage. L&#8217;emploi, la carri\u00e8re, les rituels et routines sont autant de sujets abord\u00e9s dans l&rsquo;ouvrage, de m\u00eame que la d\u00e9pression, les effondrements \u00e9motionnels et le sentiment d&rsquo;\u00eatre incomprises des autres.\u00a0 Deux chapitres s&rsquo;adressent aux parents pour les aider \u00e0 mieux comprendre les d\u00e9fis associ\u00e9s au SA et \u00e0 y r\u00e9agir d&rsquo;une fa\u00e7on positive. Le livre propose aussi une liste des principaux traits des filles avec SA et les diff\u00e9rences entre les femmes et les hommes Asperger. (Pr\u00e9sentation de l&rsquo;\u00e9diteur)<\/p>\n<p>SIMONE R.<\/p>\n<p>De Boeck sup\u00e9rieur<\/p>\n<p>2013 \u2013 242p.-355gr<\/p>\n<p>ISBN\u00a0: 978-2-8041-7548-1<\/p>\n<p><strong><em>Uniquement \u00e0 la location<\/em><\/strong><\/p>\n<p>Cote doc\u00a0: 1-70-SIM-A<\/p>\n<span class=\"et_bloom_bottom_trigger\"><\/span>","protected":false},"excerpt":{"rendered":"<p>Le syndrome d&rsquo;Asperger est moins fr\u00e9quemment diagnostiqu\u00e9 chez les filles que chez les gar\u00e7ons, et m\u00eame une fois les sympt\u00f4mes identifi\u00e9s, il est g\u00e9n\u00e9ralement difficile de b\u00e9n\u00e9ficier d&rsquo;un soutien appropri\u00e9.<\/p>\n","protected":false},"featured_media":2462,"comment_status":"open","ping_status":"closed","template":"","meta":{"_et_pb_use_builder":"","_et_pb_old_content":"","_et_gb_content_width":"","spay_email":""},"class_list":["post-720","product","type-product","status-publish","has-post-thumbnail","hentry","product_cat-livres","product_tag-autisme","product_tag-autonomie","product_tag-communication-non-verbale","product_tag-evolution","product_tag-femme","product_tag-outil","product_tag-syndrome-dasperger","product_tag-technique-daide","product_tag-temoignage"],"jetpack_sharing_enabled":true,"jetpack_likes_enabled":true,"_links":{"self":[{"href":"https:\/\/www.parthages.be\/eboutique\/wp-json\/wp\/v2\/product\/720","targetHints":{"allow":["GET"]}}],"collection":[{"href":"https:\/\/www.parthages.be\/eboutique\/wp-json\/wp\/v2\/product"}],"about":[{"href":"https:\/\/www.parthages.be\/eboutique\/wp-json\/wp\/v2\/types\/product"}],"replies":[{"embeddable":true,"href":"https:\/\/www.parthages.be\/eboutique\/wp-json\/wp\/v2\/comments?post=720"}],"wp:featuredmedia":[{"embeddable":true,"href":"https:\/\/www.parthages.be\/eboutique\/wp-json\/wp\/v2\/media\/2462"}],"wp:attachment":[{"href":"https:\/\/www.parthages.be\/eboutique\/wp-json\/wp\/v2\/media?parent=720"}],"curies":[{"name":"wp","href":"https:\/\/api.w.org\/{rel}","templated":true}]}}

L&rsquo;asperger au féminin: Comment favoriser l&rsquo;autonomie des femmes atteintes du syndrome d&rsquo;Asperger

<p>Le syndrome d&rsquo;Asperger est moins fréquemment diagnostiqué chez les filles que chez les garçons, et même une fois les symptômes identifiés, il est généralement difficile de bénéficier d&rsquo;un soutien approprié. Les stratégies d&rsquo;adaptation déployées par les femmes atteintes du syndrome d&rsquo;Asperger quel que soit leur âge masquent souvent les difficultés, les déficits, les défis et l&rsquo;immense solitude auxquels elles se trouvent confrontées.</p>
<p>Ce livre est essentiel pour les femmes de tous âges ayant reçu le diagnostic du syndrome d&rsquo;Asperger mais aussi pour celles qui pensent en être atteintes. En s&rsquo;aidant des témoignages de femmes Asperger et des réflexions de leur entourage, l&rsquo;auteur ne manque pas d&rsquo;identifier les combats récurrents et les domaines pour lesquels les Aspergirls ont besoin de soutien, d&rsquo;informations et de conseils.</p>
<p>Rudy Simone évoque les différents aspects de la vie personnelle et professionnelle, qu&rsquo;il s&rsquo;agisse des premiers souvenirs confus de reproches, de culpabilité, de compétences particulières ou encore des relations amicales, des histoires d&rsquo;amour et du mariage. L&#8217;emploi, la carrière, les rituels et routines sont autant de sujets abordés dans l&rsquo;ouvrage, de même que la dépression, les effondrements émotionnels et le sentiment d&rsquo;être incomprises des autres.  Deux chapitres s&rsquo;adressent aux parents pour les aider à mieux comprendre les défis associés au SA et à y réagir d&rsquo;une façon positive. Le livre propose aussi une liste des principaux traits des filles avec SA et les différences entre les femmes et les hommes Asperger. (Présentation de l&rsquo;éditeur)</p>
<p>SIMONE R.</p>
<p>De Boeck supérieur</p>
<p>2013 – 242p.-355gr</p>
<p>ISBN : 978-2-8041-7548-1</p>
<p><strong><em>Uniquement à la location</em></strong></p>
<p>Cote doc : 1-70-SIM-A</p>
<span class="et_bloom_bottom_trigger"></span>

<p>Le syndrome d&rsquo;Asperger est moins fréquemment diagnostiqué chez les filles que chez les garçons, et même une fois les symptômes identifiés, il est généralement difficile de bénéficier d&rsquo;un soutien approprié.</p>
