{"id":732,"date":"2017-04-20T15:07:31","date_gmt":"2017-04-20T13:07:31","guid":{"rendered":"https:\/\/www.parthages.be\/wordpress\/produit\/la-condition-handicapee\/"},"modified":"2025-04-29T13:34:24","modified_gmt":"2025-04-29T11:34:24","slug":"la-condition-handicapee","status":"publish","type":"product","link":"https:\/\/www.parthages.be\/eboutique\/produit\/la-condition-handicapee\/","title":{"rendered":"La condition handicap\u00e9e"},"content":{"rendered":"<p>Depuis plus de 40 ans, Henri-Jacques Stiker est un observateur du monde du handicap. Dans ce recueil de textes, de conf\u00e9rences donn\u00e9es sur le sujet, il esquisse une r\u00e9flexion globale sur la condition handicap\u00e9e.<\/p>\n<p>En choisissant le terme de \u00a0\u00bb condition \u00ab\u00a0, l&rsquo;auteur s&rsquo;\u00e9loigne d&rsquo;une d\u00e9finition du handicap ou d&rsquo;une approche cat\u00e9gorielle. La condition handicap\u00e9e est une mani\u00e8re d&rsquo;\u00eatre-au-monde, d&rsquo;\u00eatre avec les autres, de se situer et d&rsquo;entretenir des liens, comme on \u00e9voque la condition f\u00e9minine ou la condition ouvri\u00e8re.<\/p>\n<p>L&rsquo;auteur pr\u00e9sente un certain nombre de formes que prend le handicap durant la R\u00e9volution fran\u00e7aise, dans les classifications du xixe si\u00e8cle ou dans celles r\u00e9centes de l&rsquo;Organisation mondiale de la sant\u00e9, dans les textes l\u00e9gislatifs ou r\u00e9glementaires, dans les \u00e9tudes sur les outsiders.<\/p>\n<p>\u00c0 travers ses analyses critiques, il d\u00e9veloppe une r\u00e9flexion nouvelle sur la place du handicap. Toujours ambivalente et source de malaise social, la condition handicap\u00e9e peut avoir aujourd&rsquo;hui un avenir in\u00e9dit en contribuant pleinement aux d\u00e9bats de soci\u00e9t\u00e9 afin d&rsquo;y apporter la richesse de la parole et de l&rsquo;exp\u00e9rience des personnes concern\u00e9es. (Pr\u00e9sentation de l&rsquo;\u00e9diteur)<\/p>\n<p>STIKER H.J.<\/p>\n<p>Editions PUG<\/p>\n<p>2017 &#8211; 152 p.-292gr-19\u20ac<\/p>\n<p>ISBN\u00a0: 978-2-7061-2645-1<\/p>\n<p>Cote doc\u00a0: 7-30-STI-C<\/p>\n<span class=\"et_bloom_bottom_trigger\"><\/span>","protected":false},"excerpt":{"rendered":"<p>Depuis plus de 40 ans, Henri-Jacques Stiker est un observateur du monde du handicap.<\/p>\n","protected":false},"featured_media":731,"comment_status":"open","ping_status":"closed","template":"","meta":{"_et_pb_use_builder":"","_et_pb_old_content":"","_et_gb_content_width":"","spay_email":""},"class_list":["post-732","product","type-product","status-publish","has-post-thumbnail","hentry","product_cat-livres","product_tag-analyse-critique","product_tag-condition-de-vie","product_tag-historique","product_tag-personne-handicapee","product_tag-reflexion","product_tag-regard"],"jetpack_sharing_enabled":true,"jetpack_likes_enabled":true,"_links":{"self":[{"href":"https:\/\/www.parthages.be\/eboutique\/wp-json\/wp\/v2\/product\/732","targetHints":{"allow":["GET"]}}],"collection":[{"href":"https:\/\/www.parthages.be\/eboutique\/wp-json\/wp\/v2\/product"}],"about":[{"href":"https:\/\/www.parthages.be\/eboutique\/wp-json\/wp\/v2\/types\/product"}],"replies":[{"embeddable":true,"href":"https:\/\/www.parthages.be\/eboutique\/wp-json\/wp\/v2\/comments?post=732"}],"wp:featuredmedia":[{"embeddable":true,"href":"https:\/\/www.parthages.be\/eboutique\/wp-json\/wp\/v2\/media\/731"}],"wp:attachment":[{"href":"https:\/\/www.parthages.be\/eboutique\/wp-json\/wp\/v2\/media?parent=732"}],"curies":[{"name":"wp","href":"https:\/\/api.w.org\/{rel}","templated":true}]}}

La condition handicapée

<p>Depuis plus de 40 ans, Henri-Jacques Stiker est un observateur du monde du handicap. Dans ce recueil de textes, de conférences données sur le sujet, il esquisse une réflexion globale sur la condition handicapée.</p>
<p>En choisissant le terme de  » condition « , l&rsquo;auteur s&rsquo;éloigne d&rsquo;une définition du handicap ou d&rsquo;une approche catégorielle. La condition handicapée est une manière d&rsquo;être-au-monde, d&rsquo;être avec les autres, de se situer et d&rsquo;entretenir des liens, comme on évoque la condition féminine ou la condition ouvrière.</p>
<p>L&rsquo;auteur présente un certain nombre de formes que prend le handicap durant la Révolution française, dans les classifications du xixe siècle ou dans celles récentes de l&rsquo;Organisation mondiale de la santé, dans les textes législatifs ou réglementaires, dans les études sur les outsiders.</p>
<p>À travers ses analyses critiques, il développe une réflexion nouvelle sur la place du handicap. Toujours ambivalente et source de malaise social, la condition handicapée peut avoir aujourd&rsquo;hui un avenir inédit en contribuant pleinement aux débats de société afin d&rsquo;y apporter la richesse de la parole et de l&rsquo;expérience des personnes concernées. (Présentation de l&rsquo;éditeur)</p>
<p>STIKER H.J.</p>
<p>Editions PUG</p>
<p>2017 &#8211; 152 p.-292gr-19€</p>
<p>ISBN : 978-2-7061-2645-1</p>
<p>Cote doc : 7-30-STI-C</p>
<span class="et_bloom_bottom_trigger"></span>
