{"id":734,"date":"2017-04-20T15:08:30","date_gmt":"2017-04-20T13:08:30","guid":{"rendered":"https:\/\/www.parthages.be\/wordpress\/produit\/traiter-l-autisme-au-dela-des-genes-et-de-la-psychanalyse\/"},"modified":"2022-07-26T08:08:14","modified_gmt":"2022-07-26T06:08:14","slug":"traiter-l-autisme-au-dela-des-genes-et-de-la-psychanalyse","status":"publish","type":"product","link":"https:\/\/www.parthages.be\/eboutique\/produit\/traiter-l-autisme-au-dela-des-genes-et-de-la-psychanalyse\/","title":{"rendered":"Traiter l&rsquo;autisme: au-del\u00e0 des g\u00e8nes et de la psychanalyse"},"content":{"rendered":"<p>Malgr\u00e9 les derni\u00e8res avanc\u00e9es scientifiques, les troubles du spectre autistique n\u2019ont pas encore trouv\u00e9 de traitement. Les approches purement psychoth\u00e9rapeutiques, psychiatriques ou g\u00e9n\u00e9tiques m\u00e8nent \u00e0 une impasse parce qu\u2019elles ignorent deux d\u00e9clencheurs des TSA : les d\u00e9viations neuronales dans les premiers mois de l\u2019enfance, et les diff\u00e9rentes \u00e9tapes de la maturation c\u00e9r\u00e9brale.<\/p>\n<p>Les auteurs de cet ouvrage n\u2019excluent aucun facteur de risque de l\u2019autisme et livrent les r\u00e9sultats prometteurs de leurs recherches. Ils proposent, en soutien aux prises en charge habituelles, l\u2019utilisation innovante d\u2019un diur\u00e9tique normalement utilis\u00e9 pour traiter l\u2019hypertension et l\u2019\u0153d\u00e8me c\u00e9r\u00e9bral.<\/p>\n<p>Ils ne pr\u00e9tendent pas gu\u00e9rir l\u2019autisme, mais plaident pour un d\u00e9pistage et une prise en charge pr\u00e9coces associ\u00e9s \u00e0 un traitement syst\u00e9mique sans effets secondaires important (Pr\u00e9sentation de l&rsquo;\u00e9diteur)<\/p>\n<p>YEHEZKEL B-A.- LEMONNIER E.- HADIJKHANI N.<\/p>\n<p>Editions De Boeck\/ SOLAL<\/p>\n<p>2015 &#8211; 82 p.-168gr<\/p>\n<p>ISBN\u00a0: 978-2-35327-305-8<\/p>\n<p>Cote doc: 1-70-BEN-T<\/p>\n<p><strong><em>Uniquement \u00e0 la location<\/em><\/strong><\/p>\n<span class=\"et_bloom_bottom_trigger\"><\/span>","protected":false},"excerpt":{"rendered":"<p>Malgr\u00e9 les derni\u00e8res avanc\u00e9es scientifiques, les troubles du spectre autistique n\u2019ont pas encore trouv\u00e9 de traitement.<\/p>\n","protected":false},"featured_media":733,"comment_status":"open","ping_status":"closed","template":"","meta":{"_et_pb_use_builder":"","_et_pb_old_content":"","_et_gb_content_width":"","spay_email":""},"class_list":["post-734","product","type-product","status-publish","has-post-thumbnail","hentry","product_cat-livres","product_tag-approche-therapeutique","product_tag-autisme","product_tag-diagnostic-precoce","product_tag-enfant","product_tag-personne-handicapee","product_tag-recherche-clinique","product_tag-test"],"jetpack_sharing_enabled":true,"jetpack_likes_enabled":true,"_links":{"self":[{"href":"https:\/\/www.parthages.be\/eboutique\/wp-json\/wp\/v2\/product\/734","targetHints":{"allow":["GET"]}}],"collection":[{"href":"https:\/\/www.parthages.be\/eboutique\/wp-json\/wp\/v2\/product"}],"about":[{"href":"https:\/\/www.parthages.be\/eboutique\/wp-json\/wp\/v2\/types\/product"}],"replies":[{"embeddable":true,"href":"https:\/\/www.parthages.be\/eboutique\/wp-json\/wp\/v2\/comments?post=734"}],"wp:featuredmedia":[{"embeddable":true,"href":"https:\/\/www.parthages.be\/eboutique\/wp-json\/wp\/v2\/media\/733"}],"wp:attachment":[{"href":"https:\/\/www.parthages.be\/eboutique\/wp-json\/wp\/v2\/media?parent=734"}],"curies":[{"name":"wp","href":"https:\/\/api.w.org\/{rel}","templated":true}]}}