{"id":74,"date":"2012-09-24T11:37:53","date_gmt":"2012-09-24T09:37:53","guid":{"rendered":"https:\/\/www.parthages.be\/wordpress\/produit\/handicaps-et-innovations\/"},"modified":"2021-09-17T09:10:51","modified_gmt":"2021-09-17T07:10:51","slug":"handicaps-et-innovations","status":"publish","type":"product","link":"https:\/\/www.parthages.be\/eboutique\/produit\/handicaps-et-innovations\/","title":{"rendered":"Handicaps et innovations"},"content":{"rendered":"<p>La politique de notre pays dans le domaine du handicap est entr\u00e9e, avec le XXIe si\u00e8cle, dans une nouvelle \u00e8re, bas\u00e9e sur la solidarit\u00e9, l\u2019\u00e9quit\u00e9 et l\u2019autonomie. Mais si la voie est ouverte au niveau des principes qui globalement font consensus, l\u2019essentiel du chemin reste \u00e0 parcourir au niveau des pratiques. Le handicap touche \u2013 \u00e0 un instant donn\u00e9 \u2013 environ 10 % de la population europ\u00e9enne (cette proportion est beaucoup plus importante sur la vie enti\u00e8re). Compte tenu de son impact sur la vie des personnes et celle de leurs proches, il est une dimension incontournable et multiforme de notre vie \u00e0 tous.<\/p>\n<p>La bientraitance exige avant tout la comp\u00e9tence, et face \u00e0 l\u2019immense diversit\u00e9 des situations de handicap, et \u00e0 l\u2019\u00e9volution rapide des techniques et des connaissances scientifiques et m\u00e9dicales \u00e0 notre \u00e9poque, cette comp\u00e9tence exige un effort continu de formation appuy\u00e9e sur la recherche scientifique internationale, et une lib\u00e9ration des conditions de cr\u00e9ativit\u00e9 et d\u2019innovation. Il est largement temps de resserrer les courroies de transmission entre recherches et pratiques. La cr\u00e9ativit\u00e9 et l\u2019innovation sont en effet les seules r\u00e9ponses possibles face \u00e0 de tels d\u00e9fis. (Pr\u00e9sentation de l\u2019\u00e9diteur)<\/p>\n<p>CHASTENET D.- FLAHAUT A.<\/p>\n<p>Ehesp<\/p>\n<p>2010-288p-25\u20ac<\/p>\n<p>465gr<\/p>\n<p>ISBN\u00a0: 978-2-8109-0041-1<\/p>\n<p>Cote doc\u00a0: 1-70-BOU-H<\/p>\n<span class=\"et_bloom_bottom_trigger\"><\/span>","protected":false},"excerpt":{"rendered":"<p>La politique de notre pays dans le domaine du handicap est entr\u00e9e, avec le XXIe si\u00e8cle, dans une nouvelle \u00e8re, bas\u00e9e sur la solidarit\u00e9, l\u2019\u00e9quit\u00e9 et l\u2019autonomie.<\/p>\n","protected":false},"featured_media":1839,"comment_status":"open","ping_status":"closed","template":"","meta":{"_et_pb_use_builder":"","_et_pb_old_content":"","_et_gb_content_width":"","spay_email":""},"class_list":["post-74","product","type-product","status-publish","has-post-thumbnail","hentry","product_cat-livres","product_tag-accompagnement","product_tag-autonomie","product_tag-droit","product_tag-integration-sociale","product_tag-outil","product_tag-personne-handicapee","product_tag-politique","product_tag-readaptation"],"jetpack_sharing_enabled":true,"jetpack_likes_enabled":true,"_links":{"self":[{"href":"https:\/\/www.parthages.be\/eboutique\/wp-json\/wp\/v2\/product\/74","targetHints":{"allow":["GET"]}}],"collection":[{"href":"https:\/\/www.parthages.be\/eboutique\/wp-json\/wp\/v2\/product"}],"about":[{"href":"https:\/\/www.parthages.be\/eboutique\/wp-json\/wp\/v2\/types\/product"}],"replies":[{"embeddable":true,"href":"https:\/\/www.parthages.be\/eboutique\/wp-json\/wp\/v2\/comments?post=74"}],"wp:featuredmedia":[{"embeddable":true,"href":"https:\/\/www.parthages.be\/eboutique\/wp-json\/wp\/v2\/media\/1839"}],"wp:attachment":[{"href":"https:\/\/www.parthages.be\/eboutique\/wp-json\/wp\/v2\/media?parent=74"}],"curies":[{"name":"wp","href":"https:\/\/api.w.org\/{rel}","templated":true}]}}

<p>La politique de notre pays dans le domaine du handicap est entrée, avec le XXIe siècle, dans une nouvelle ère, basée sur la solidarité, l’équité et l’autonomie. Mais si la voie est ouverte au niveau des principes qui globalement font consensus, l’essentiel du chemin reste à parcourir au niveau des pratiques. Le handicap touche – à un instant donné – environ 10 % de la population européenne (cette proportion est beaucoup plus importante sur la vie entière). Compte tenu de son impact sur la vie des personnes et celle de leurs proches, il est une dimension incontournable et multiforme de notre vie à tous.</p>
<p>La bientraitance exige avant tout la compétence, et face à l’immense diversité des situations de handicap, et à l’évolution rapide des techniques et des connaissances scientifiques et médicales à notre époque, cette compétence exige un effort continu de formation appuyée sur la recherche scientifique internationale, et une libération des conditions de créativité et d’innovation. Il est largement temps de resserrer les courroies de transmission entre recherches et pratiques. La créativité et l’innovation sont en effet les seules réponses possibles face à de tels défis. (Présentation de l’éditeur)</p>
<p>CHASTENET D.- FLAHAUT A.</p>
<p>Ehesp</p>
<p>2010-288p-25€</p>
<p>465gr</p>
<p>ISBN : 978-2-8109-0041-1</p>
<p>Cote doc : 1-70-BOU-H</p>
<span class="et_bloom_bottom_trigger"></span>

<p>La politique de notre pays dans le domaine du handicap est entrée, avec le XXIe siècle, dans une nouvelle ère, basée sur la solidarité, l’équité et l’autonomie.</p>
