{"id":744,"date":"2017-07-13T10:36:21","date_gmt":"2017-07-13T08:36:21","guid":{"rendered":"https:\/\/www.parthages.be\/wordpress\/produit\/la-pre-therapie-le-travail-de-contact-dans-l-approche-centree-sur-la-personne\/"},"modified":"2021-08-03T11:30:57","modified_gmt":"2021-08-03T09:30:57","slug":"la-pre-therapie-le-travail-de-contact-dans-l-approche-centree-sur-la-personne","status":"publish","type":"product","link":"https:\/\/www.parthages.be\/eboutique\/produit\/la-pre-therapie-le-travail-de-contact-dans-l-approche-centree-sur-la-personne\/","title":{"rendered":"La Pr\u00e9-th\u00e9rapie : Le travail de contact dans l&rsquo;Approche centr\u00e9e sur la personne"},"content":{"rendered":"<p>La pr\u00e9-th\u00e9rapie ouvre un acc\u00e8s th\u00e9rapeutique aux personnes consid\u00e9r\u00e9es jusqu&rsquo;\u00e0 pr\u00e9sent comme \u00ab inaccessibles \u00e0 la th\u00e9rapie \u00bb : patients chroniques, hospitalis\u00e9s depuis de longues ann\u00e9es en psychiatrie, personnes atteintes conjointement d&rsquo;un handicap mental s\u00e9v\u00e8re, de maladies psychiques, d\u2019autisme ainsi que personnes souffrant de toutes sortes d&rsquo;\u00e9pisodes de pertes de contact (psychose, dissociation&#8230;). Elle s&rsquo;appuie sur les fondements de la psychoth\u00e9rapie centr\u00e9e sur le client de Carl Rogers.<\/p>\n<p>Cet ouvrage \u00e9voque tant les fondements th\u00e9oriques que les aspects pratiques de la pr\u00e9-th\u00e9rapie, et l&rsquo;illustre \u00e0 l&rsquo;aide de pr\u00e9sentations de cas.<\/p>\n<p>Il d\u00e9crit la vie quotidienne dans une clinique psychiatrique situ\u00e9e \u00e0 Gand, o\u00f9 la pr\u00e9-th\u00e9rapie est \u00e9largie pour prendre la forme d&rsquo;une th\u00e9rapie par le milieu, employ\u00e9e dans tous les domaines de l&rsquo;accompagnement th\u00e9rapeutique. D&rsquo;autres champs d&rsquo;application de la th\u00e9rapie dans diff\u00e9rents pays europ\u00e9ens sont \u00e9galement pr\u00e9sent\u00e9s.<\/p>\n<p>Cet ouvrage est destin\u00e9 aux psychologues, psychiatres et \u00e0 tous les professionnels intervenant aupr\u00e8s de tels patients. (Pr\u00e9sentation de l&rsquo;\u00e9diteur))<\/p>\n<p>PROUTY G.- VAN WERDE D.- P\u00d6RTNER M.<\/p>\n<p>Chronique sociale<\/p>\n<p>2017 &#8211; 240 p.-335gr-17\u20ac<\/p>\n<p>ISBN\u00a0: 978-2-36717-341-2<\/p>\n<p>Cote doc\u00a0: 9-10-PRO-P<\/p>\n<span class=\"et_bloom_bottom_trigger\"><\/span>","protected":false},"excerpt":{"rendered":"<p>La pr\u00e9-th\u00e9rapie ouvre un acc\u00e8s th\u00e9rapeutique aux personnes consid\u00e9r\u00e9es jusqu&rsquo;\u00e0 pr\u00e9sent comme \u00ab inaccessibles \u00e0 la th\u00e9rapie \u00bb<\/p>\n","protected":false},"featured_media":743,"comment_status":"open","ping_status":"closed","template":"","meta":{"_et_pb_use_builder":"","_et_pb_old_content":"","_et_gb_content_width":"","spay_email":""},"class_list":["post-744","product","type-product","status-publish","has-post-thumbnail","hentry","product_cat-livres","product_tag-analyse-critique","product_tag-condition-de-vie","product_tag-historique","product_tag-personne-handicapee","product_tag-reflexion","product_tag-regard"],"jetpack_sharing_enabled":true,"jetpack_likes_enabled":true,"_links":{"self":[{"href":"https:\/\/www.parthages.be\/eboutique\/wp-json\/wp\/v2\/product\/744","targetHints":{"allow":["GET"]}}],"collection":[{"href":"https:\/\/www.parthages.be\/eboutique\/wp-json\/wp\/v2\/product"}],"about":[{"href":"https:\/\/www.parthages.be\/eboutique\/wp-json\/wp\/v2\/types\/product"}],"replies":[{"embeddable":true,"href":"https:\/\/www.parthages.be\/eboutique\/wp-json\/wp\/v2\/comments?post=744"}],"wp:featuredmedia":[{"embeddable":true,"href":"https:\/\/www.parthages.be\/eboutique\/wp-json\/wp\/v2\/media\/743"}],"wp:attachment":[{"href":"https:\/\/www.parthages.be\/eboutique\/wp-json\/wp\/v2\/media?parent=744"}],"curies":[{"name":"wp","href":"https:\/\/api.w.org\/{rel}","templated":true}]}}

La Pré-thérapie : Le travail de contact dans l&rsquo;Approche centrée sur la personne

<p>La pré-thérapie ouvre un accès thérapeutique aux personnes considérées jusqu&rsquo;à présent comme « inaccessibles à la thérapie » : patients chroniques, hospitalisés depuis de longues années en psychiatrie, personnes atteintes conjointement d&rsquo;un handicap mental sévère, de maladies psychiques, d’autisme ainsi que personnes souffrant de toutes sortes d&rsquo;épisodes de pertes de contact (psychose, dissociation&#8230;). Elle s&rsquo;appuie sur les fondements de la psychothérapie centrée sur le client de Carl Rogers.</p>
<p>Cet ouvrage évoque tant les fondements théoriques que les aspects pratiques de la pré-thérapie, et l&rsquo;illustre à l&rsquo;aide de présentations de cas.</p>
<p>Il décrit la vie quotidienne dans une clinique psychiatrique située à Gand, où la pré-thérapie est élargie pour prendre la forme d&rsquo;une thérapie par le milieu, employée dans tous les domaines de l&rsquo;accompagnement thérapeutique. D&rsquo;autres champs d&rsquo;application de la thérapie dans différents pays européens sont également présentés.</p>
<p>Cet ouvrage est destiné aux psychologues, psychiatres et à tous les professionnels intervenant auprès de tels patients. (Présentation de l&rsquo;éditeur))</p>
<p>PROUTY G.- VAN WERDE D.- PÖRTNER M.</p>
<p>Chronique sociale</p>
<p>2017 &#8211; 240 p.-335gr-17€</p>
<p>ISBN : 978-2-36717-341-2</p>
<p>Cote doc : 9-10-PRO-P</p>
<span class="et_bloom_bottom_trigger"></span>

<p>La pré-thérapie ouvre un accès thérapeutique aux personnes considérées jusqu&rsquo;à présent comme « inaccessibles à la thérapie »</p>
