{"id":746,"date":"2017-07-13T10:37:39","date_gmt":"2017-07-13T08:37:39","guid":{"rendered":"https:\/\/www.parthages.be\/wordpress\/produit\/100-idees-pour-accompagner-les-enfants-deficients-intellectuels\/"},"modified":"2022-04-15T09:20:59","modified_gmt":"2022-04-15T07:20:59","slug":"100-idees-pour-accompagner-les-enfants-deficients-intellectuels","status":"publish","type":"product","link":"https:\/\/www.parthages.be\/eboutique\/produit\/100-idees-pour-accompagner-les-enfants-deficients-intellectuels\/","title":{"rendered":"100 id\u00e9es pour accompagner les enfants d\u00e9ficients intellectuels"},"content":{"rendered":"<p>700 000 personnes pr\u00e9sentent aujourd\u2019hui en France des troubles de l\u2019efficience intellectuelle. On estime que cette pathologie touche de 1 \u00e0 3 % des enfants de moins de 5 ans, soit entre 6 000 et 18 000 nouveaux cas par an.<\/p>\n<p>Comment tout mettre en \u0153uvre pour favoriser le d\u00e9veloppement des enfants d\u00e9ficients intellectuels et, \u00e0 l\u2019\u00e2ge adulte, leur permettre de s\u2019ins\u00e9rer dans la vie sociale ?<\/p>\n<p>La loi du 11 f\u00e9vrier 2005 pour l\u2019\u00e9galit\u00e9 des droits et des chances, la participation et la citoyennet\u00e9 des personnes handicap\u00e9es a pos\u00e9 deux nouveaux principes :<\/p>\n<p>L\u2019accessibilit\u00e9 et la compensation.<\/p>\n<p>Destin\u00e9 aux parents, aux enseignants et \u00e0 tous ceux qui accompagnent l\u2019enfant handicap\u00e9, ce livre propose des actions et attitudes tant \u00e9ducatives que p\u00e9dagogiques concr\u00e8tes pour l\u2019aider \u00e0 d\u00e9velopper ses comp\u00e9tences et son autonomie.<\/p>\n<p>\u2022 100 id\u00e9es pour changer de regard sur le handicap mental et les personnes d\u00e9ficientes intellectuelles.<\/p>\n<p>\u2022 100 id\u00e9es pour accompagner l\u2019enfant et l\u2019adolescent pr\u00e9sentant des troubles de l\u2019efficience intellectuelle jusqu\u2019\u00e0 l\u2019\u00e2ge adulte.<\/p>\n<p>\u2022 100 id\u00e9es pour r\u00e9ussir la scolarisation de ces enfants et d\u00e9velopper au maximum leurs comp\u00e9tences.<\/p>\n<p>\u2022 100 id\u00e9es pour d\u00e9velopper la personnalit\u00e9 et l\u2019autonomie des enfants et adolescents d\u00e9ficients intellectuels.<\/p>\n<p>(Pr\u00e9sentation de l&rsquo;\u00e9diteur)<\/p>\n<p>KLINGER-DELARGE O.<\/p>\n<p>Tom Pousse<\/p>\n<p>2013 -192 p.-212gr-14.50\u20ac<\/p>\n<p>ISBN\u00a0: 978-2-35345-110-4<\/p>\n<p>Cote doc\u00a0: 2-40-KLI-I<\/p>\n<span class=\"et_bloom_bottom_trigger\"><\/span>","protected":false},"excerpt":{"rendered":"<p>700 000 personnes pr\u00e9sentent aujourd\u2019hui en France des troubles de l\u2019efficience intellectuelle.<\/p>\n","protected":false},"featured_media":745,"comment_status":"open","ping_status":"closed","template":"","meta":{"_et_pb_use_builder":"","_et_pb_old_content":"","_et_gb_content_width":"","spay_email":""},"class_list":["post-746","product","type-product","status-publish","has-post-thumbnail","hentry","product_cat-livres","product_tag-accompagnement","product_tag-adolescence","product_tag-autonomie","product_tag-competence","product_tag-deficience-intellectuelle","product_tag-enfant-handicape","product_tag-scolarisation"],"jetpack_sharing_enabled":true,"jetpack_likes_enabled":true,"_links":{"self":[{"href":"https:\/\/www.parthages.be\/eboutique\/wp-json\/wp\/v2\/product\/746","targetHints":{"allow":["GET"]}}],"collection":[{"href":"https:\/\/www.parthages.be\/eboutique\/wp-json\/wp\/v2\/product"}],"about":[{"href":"https:\/\/www.parthages.be\/eboutique\/wp-json\/wp\/v2\/types\/product"}],"replies":[{"embeddable":true,"href":"https:\/\/www.parthages.be\/eboutique\/wp-json\/wp\/v2\/comments?post=746"}],"wp:featuredmedia":[{"embeddable":true,"href":"https:\/\/www.parthages.be\/eboutique\/wp-json\/wp\/v2\/media\/745"}],"wp:attachment":[{"href":"https:\/\/www.parthages.be\/eboutique\/wp-json\/wp\/v2\/media?parent=746"}],"curies":[{"name":"wp","href":"https:\/\/api.w.org\/{rel}","templated":true}]}}

100 idées pour accompagner les enfants déficients intellectuels

<p>700 000 personnes présentent aujourd’hui en France des troubles de l’efficience intellectuelle. On estime que cette pathologie touche de 1 à 3 % des enfants de moins de 5 ans, soit entre 6 000 et 18 000 nouveaux cas par an.</p>
<p>Comment tout mettre en œuvre pour favoriser le développement des enfants déficients intellectuels et, à l’âge adulte, leur permettre de s’insérer dans la vie sociale ?</p>
<p>La loi du 11 février 2005 pour l’égalité des droits et des chances, la participation et la citoyenneté des personnes handicapées a posé deux nouveaux principes :</p>
<p>L’accessibilité et la compensation.</p>
<p>Destiné aux parents, aux enseignants et à tous ceux qui accompagnent l’enfant handicapé, ce livre propose des actions et attitudes tant éducatives que pédagogiques concrètes pour l’aider à développer ses compétences et son autonomie.</p>
<p>• 100 idées pour changer de regard sur le handicap mental et les personnes déficientes intellectuelles.</p>
<p>• 100 idées pour accompagner l’enfant et l’adolescent présentant des troubles de l’efficience intellectuelle jusqu’à l’âge adulte.</p>
<p>• 100 idées pour réussir la scolarisation de ces enfants et développer au maximum leurs compétences.</p>
<p>• 100 idées pour développer la personnalité et l’autonomie des enfants et adolescents déficients intellectuels.</p>
<p>(Présentation de l&rsquo;éditeur)</p>
<p>KLINGER-DELARGE O.</p>
<p>Tom Pousse</p>
<p>2013 -192 p.-212gr-14.50€</p>
<p>ISBN : 978-2-35345-110-4</p>
<p>Cote doc : 2-40-KLI-I</p>
<span class="et_bloom_bottom_trigger"></span>

<p>700 000 personnes présentent aujourd’hui en France des troubles de l’efficience intellectuelle.</p>
