{"id":758,"date":"2017-08-31T11:11:17","date_gmt":"2017-08-31T09:11:17","guid":{"rendered":"https:\/\/www.parthages.be\/wordpress\/produit\/pratiques-du-soin-et-maladies-chroniques-graves-approche-systemique-et-resilience\/"},"modified":"2021-08-03T11:21:27","modified_gmt":"2021-08-03T09:21:27","slug":"pratiques-du-soin-et-maladies-chroniques-graves-approche-systemique-et-resilience","status":"publish","type":"product","link":"https:\/\/www.parthages.be\/eboutique\/produit\/pratiques-du-soin-et-maladies-chroniques-graves-approche-systemique-et-resilience\/","title":{"rendered":"Pratiques du soin et maladies chroniques graves -approche syst\u00e9mique et r\u00e9silience"},"content":{"rendered":"<p>Comment concilier technicit\u00e9 des soins et prise en consid\u00e9ration de l\u2019individu et de ses proches ?<\/p>\n<p>Comment aborder la mort en respectant le malade et ses croyances ? Sur qui prendre appui dans cette d\u00e9marche ? Autant de questions que sont amen\u00e9s \u00e0 se poser les professionnels du soin et auxquelles les auteurs de ce livre tentent d\u2019apporter des r\u00e9ponses.<\/p>\n<p>Tout en tenant compte des ressentis du soignant, cet ouvrage r\u00e9investit le \u00ab prendre soin \u00bb d\u2019une dimension humaine, qui concerne \u00e0 la fois le malade et son entourage. Cette d\u00e9marche syst\u00e9mique, multidisciplinaire et collaborative participe \u00e0 la r\u00e9silience chez le patient et le soignant tout \u00e0 la fois. Illustr\u00e9 par de nombreux \u00a0exemples cliniques, ce livre permet d\u2019aborder dans leur ensemble les questions de souffrance, de perspectives d\u2019avenir et d\u2019impact sur les proches, notamment dans le cas de handicaps s\u00e9v\u00e8res, de s\u00e9jours en r\u00e9animation, de maladie touchant les enfants. Les r\u00e9flexions d\u00e9velopp\u00e9es ici concernent tous les professionnels du soin, qu\u2019ils soient infirmiers, m\u00e9decins ou psychologues : la lecture enrichira tant leur pratique individuelle que le travail en \u00e9quipe.<\/p>\n<p>Une approche multidisciplinaire<\/p>\n<p>8 cas cliniques pour mieux aborder la souffrance<\/p>\n<p>Un regard humain sur le travail des soignants (Pr\u00e9sentation de l&rsquo;\u00e9diteur)<\/p>\n<p>DELAGE M.- LEJEUNE A.- DELAHAYE A.<\/p>\n<p>Editions De Boeck SUPERIEUR<\/p>\n<p>2017 &#8211; 334 p.-533gr-32\u20ac<\/p>\n<p>ISBN\u00a0: 978-2-8073-0710-0<\/p>\n<p>Cote doc\u00a0: 9-20-DEL-P<\/p>\n<span class=\"et_bloom_bottom_trigger\"><\/span>","protected":false},"excerpt":{"rendered":"<p>Comment concilier technicit\u00e9 des soins et prise en consid\u00e9ration de l\u2019individu et de ses proches ?<\/p>\n","protected":false},"featured_media":757,"comment_status":"open","ping_status":"closed","template":"","meta":{"_et_pb_use_builder":"","_et_pb_old_content":"","_et_gb_content_width":"","spay_email":""},"class_list":["post-758","product","type-product","status-publish","has-post-thumbnail","hentry","product_cat-livres","product_tag-adulte","product_tag-approche-systemique","product_tag-cancer","product_tag-empathie","product_tag-enfant","product_tag-maladie-chronique","product_tag-mort","product_tag-personne-handicapee","product_tag-relation-soignant-soigne","product_tag-resilience","product_tag-soins"],"jetpack_sharing_enabled":true,"jetpack_likes_enabled":true,"_links":{"self":[{"href":"https:\/\/www.parthages.be\/eboutique\/wp-json\/wp\/v2\/product\/758","targetHints":{"allow":["GET"]}}],"collection":[{"href":"https:\/\/www.parthages.be\/eboutique\/wp-json\/wp\/v2\/product"}],"about":[{"href":"https:\/\/www.parthages.be\/eboutique\/wp-json\/wp\/v2\/types\/product"}],"replies":[{"embeddable":true,"href":"https:\/\/www.parthages.be\/eboutique\/wp-json\/wp\/v2\/comments?post=758"}],"wp:featuredmedia":[{"embeddable":true,"href":"https:\/\/www.parthages.be\/eboutique\/wp-json\/wp\/v2\/media\/757"}],"wp:attachment":[{"href":"https:\/\/www.parthages.be\/eboutique\/wp-json\/wp\/v2\/media?parent=758"}],"curies":[{"name":"wp","href":"https:\/\/api.w.org\/{rel}","templated":true}]}}