{"id":768,"date":"2017-12-11T13:05:22","date_gmt":"2017-12-11T12:05:22","guid":{"rendered":"https:\/\/www.parthages.be\/wordpress\/produit\/les-mots-d-enzo\/"},"modified":"2022-02-18T10:38:29","modified_gmt":"2022-02-18T09:38:29","slug":"les-mots-d-enzo","status":"publish","type":"product","link":"https:\/\/www.parthages.be\/eboutique\/produit\/les-mots-d-enzo\/","title":{"rendered":"Les mots d Enzo"},"content":{"rendered":"<p>C\u2019est l\u2019histoire d\u2019un p\u2019tit gars qui a de gros probl\u00e8mes avec les mots&#8230; Pourtant, il ne m\u00e9nage pas sa peine pour apprendre \u00e0 lire et \u00e0 \u00e9crire. Si seulement sa ma\u00eetresse et ses parents savaient le temps qu\u2019il y passe !<\/p>\n<p>Mais pendant la dict\u00e9e, Enzo m\u00e9lange tout, Enzo ne sait plus rien. Il a beau d\u00e9cortiquer les mots dans tous les sens, il confond toujours boulet et poulet. Sa rencontre avec l\u2019orthophoniste l\u2019aidera-t-elle enfin \u00e0 se r\u00e9concilier avec les mots ?<\/p>\n<p>Lorsque l\u2019on est enfant, il n\u2019est pas toujours facile d\u2019apprendre \u00e0 lire\u2026 un domaine o\u00f9 la pression vient de tous les c\u00f4t\u00e9s ! Myl\u00e8ne Murot d\u00e9peint minutieusement les difficult\u00e9s d\u2019apprentissage d\u2019un gar\u00e7on plein de bonne volont\u00e9. Une histoire mise en images avec tendresse par Carla Cartagena.<\/p>\n<p>Un album qui rappelle que tout bon apprentissage passe par la bienveillance.<\/p>\n<p>(Pr\u00e9sentation de l&rsquo;\u00e9diteur)<\/p>\n<p>MUROT\u00a0 M. &#8211; CARTAGENA C.<\/p>\n<p>EDITIONS UTOPIQUE<\/p>\n<p>2017 \u2013 32p \u2013 15,50\u20ac<\/p>\n<p>500gr<\/p>\n<p>ISBN\u00a0: 979-10-91081-25-2<\/p>\n<p>Cote doc\u00a0: 11-MUR-M<\/p>\n<span class=\"et_bloom_bottom_trigger\"><\/span>","protected":false},"excerpt":{"rendered":"<p>C\u2019est l\u2019histoire d\u2019un p\u2019tit gars qui a de gros probl\u00e8mes avec les mots&#8230; Pourtant, il ne m\u00e9nage pas sa peine pour apprendre \u00e0 lire et \u00e0 \u00e9crire. Si seulement sa ma\u00eetresse et ses parents savaient le temps qu\u2019il y passe !<\/p>\n","protected":false},"featured_media":767,"comment_status":"open","ping_status":"closed","template":"","meta":{"_et_pb_use_builder":"","_et_pb_old_content":"","_et_gb_content_width":"","spay_email":""},"class_list":["post-768","product","type-product","status-publish","has-post-thumbnail","hentry","product_cat-livres","product_cat-livres-jeunesse","product_tag-difference","product_tag-dyslexie","product_tag-ecole","product_tag-enfant","product_tag-humour","product_tag-resilience","product_tag-trouble-de-lapprentissage"],"jetpack_sharing_enabled":true,"jetpack_likes_enabled":true,"_links":{"self":[{"href":"https:\/\/www.parthages.be\/eboutique\/wp-json\/wp\/v2\/product\/768","targetHints":{"allow":["GET"]}}],"collection":[{"href":"https:\/\/www.parthages.be\/eboutique\/wp-json\/wp\/v2\/product"}],"about":[{"href":"https:\/\/www.parthages.be\/eboutique\/wp-json\/wp\/v2\/types\/product"}],"replies":[{"embeddable":true,"href":"https:\/\/www.parthages.be\/eboutique\/wp-json\/wp\/v2\/comments?post=768"}],"wp:featuredmedia":[{"embeddable":true,"href":"https:\/\/www.parthages.be\/eboutique\/wp-json\/wp\/v2\/media\/767"}],"wp:attachment":[{"href":"https:\/\/www.parthages.be\/eboutique\/wp-json\/wp\/v2\/media?parent=768"}],"curies":[{"name":"wp","href":"https:\/\/api.w.org\/{rel}","templated":true}]}}