{"id":774,"date":"2017-12-11T13:17:38","date_gmt":"2017-12-11T12:17:38","guid":{"rendered":"https:\/\/www.parthages.be\/wordpress\/produit\/autismes-specificites-des-pratiques-psychanalytiques-2\/"},"modified":"2022-07-26T08:20:34","modified_gmt":"2022-07-26T06:20:34","slug":"autismes-specificites-des-pratiques-psychanalytiques-2","status":"publish","type":"product","link":"https:\/\/www.parthages.be\/eboutique\/produit\/autismes-specificites-des-pratiques-psychanalytiques-2\/","title":{"rendered":"Autismes : sp\u00e9cificit\u00e9s des pratiques psychanalytiques"},"content":{"rendered":"<p>Suivis th\u00e9rapeutiques individuels ou de groupe, \u00e0 tous les \u00e2ges de la vie (des b\u00e9b\u00e9s aux adultes), soutiens aux \u00e9quipes (analyse des pratiques, analyse institutionnelle, supervisions) et aux familles : les approches psychanalytiques tiennent compte du contexte environnemental, \u00e9ducatif, p\u00e9dagogique et familial des personnes souffrant de troubles du spectre autistique mais aussi de leurs int\u00e9r\u00eats et de leurs difficult\u00e9s \u00e0 lier exp\u00e9riences et \u00e9motions, \u00e0 comprendre la r\u00e9alit\u00e9 qui les entoure. Cet ouvrage \u00e9claire les processus d\u2019investigation psychique que propose la psychanalyse pour comprendre, soutenir et aider les personnes autistes mais aussi leur entourage et les professionnels souffrant d\u2019\u00eatre confront\u00e9s \u00e0 des pathologies s\u00e9v\u00e8res. Il accorde une attention particuli\u00e8re aux recherches scientifiques, aux approches int\u00e9gr\u00e9es et aux projets individualis\u00e9s, adapt\u00e9s \u00e0 la diversit\u00e9 des difficult\u00e9s autistiques de chaque personne, enfant, adolescent ou adulte.<\/p>\n<p>(Pr\u00e9sentation de l&rsquo;\u00e9diteur)<\/p>\n<p>AMY M.-D.<\/p>\n<p>EDITIONS ERES<\/p>\n<p>2016- 336p \u2013 15\u20ac<\/p>\n<p>232gr<\/p>\n<p>ISBN: 978-2-7492-5113-4<\/p>\n<p>Cote doc : 1-70-AMY-S<\/p>\n<span class=\"et_bloom_bottom_trigger\"><\/span>","protected":false},"excerpt":{"rendered":"<p>Suivis th\u00e9rapeutiques individuels ou de groupe, \u00e0 tous les \u00e2ges de la vie (des b\u00e9b\u00e9s aux adultes), soutiens aux \u00e9quipes (analyse des pratiques, analyse institutionnelle, supervisions) et aux familles : les approches psychanalytiques tiennent compte du contexte environnemental, \u00e9ducatif,&#8230;.<\/p>\n","protected":false},"featured_media":773,"comment_status":"open","ping_status":"closed","template":"","meta":{"_et_pb_use_builder":"","_et_pb_old_content":"","_et_gb_content_width":"","spay_email":""},"class_list":["post-774","product","type-product","status-publish","has-post-thumbnail","hentry","product_cat-livres","product_tag-adolescent","product_tag-adulte","product_tag-autisme","product_tag-diagnostic","product_tag-education","product_tag-enfant","product_tag-image-du-corps","product_tag-personne-handicapee","product_tag-prise-en-charge","product_tag-psy-chomotricite","product_tag-psychanalyse","product_tag-syndrome-dasperger","product_tag-temoignage"],"jetpack_sharing_enabled":true,"jetpack_likes_enabled":true,"_links":{"self":[{"href":"https:\/\/www.parthages.be\/eboutique\/wp-json\/wp\/v2\/product\/774","targetHints":{"allow":["GET"]}}],"collection":[{"href":"https:\/\/www.parthages.be\/eboutique\/wp-json\/wp\/v2\/product"}],"about":[{"href":"https:\/\/www.parthages.be\/eboutique\/wp-json\/wp\/v2\/types\/product"}],"replies":[{"embeddable":true,"href":"https:\/\/www.parthages.be\/eboutique\/wp-json\/wp\/v2\/comments?post=774"}],"wp:featuredmedia":[{"embeddable":true,"href":"https:\/\/www.parthages.be\/eboutique\/wp-json\/wp\/v2\/media\/773"}],"wp:attachment":[{"href":"https:\/\/www.parthages.be\/eboutique\/wp-json\/wp\/v2\/media?parent=774"}],"curies":[{"name":"wp","href":"https:\/\/api.w.org\/{rel}","templated":true}]}}

Autismes : spécificités des pratiques psychanalytiques

<p>Suivis thérapeutiques individuels ou de groupe, à tous les âges de la vie (des bébés aux adultes), soutiens aux équipes (analyse des pratiques, analyse institutionnelle, supervisions) et aux familles : les approches psychanalytiques tiennent compte du contexte environnemental, éducatif, pédagogique et familial des personnes souffrant de troubles du spectre autistique mais aussi de leurs intérêts et de leurs difficultés à lier expériences et émotions, à comprendre la réalité qui les entoure. Cet ouvrage éclaire les processus d’investigation psychique que propose la psychanalyse pour comprendre, soutenir et aider les personnes autistes mais aussi leur entourage et les professionnels souffrant d’être confrontés à des pathologies sévères. Il accorde une attention particulière aux recherches scientifiques, aux approches intégrées et aux projets individualisés, adaptés à la diversité des difficultés autistiques de chaque personne, enfant, adolescent ou adulte.</p>
<p>(Présentation de l&rsquo;éditeur)</p>
<p>AMY M.-D.</p>
<p>EDITIONS ERES</p>
<p>2016- 336p – 15€</p>
<p>232gr</p>
<p>ISBN: 978-2-7492-5113-4</p>
<p>Cote doc : 1-70-AMY-S</p>
<span class="et_bloom_bottom_trigger"></span>

<p>Suivis thérapeutiques individuels ou de groupe, à tous les âges de la vie (des bébés aux adultes), soutiens aux équipes (analyse des pratiques, analyse institutionnelle, supervisions) et aux familles : les approches psychanalytiques tiennent compte du contexte environnemental, éducatif,&#8230;.</p>
