{"id":778,"date":"2017-12-11T13:24:00","date_gmt":"2017-12-11T12:24:00","guid":{"rendered":"https:\/\/www.parthages.be\/wordpress\/produit\/troubles-intellectuels-et-cognitifs-de-l-enfant-et-de-l-adolescent\/"},"modified":"2022-02-18T10:38:26","modified_gmt":"2022-02-18T09:38:26","slug":"troubles-intellectuels-et-cognitifs-de-l-enfant-et-de-l-adolescent","status":"publish","type":"product","link":"https:\/\/www.parthages.be\/eboutique\/produit\/troubles-intellectuels-et-cognitifs-de-l-enfant-et-de-l-adolescent\/","title":{"rendered":"Troubles intellectuels et cognitifs de l&rsquo;enfant et de l&rsquo;adolescent."},"content":{"rendered":"<p>Cet ouvrage aborde le champ des difficult\u00e9s et des troubles de la vie intellectuelle et cognitive dans l&rsquo;enfance et, plus g\u00e9n\u00e9ralement, celui des apprentissages et des moyens psychiques d&rsquo;acc\u00e8s \u00e0 la connaissance impliqu\u00e9s dans la r\u00e9ussite scolaire en particulier, et dans la r\u00e9ussite plus globale de l&rsquo;enfant dans sa vie d&rsquo;enfant, son bien-\u00eatre, son d\u00e9veloppement harmonieux et dans sa future vie d&rsquo;adulte.<\/p>\n<p>Fond\u00e9 sur l&rsquo;exp\u00e9rience clinique des auteurs aupr\u00e8s des enfants et des adolescents, mais aussi sur un enseignement dans le cadre d&rsquo;un Dipl\u00f4me universitaire, ce livre apporte \u00e9galement un \u00e9clairage plus large sur les processus impliqu\u00e9s dans les activit\u00e9s d&rsquo;apprendre, de conna\u00eetre et de penser, \u00e0 travers les travaux les plus r\u00e9cents dans des perspectives tant psychologique, psychopathologique, neuropsychologique, sociale que neurobiologique.<\/p>\n<p>(Pr\u00e9sentation de l&rsquo;Editeur)<\/p>\n<p>MAZET P. \u2013 XAVIER J. \u2013GUIL\u00c9 J.M.- PLAZA M. \u2013COHEN D.<\/p>\n<p>EDITIONS LAVOISIER<\/p>\n<p>2016 \u2013 474p \u2013 55\u20ac<\/p>\n<p>679gr<\/p>\n<p>ISBN\u00a0: 978-2-257-20609-1<\/p>\n<p>Cote doc\u00a0: 2-20-maZ-T<\/p>\n<span class=\"et_bloom_bottom_trigger\"><\/span>","protected":false},"excerpt":{"rendered":"<p>Cet ouvrage aborde le champ des difficult\u00e9s et des troubles de la vie intellectuelle et cognitive dans l&rsquo;enfance et, plus g\u00e9n\u00e9ralement, celui des apprentissages et des moyens psychiques d&rsquo;acc\u00e8s \u00e0 la connaissance impliqu\u00e9s dans la r\u00e9ussite scolaire en particulier, &#8230;<\/p>\n","protected":false},"featured_media":777,"comment_status":"open","ping_status":"closed","template":"","meta":{"_et_pb_use_builder":"","_et_pb_old_content":"","_et_gb_content_width":"","spay_email":""},"class_list":["post-778","product","type-product","status-publish","has-post-thumbnail","hentry","product_cat-livres","product_cat-livres-jeunesse","product_tag-adolescent","product_tag-autisme","product_tag-developpement-cognitif","product_tag-enfant","product_tag-handicap","product_tag-intelligence","product_tag-prise-en-charge","product_tag-reussite-scolaire","product_tag-scolarisation","product_tag-therapie-cogni-tivo-comportement","product_tag-trouble-cognitif"],"jetpack_sharing_enabled":true,"jetpack_likes_enabled":true,"_links":{"self":[{"href":"https:\/\/www.parthages.be\/eboutique\/wp-json\/wp\/v2\/product\/778","targetHints":{"allow":["GET"]}}],"collection":[{"href":"https:\/\/www.parthages.be\/eboutique\/wp-json\/wp\/v2\/product"}],"about":[{"href":"https:\/\/www.parthages.be\/eboutique\/wp-json\/wp\/v2\/types\/product"}],"replies":[{"embeddable":true,"href":"https:\/\/www.parthages.be\/eboutique\/wp-json\/wp\/v2\/comments?post=778"}],"wp:featuredmedia":[{"embeddable":true,"href":"https:\/\/www.parthages.be\/eboutique\/wp-json\/wp\/v2\/media\/777"}],"wp:attachment":[{"href":"https:\/\/www.parthages.be\/eboutique\/wp-json\/wp\/v2\/media?parent=778"}],"curies":[{"name":"wp","href":"https:\/\/api.w.org\/{rel}","templated":true}]}}

<p>Cet ouvrage aborde le champ des difficultés et des troubles de la vie intellectuelle et cognitive dans l&rsquo;enfance et, plus généralement, celui des apprentissages et des moyens psychiques d&rsquo;accès à la connaissance impliqués dans la réussite scolaire en particulier, et dans la réussite plus globale de l&rsquo;enfant dans sa vie d&rsquo;enfant, son bien-être, son développement harmonieux et dans sa future vie d&rsquo;adulte.</p>
<p>Fondé sur l&rsquo;expérience clinique des auteurs auprès des enfants et des adolescents, mais aussi sur un enseignement dans le cadre d&rsquo;un Diplôme universitaire, ce livre apporte également un éclairage plus large sur les processus impliqués dans les activités d&rsquo;apprendre, de connaître et de penser, à travers les travaux les plus récents dans des perspectives tant psychologique, psychopathologique, neuropsychologique, sociale que neurobiologique.</p>
<p>(Présentation de l&rsquo;Editeur)</p>
<p>MAZET P. – XAVIER J. –GUILÉ J.M.- PLAZA M. –COHEN D.</p>
<p>EDITIONS LAVOISIER</p>
<p>2016 – 474p – 55€</p>
<p>679gr</p>
<p>ISBN : 978-2-257-20609-1</p>
<p>Cote doc : 2-20-maZ-T</p>
<span class="et_bloom_bottom_trigger"></span>

<p>Cet ouvrage aborde le champ des difficultés et des troubles de la vie intellectuelle et cognitive dans l&rsquo;enfance et, plus généralement, celui des apprentissages et des moyens psychiques d&rsquo;accès à la connaissance impliqués dans la réussite scolaire en particulier, &#8230;</p>
