{"id":780,"date":"2017-12-11T13:25:27","date_gmt":"2017-12-11T12:25:27","guid":{"rendered":"https:\/\/www.parthages.be\/wordpress\/produit\/autisme-et-adolescence\/"},"modified":"2022-07-26T07:55:16","modified_gmt":"2022-07-26T05:55:16","slug":"autisme-et-adolescence","status":"publish","type":"product","link":"https:\/\/www.parthages.be\/eboutique\/produit\/autisme-et-adolescence\/","title":{"rendered":"Autisme et adolescence"},"content":{"rendered":"<p>Cet ouvrage est n\u00e9 d\u2019une r\u00e9alit\u00e9 et d\u2019un besoin. La petite Ma\u00eblle, enfant autiste, est devenue adolescente, alors il fallait la suivre pour mieux l\u2019accompagner dans cette nouvelle \u00e9tape de sa vie. Comme cela arrive chez les autres enfants qui entrent dans l\u2019adolescence, tout est remis en question : les id\u00e9aux, l\u2019identit\u00e9, l\u2019amiti\u00e9, l\u2019amour.<\/p>\n<p>Entre-temps, il y a eu la publication de la cinqui\u00e8me version du Manuel diagnostique et statistique des troubles mentaux (DSM-5). Il fallait donc \u00e9tudier cette entr\u00e9e dans l\u2019adolescence \u00e0 partir des donn\u00e9es diagnostiques les plus r\u00e9centes.<\/p>\n<p>Autisme et adolescence est la suite de L\u2019autisme, un jour \u00e0 la fois et d\u2019Accompagner un enfant autiste. Encore ici, la m\u00e8re Catherine Kozminski et la psychologue Nathalie Poirier entrent en dialogue afin de se mettre \u00e0 l\u2019\u00e9coute des besoins de l\u2019adolescente et d\u2019\u00e9laborer les meilleures formes d\u2019accompagnement. Il en r\u00e9sulte un ouvrage plein de sensibilit\u00e9 et rempli de solutions pratiques.<\/p>\n<p>(Pr\u00e9sentation de l&rsquo;\u00e9diteur).<\/p>\n<p>POIRIER N. \u2013 KOZMINSKI C.<\/p>\n<p>EDITIONS CHRONIQUE SOCIALE<\/p>\n<p>2017- 170p \u2013 14,\u00a090\u20ac<\/p>\n<p>224gr<\/p>\n<p>ISBN\u00a0: 978-2-7637-3441-5<\/p>\n<p>Cote doc: 1-70-PHI-A3<\/p>\n<span class=\"et_bloom_bottom_trigger\"><\/span>","protected":false},"excerpt":{"rendered":"<p>Cet ouvrage est n\u00e9 d\u2019une r\u00e9alit\u00e9 et d\u2019un besoin. La petite Ma\u00eblle, enfant autiste, est devenue adolescente, alors il fallait la suivre pour mieux l\u2019accompagner dans cette nouvelle \u00e9tape de sa vie.<\/p>\n","protected":false},"featured_media":779,"comment_status":"open","ping_status":"closed","template":"","meta":{"_et_pb_use_builder":"","_et_pb_old_content":"","_et_gb_content_width":"","spay_email":""},"class_list":["post-780","product","type-product","status-publish","has-post-thumbnail","hentry","product_cat-livres","product_tag-adolescence","product_tag-autisme","product_tag-autonomie","product_tag-communication","product_tag-dia-gnostic","product_tag-outil-devaluation","product_tag-personne-handicapee","product_tag-trouble-anxieux","product_tag-trouble-de-lapprentissage","product_tag-trouble-psycho-logique"],"jetpack_sharing_enabled":true,"jetpack_likes_enabled":true,"_links":{"self":[{"href":"https:\/\/www.parthages.be\/eboutique\/wp-json\/wp\/v2\/product\/780","targetHints":{"allow":["GET"]}}],"collection":[{"href":"https:\/\/www.parthages.be\/eboutique\/wp-json\/wp\/v2\/product"}],"about":[{"href":"https:\/\/www.parthages.be\/eboutique\/wp-json\/wp\/v2\/types\/product"}],"replies":[{"embeddable":true,"href":"https:\/\/www.parthages.be\/eboutique\/wp-json\/wp\/v2\/comments?post=780"}],"wp:featuredmedia":[{"embeddable":true,"href":"https:\/\/www.parthages.be\/eboutique\/wp-json\/wp\/v2\/media\/779"}],"wp:attachment":[{"href":"https:\/\/www.parthages.be\/eboutique\/wp-json\/wp\/v2\/media?parent=780"}],"curies":[{"name":"wp","href":"https:\/\/api.w.org\/{rel}","templated":true}]}}