{"id":790,"date":"2018-04-05T14:37:26","date_gmt":"2018-04-05T12:37:26","guid":{"rendered":"https:\/\/www.parthages.be\/wordpress\/produit\/l-accompagnement-et-le-soutien-par-les-pairs\/"},"modified":"2018-04-05T14:37:26","modified_gmt":"2018-04-05T12:37:26","slug":"l-accompagnement-et-le-soutien-par-les-pairs","status":"publish","type":"product","link":"https:\/\/www.parthages.be\/eboutique\/produit\/l-accompagnement-et-le-soutien-par-les-pairs\/","title":{"rendered":"L&rsquo;accompagnement et le soutien par les pairs"},"content":{"rendered":"<p>Les pratiques d\u2019accompagnement et de soutien par les pairs concernent les individus d\u00e9cid\u00e9s \u00e0 faire face aux \u00e9preuves et \u00e0 se prendre en main, avec le soutien de leurs pairs. Aujourd\u2019hui en France, elles connaissent un nouvel \u00e9lan.<\/p>\n<p>Fond\u00e9es sur l\u2019\u00e9change et la coconstruction de savoirs originaux, issus de l\u2019exp\u00e9rience du handicap, de la maladie ou des troubles de la sant\u00e9 mentale, elles offrent des solutions aux probl\u00e8mes du point de vue des personnes concern\u00e9es.<\/p>\n<p>Compte tenu de l\u2019augmentation du nombre d\u2019individus amen\u00e9s \u00e0 conna\u00eetre la d\u00e9pendance et la perte d\u2019autonomie en raison de leur \u00e2ge ou de leur sant\u00e9, ces savoirs sont une contribution importante \u00e0 notre soci\u00e9t\u00e9.<\/p>\n<p>C\u2019est la premi\u00e8re fois qu\u2019une \u00e9tude est publi\u00e9e sur ce sujet. Elle int\u00e9ressera les professionnels de la sant\u00e9, du social et de l\u2019accompagnement, et, plus largement, toutes les personnes en situation de handicap et leur entourage.<\/p>\n<p>(Pr\u00e9sentation de l&rsquo;\u00e9diteur).<\/p>\n<p>GARDIEN E.<\/p>\n<p>Editions Presses Universitaires de Grenoble<\/p>\n<p>2017- 216p \u2013 19\u20ac<\/p>\n<p>286gr<\/p>\n<p>ISBN\u00a0: 978-2-7637-3441-5<\/p>\n<p>Cote doc\u00a0: 5-20-GAR-A<\/p>\n<span class=\"et_bloom_bottom_trigger\"><\/span>","protected":false},"excerpt":{"rendered":"<p>Les pratiques d\u2019accompagnement et de soutien par les pairs concernent les individus d\u00e9cid\u00e9s \u00e0 faire face aux \u00e9preuves et \u00e0 se prendre en main, avec le soutien de leurs pairs. Aujourd\u2019hui en France, elles connaissent un nouvel \u00e9lan.<\/p>\n","protected":false},"featured_media":789,"comment_status":"open","ping_status":"closed","template":"","meta":{"_et_pb_use_builder":"","_et_pb_old_content":"","_et_gb_content_width":"","spay_email":""},"class_list":["post-790","product","type-product","status-publish","has-post-thumbnail","hentry","product_cat-livres","product_tag-accompagnement","product_tag-autonomie","product_tag-dependance","product_tag-maladie","product_tag-personne-handicapee","product_tag-sante-mentale","product_tag-vieillissement"],"jetpack_sharing_enabled":true,"jetpack_likes_enabled":true,"_links":{"self":[{"href":"https:\/\/www.parthages.be\/eboutique\/wp-json\/wp\/v2\/product\/790","targetHints":{"allow":["GET"]}}],"collection":[{"href":"https:\/\/www.parthages.be\/eboutique\/wp-json\/wp\/v2\/product"}],"about":[{"href":"https:\/\/www.parthages.be\/eboutique\/wp-json\/wp\/v2\/types\/product"}],"replies":[{"embeddable":true,"href":"https:\/\/www.parthages.be\/eboutique\/wp-json\/wp\/v2\/comments?post=790"}],"wp:featuredmedia":[{"embeddable":true,"href":"https:\/\/www.parthages.be\/eboutique\/wp-json\/wp\/v2\/media\/789"}],"wp:attachment":[{"href":"https:\/\/www.parthages.be\/eboutique\/wp-json\/wp\/v2\/media?parent=790"}],"curies":[{"name":"wp","href":"https:\/\/api.w.org\/{rel}","templated":true}]}}

<p>Les pratiques d’accompagnement et de soutien par les pairs concernent les individus décidés à faire face aux épreuves et à se prendre en main, avec le soutien de leurs pairs. Aujourd’hui en France, elles connaissent un nouvel élan.</p>
<p>Fondées sur l’échange et la coconstruction de savoirs originaux, issus de l’expérience du handicap, de la maladie ou des troubles de la santé mentale, elles offrent des solutions aux problèmes du point de vue des personnes concernées.</p>
<p>Compte tenu de l’augmentation du nombre d’individus amenés à connaître la dépendance et la perte d’autonomie en raison de leur âge ou de leur santé, ces savoirs sont une contribution importante à notre société.</p>
<p>C’est la première fois qu’une étude est publiée sur ce sujet. Elle intéressera les professionnels de la santé, du social et de l’accompagnement, et, plus largement, toutes les personnes en situation de handicap et leur entourage.</p>
<p>(Présentation de l&rsquo;éditeur).</p>
<p>GARDIEN E.</p>
<p>Editions Presses Universitaires de Grenoble</p>
<p>2017- 216p – 19€</p>
<p>286gr</p>
<p>ISBN : 978-2-7637-3441-5</p>
<p>Cote doc : 5-20-GAR-A</p>
<span class="et_bloom_bottom_trigger"></span>

<p>Les pratiques d’accompagnement et de soutien par les pairs concernent les individus décidés à faire face aux épreuves et à se prendre en main, avec le soutien de leurs pairs. Aujourd’hui en France, elles connaissent un nouvel élan.</p>
