{"id":794,"date":"2018-04-12T10:59:04","date_gmt":"2018-04-12T08:59:04","guid":{"rendered":"https:\/\/www.parthages.be\/wordpress\/produit\/projet-individuel-et-stimulations-basale\/"},"modified":"2021-09-17T09:41:51","modified_gmt":"2021-09-17T07:41:51","slug":"projet-individuel-et-stimulations-basale","status":"publish","type":"product","link":"https:\/\/www.parthages.be\/eboutique\/produit\/projet-individuel-et-stimulations-basale\/","title":{"rendered":"Projet individuel et stimulations basale"},"content":{"rendered":"<p><strong>Vers une p\u00e9dagogie de l&rsquo;accompagnement et de la personne en situation de polyhandicap<\/strong><\/p>\n<p>Le projet individuel repr\u00e9sente, non seulement un document administratif devenu une obligation pour les \u00e9tablissements m\u00e9dico-sociaux, mais aussi un outil de travail pour toute l\u2019\u00e9quipe professionnelle. En effet, il permet de r\u00e9fl\u00e9chir au \u00ab pourquoi \u00bb de l\u2019accompagnement de la personne en situation de handicap s\u00e9v\u00e8re avant de d\u00e9cider des moyens dans la vie quotidienne.<\/p>\n<p>Accompagner la personne polyhandicap\u00e9e au sens \u00ab basal \u00bb du terme, c\u2019est donner du sens \u00e0 ce qu\u2019elle vit en valorisant ses comp\u00e9tences sensorielles, motrices, cognitives et \u00e9motionnelles, si minimes soient-elles. Cela implique un partage, une pr\u00e9sence et une proximit\u00e9 physique qui requi\u00e8rent le respect de l\u2019autre et t\u00e9moignent d\u2019une proximit\u00e9 d\u2019humanit\u00e9. Accompagner, c\u2019est \u00ab faire avec \u00bb la personne et non faire \u00ab \u00e0 la place de \u00bb.<\/p>\n<p>\u00c0 partir de leur exp\u00e9rience professionnelle et institutionnelle, les auteurs proposent une r\u00e9flexion qui s\u2019appuie sur les principes p\u00e9dagogiques et philosophiques de l\u2019approche de la Stimulation basale\u00ae. Ils d\u00e9veloppent une d\u00e9marche globale et transdisciplinaire du projet afin que celui-ci devienne un v\u00e9ritable outil d\u2019accompagnement prenant en compte les besoins et les comp\u00e9tences des personnes en situation de handicap s\u00e9v\u00e8re<\/p>\n<p>(Pr\u00e9sentation de l&rsquo;\u00e9diteur)<\/p>\n<p>ROFIDAL T.- PAGANO C.<\/p>\n<p>EDITIONS ERES<\/p>\n<p>2018 -200p -14, 50\u20ac<\/p>\n<p>148gr<\/p>\n<p>ISBN: 978-2-7492-5726-6<\/p>\n<p>Cote doc: 5-20-ROF-P<\/p>\n<span class=\"et_bloom_bottom_trigger\"><\/span>","protected":false},"excerpt":{"rendered":"<p>Le projet individuel repr\u00e9sente, non seulement un document administratif devenu une obligation pour les \u00e9tablissements m\u00e9dico-sociaux, mais aussi un outil de travail pour toute l\u2019\u00e9quipe professionnelle.<\/p>\n","protected":false},"featured_media":793,"comment_status":"open","ping_status":"closed","template":"","meta":{"_et_pb_use_builder":"","_et_pb_old_content":"","_et_gb_content_width":"","spay_email":""},"class_list":["post-794","product","type-product","status-publish","has-post-thumbnail","hentry","product_cat-livres","product_tag-accompagnement","product_tag-adulte","product_tag-autonomie","product_tag-enfant-handicape","product_tag-personne-handicapee","product_tag-polyhandicap","product_tag-projet-in-dividuel","product_tag-projet-pedagogique","product_tag-relation-adulte-enfant","product_tag-stimulation-basale","product_tag-travail-social"],"jetpack_sharing_enabled":true,"jetpack_likes_enabled":true,"_links":{"self":[{"href":"https:\/\/www.parthages.be\/eboutique\/wp-json\/wp\/v2\/product\/794","targetHints":{"allow":["GET"]}}],"collection":[{"href":"https:\/\/www.parthages.be\/eboutique\/wp-json\/wp\/v2\/product"}],"about":[{"href":"https:\/\/www.parthages.be\/eboutique\/wp-json\/wp\/v2\/types\/product"}],"replies":[{"embeddable":true,"href":"https:\/\/www.parthages.be\/eboutique\/wp-json\/wp\/v2\/comments?post=794"}],"wp:featuredmedia":[{"embeddable":true,"href":"https:\/\/www.parthages.be\/eboutique\/wp-json\/wp\/v2\/media\/793"}],"wp:attachment":[{"href":"https:\/\/www.parthages.be\/eboutique\/wp-json\/wp\/v2\/media?parent=794"}],"curies":[{"name":"wp","href":"https:\/\/api.w.org\/{rel}","templated":true}]}}