{"id":796,"date":"2018-04-12T11:17:46","date_gmt":"2018-04-12T09:17:46","guid":{"rendered":"https:\/\/www.parthages.be\/wordpress\/produit\/100-idees-pour-en-savoir-plus-sur-les-personnes-avec-trisomie-21\/"},"modified":"2018-04-12T11:17:46","modified_gmt":"2018-04-12T09:17:46","slug":"100-idees-pour-en-savoir-plus-sur-les-personnes-avec-trisomie-21","status":"publish","type":"product","link":"https:\/\/www.parthages.be\/eboutique\/produit\/100-idees-pour-en-savoir-plus-sur-les-personnes-avec-trisomie-21\/","title":{"rendered":"100 id\u00e9es pour en savoir plus sur les personnes avec trisomie 21"},"content":{"rendered":"<p>Avec ces 100 id\u00e9es retenues, nous avons jalonn\u00e9 le parcours de vie des personnes avec trisomie 21 : de l&rsquo;annonce du diagnostic&#8230; aux questions li\u00e9es au travail, \u00e0 la vie affective et amoureuse, nous avons parl\u00e9 sant\u00e9, \u00e9ducation, scolarisation, administration&#8230; Dans chacun de ces domaines, le double ancrage nous orientait : les questions d&rsquo;une jeune maman et les valeurs d\u00e9velopp\u00e9es par la f\u00e9d\u00e9ration.<\/p>\n<p>Cet ouvrage collectif associe une diversit\u00e9 de points de vue : personnes avec trisomie 21, familles, chercheurs, professionnels. Au final, l&rsquo;h\u00e9t\u00e9rog\u00e9n\u00e9it\u00e9 de cet ouvrage devrait permettre \u00e0 chacun d&rsquo;y trouver des pistes de r\u00e9ponse aux questions qu&rsquo;il se pose (ou qu&rsquo;il ne se pose pas encore) !<\/p>\n<p>(Pr\u00e9sentation de l&rsquo;\u00e9diteur)<\/p>\n<p>ROFIDAL T.- PAGANO C.<\/p>\n<p>Tom Pousse<\/p>\n<p>2017- 224p. \u2013 15, 50\u20ac<\/p>\n<p>214gr<\/p>\n<p>ISBN: 978-2-35345-180-7<\/p>\n<p>Cote doc:9-20-ROF-I<\/p>\n<span class=\"et_bloom_bottom_trigger\"><\/span>","protected":false},"excerpt":{"rendered":"<p>Avec ces 100 id\u00e9es retenues, nous avons jalonn\u00e9 le parcours de vie des personnes avec trisomie 21<\/p>\n","protected":false},"featured_media":795,"comment_status":"open","ping_status":"closed","template":"","meta":{"_et_pb_use_builder":"","_et_pb_old_content":"","_et_gb_content_width":"","spay_email":""},"class_list":["post-796","product","type-product","status-publish","has-post-thumbnail","hentry","product_cat-livres","product_tag-accompagnement","product_tag-diagnostic","product_tag-education","product_tag-personne-handicapee","product_tag-scolarisation","product_tag-travail","product_tag-trisomie-21","product_tag-vie-affec-tive"],"jetpack_sharing_enabled":true,"jetpack_likes_enabled":true,"_links":{"self":[{"href":"https:\/\/www.parthages.be\/eboutique\/wp-json\/wp\/v2\/product\/796","targetHints":{"allow":["GET"]}}],"collection":[{"href":"https:\/\/www.parthages.be\/eboutique\/wp-json\/wp\/v2\/product"}],"about":[{"href":"https:\/\/www.parthages.be\/eboutique\/wp-json\/wp\/v2\/types\/product"}],"replies":[{"embeddable":true,"href":"https:\/\/www.parthages.be\/eboutique\/wp-json\/wp\/v2\/comments?post=796"}],"wp:featuredmedia":[{"embeddable":true,"href":"https:\/\/www.parthages.be\/eboutique\/wp-json\/wp\/v2\/media\/795"}],"wp:attachment":[{"href":"https:\/\/www.parthages.be\/eboutique\/wp-json\/wp\/v2\/media?parent=796"}],"curies":[{"name":"wp","href":"https:\/\/api.w.org\/{rel}","templated":true}]}}

100 idées pour en savoir plus sur les personnes avec trisomie 21

<p>Avec ces 100 idées retenues, nous avons jalonné le parcours de vie des personnes avec trisomie 21 : de l&rsquo;annonce du diagnostic&#8230; aux questions liées au travail, à la vie affective et amoureuse, nous avons parlé santé, éducation, scolarisation, administration&#8230; Dans chacun de ces domaines, le double ancrage nous orientait : les questions d&rsquo;une jeune maman et les valeurs développées par la fédération.</p>
<p>Cet ouvrage collectif associe une diversité de points de vue : personnes avec trisomie 21, familles, chercheurs, professionnels. Au final, l&rsquo;hétérogénéité de cet ouvrage devrait permettre à chacun d&rsquo;y trouver des pistes de réponse aux questions qu&rsquo;il se pose (ou qu&rsquo;il ne se pose pas encore) !</p>
<p>(Présentation de l&rsquo;éditeur)</p>
<p>ROFIDAL T.- PAGANO C.</p>
<p>Tom Pousse</p>
<p>2017- 224p. – 15, 50€</p>
<p>214gr</p>
<p>ISBN: 978-2-35345-180-7</p>
<p>Cote doc:9-20-ROF-I</p>
<span class="et_bloom_bottom_trigger"></span>

<p>Avec ces 100 idées retenues, nous avons jalonné le parcours de vie des personnes avec trisomie 21</p>
