{"id":80,"date":"2012-09-24T11:37:53","date_gmt":"2012-09-24T09:37:53","guid":{"rendered":"https:\/\/www.parthages.be\/wordpress\/produit\/les-proches-aidants\/"},"modified":"2022-03-23T17:29:29","modified_gmt":"2022-03-23T16:29:29","slug":"les-proches-aidants","status":"publish","type":"product","link":"https:\/\/www.parthages.be\/eboutique\/produit\/les-proches-aidants\/","title":{"rendered":"Les proches aidants"},"content":{"rendered":"<p>Pour vivre dans les meilleures conditions possibles, les personnes (tr\u00e8s) \u00e2g\u00e9es ou (gravement) malades ont besoin du soutien et sont aid\u00e9es par des proches: enfant, partenaire, famille&#8230; On les appelle les proches-aidants. Ils accompagnent la personne \u00e2g\u00e9e ou malade, surveille la prise de m\u00e9dicaments, pallient la perte d&rsquo;autonomie, veillent \u00e0 leur qualit\u00e9 de vie et assurent les t\u00e2ches du quotidien (courses, m\u00e9nage&#8230;)<\/p>\n<p>Ils offrent leur aide et leur temps sans se poser de questions ni de limites. La d\u00e9tresse, le sentiment d&rsquo;isolement les envahissent parfois, d&rsquo;autant que leur statut n&rsquo;est pas (ou mal) reconnu<\/p>\n<p>Depuis peu, une nouvelle science, la proximologie, \u00e9tudie les probl\u00e9matiques de la proche aidance. (Pr\u00e9sentation de l&rsquo;\u00e9diteur)<\/p>\n<p>&nbsp;<\/p>\n<p>RAMEL G.<\/p>\n<p>Edition JOUVENCE<\/p>\n<p>2011 -125p. -59g<\/p>\n<p>Cote doc: 4-30-RAM-P<\/p>\n<span class=\"et_bloom_bottom_trigger\"><\/span>","protected":false},"excerpt":{"rendered":"<p>Pour vivre dans les meilleures conditions possibles, les personnes (tr\u00e8s) \u00e2g\u00e9es ou (gravement) malades ont besoin du soutien et sont aid\u00e9es par des proches: enfant, partenaire, famille&#8230;<\/p>\n","protected":false},"featured_media":2264,"comment_status":"open","ping_status":"closed","template":"","meta":{"_et_pb_use_builder":"","_et_pb_old_content":"","_et_gb_content_width":"","spay_email":""},"class_list":["post-80","product","type-product","status-publish","has-post-thumbnail","hentry","product_cat-livres","product_tag-accompagnement","product_tag-aidant-naturel","product_tag-aide-soignant","product_tag-bien-etre","product_tag-isolement-social","product_tag-personne-agee","product_tag-personne-handicapee","product_tag-qualite-de-vie"],"jetpack_sharing_enabled":true,"jetpack_likes_enabled":true,"_links":{"self":[{"href":"https:\/\/www.parthages.be\/eboutique\/wp-json\/wp\/v2\/product\/80","targetHints":{"allow":["GET"]}}],"collection":[{"href":"https:\/\/www.parthages.be\/eboutique\/wp-json\/wp\/v2\/product"}],"about":[{"href":"https:\/\/www.parthages.be\/eboutique\/wp-json\/wp\/v2\/types\/product"}],"replies":[{"embeddable":true,"href":"https:\/\/www.parthages.be\/eboutique\/wp-json\/wp\/v2\/comments?post=80"}],"wp:featuredmedia":[{"embeddable":true,"href":"https:\/\/www.parthages.be\/eboutique\/wp-json\/wp\/v2\/media\/2264"}],"wp:attachment":[{"href":"https:\/\/www.parthages.be\/eboutique\/wp-json\/wp\/v2\/media?parent=80"}],"curies":[{"name":"wp","href":"https:\/\/api.w.org\/{rel}","templated":true}]}}

<p>Pour vivre dans les meilleures conditions possibles, les personnes (très) âgées ou (gravement) malades ont besoin du soutien et sont aidées par des proches: enfant, partenaire, famille&#8230; On les appelle les proches-aidants. Ils accompagnent la personne âgée ou malade, surveille la prise de médicaments, pallient la perte d&rsquo;autonomie, veillent à leur qualité de vie et assurent les tâches du quotidien (courses, ménage&#8230;)</p>
<p>Ils offrent leur aide et leur temps sans se poser de questions ni de limites. La détresse, le sentiment d&rsquo;isolement les envahissent parfois, d&rsquo;autant que leur statut n&rsquo;est pas (ou mal) reconnu</p>
<p>Depuis peu, une nouvelle science, la proximologie, étudie les problématiques de la proche aidance. (Présentation de l&rsquo;éditeur)</p>
<p>&nbsp;</p>
<p>RAMEL G.</p>
<p>Edition JOUVENCE</p>
<p>2011 -125p. -59g</p>
<p>Cote doc: 4-30-RAM-P</p>
<span class="et_bloom_bottom_trigger"></span>

<p>Pour vivre dans les meilleures conditions possibles, les personnes (très) âgées ou (gravement) malades ont besoin du soutien et sont aidées par des proches: enfant, partenaire, famille&#8230;</p>
