{"id":802,"date":"2018-04-12T11:26:03","date_gmt":"2018-04-12T09:26:03","guid":{"rendered":"https:\/\/www.parthages.be\/wordpress\/produit\/le-vieillissement-des-personnes-handicapees-mentales\/"},"modified":"2018-04-12T11:26:03","modified_gmt":"2018-04-12T09:26:03","slug":"le-vieillissement-des-personnes-handicapees-mentales","status":"publish","type":"product","link":"https:\/\/www.parthages.be\/eboutique\/produit\/le-vieillissement-des-personnes-handicapees-mentales\/","title":{"rendered":"Le vieillissement des personnes handicap\u00e9es mentales"},"content":{"rendered":"<p>L&rsquo;accompagnement des personnes handicap\u00e9es mentales lors de leur vieillissement rev\u00eat une acuit\u00e9 particuli\u00e8re de nos jours, \u00e0 l&rsquo;heure o\u00f9 l&rsquo;allongement de leur esp\u00e9rance de vie met les professionnels, les familles et les d\u00e9cideurs publics face \u00e0 leurs responsabilit\u00e9s.<\/p>\n<p>Cette nouvelle \u00e9dition rassemble quelques-unes des contributions ant\u00e9rieures, toujours d&rsquo;actualit\u00e9, auxquelles viennent s&rsquo;ajouter des textes in\u00e9dits. L&rsquo;ensemble constitue un ouvrage profond\u00e9ment remani\u00e9 associant analyses th\u00e9oriques (psychologiques, sociologiques, institutionnelles) et illustrations concr\u00e8tes de r\u00e9ponses, de projets et de pratiques professionnelles.<\/p>\n<p>Les auteurs proposent ainsi aux personnes handicap\u00e9es et \u00e0 leurs familles, aux associations et aux pouvoirs publics une approche sensiblement modifi\u00e9e par l&rsquo;ampleur du ph\u00e9nom\u00e8ne du vieillissement, par l&rsquo;accroissement des droits des usagers et par la transformation profonde des interventions sociales et m\u00e9dico-sociales.<\/p>\n<p>(Pr\u00e9sentation de l&rsquo;\u00e9diteur)<\/p>\n<p>ZRIBI G.<\/p>\n<p>Presses de l&rsquo;EHESP<\/p>\n<p>2017 \u2013 176p \u2013 25\u20ac<\/p>\n<p>293gr<\/p>\n<p>ISBN\u00a0: 978-2-8109-0628-4<\/p>\n<p>Cote doc\u00a0: 7-50-ZRI-V4<\/p>\n<span class=\"et_bloom_bottom_trigger\"><\/span>","protected":false},"excerpt":{"rendered":"<p>L&rsquo;accompagnement des personnes handicap\u00e9es mentales lors de leur vieillissement rev\u00eat une acuit\u00e9 particuli\u00e8re de nos jours, \u00e0 l&rsquo;heure o\u00f9 l&rsquo;allongement de leur esp\u00e9rance de vie met les professionnels, les familles et les d\u00e9cideurs publics face \u00e0 leurs responsabilit\u00e9s.<\/p>\n","protected":false},"featured_media":801,"comment_status":"open","ping_status":"closed","template":"","meta":{"_et_pb_use_builder":"","_et_pb_old_content":"","_et_gb_content_width":"","spay_email":""},"class_list":["post-802","product","type-product","status-publish","has-post-thumbnail","hentry","product_cat-livres","product_tag-accompagnement","product_tag-approche","product_tag-aspect-psychologique","product_tag-enquete","product_tag-esperance-de-vie","product_tag-fa-mille","product_tag-france","product_tag-personne-handicapee","product_tag-pratique","product_tag-proposition","product_tag-recherche","product_tag-vieillissement"],"jetpack_sharing_enabled":true,"jetpack_likes_enabled":true,"_links":{"self":[{"href":"https:\/\/www.parthages.be\/eboutique\/wp-json\/wp\/v2\/product\/802","targetHints":{"allow":["GET"]}}],"collection":[{"href":"https:\/\/www.parthages.be\/eboutique\/wp-json\/wp\/v2\/product"}],"about":[{"href":"https:\/\/www.parthages.be\/eboutique\/wp-json\/wp\/v2\/types\/product"}],"replies":[{"embeddable":true,"href":"https:\/\/www.parthages.be\/eboutique\/wp-json\/wp\/v2\/comments?post=802"}],"wp:featuredmedia":[{"embeddable":true,"href":"https:\/\/www.parthages.be\/eboutique\/wp-json\/wp\/v2\/media\/801"}],"wp:attachment":[{"href":"https:\/\/www.parthages.be\/eboutique\/wp-json\/wp\/v2\/media?parent=802"}],"curies":[{"name":"wp","href":"https:\/\/api.w.org\/{rel}","templated":true}]}}

Le vieillissement des personnes handicapées mentales

<p>L&rsquo;accompagnement des personnes handicapées mentales lors de leur vieillissement revêt une acuité particulière de nos jours, à l&rsquo;heure où l&rsquo;allongement de leur espérance de vie met les professionnels, les familles et les décideurs publics face à leurs responsabilités.</p>
<p>Cette nouvelle édition rassemble quelques-unes des contributions antérieures, toujours d&rsquo;actualité, auxquelles viennent s&rsquo;ajouter des textes inédits. L&rsquo;ensemble constitue un ouvrage profondément remanié associant analyses théoriques (psychologiques, sociologiques, institutionnelles) et illustrations concrètes de réponses, de projets et de pratiques professionnelles.</p>
<p>Les auteurs proposent ainsi aux personnes handicapées et à leurs familles, aux associations et aux pouvoirs publics une approche sensiblement modifiée par l&rsquo;ampleur du phénomène du vieillissement, par l&rsquo;accroissement des droits des usagers et par la transformation profonde des interventions sociales et médico-sociales.</p>
<p>(Présentation de l&rsquo;éditeur)</p>
<p>ZRIBI G.</p>
<p>Presses de l&rsquo;EHESP</p>
<p>2017 – 176p – 25€</p>
<p>293gr</p>
<p>ISBN : 978-2-8109-0628-4</p>
<p>Cote doc : 7-50-ZRI-V4</p>
<span class="et_bloom_bottom_trigger"></span>

<p>L&rsquo;accompagnement des personnes handicapées mentales lors de leur vieillissement revêt une acuité particulière de nos jours, à l&rsquo;heure où l&rsquo;allongement de leur espérance de vie met les professionnels, les familles et les décideurs publics face à leurs responsabilités.</p>
