{"id":804,"date":"2018-04-12T11:27:45","date_gmt":"2018-04-12T09:27:45","guid":{"rendered":"https:\/\/www.parthages.be\/wordpress\/produit\/dyspositifs-comment-positiver-le-quotidien-des-jeunes-a-besoins-particuliers\/"},"modified":"2018-04-12T11:27:45","modified_gmt":"2018-04-12T09:27:45","slug":"dyspositifs-comment-positiver-le-quotidien-des-jeunes-a-besoins-particuliers","status":"publish","type":"product","link":"https:\/\/www.parthages.be\/eboutique\/produit\/dyspositifs-comment-positiver-le-quotidien-des-jeunes-a-besoins-particuliers\/","title":{"rendered":"Dyspositifs! Comment positiver le quotidien des jeunes \u00e0 besoins particuliers?"},"content":{"rendered":"<p>Pas facile de g\u00e9rer le quotidien avec des adolescents ayant des difficult\u00e9s d&rsquo;apprentissage et des troubles dys !<\/p>\n<p>Con\u00e7u par des sp\u00e9cialistes de l&rsquo;adolescence, ce livre \u00ab\u00a0Dyspositifs !\u00a0\u00bb vous incite \u00e0 progresser dans nos relations et nos apprentissages avec humour et bienveillance par le biais de bandes dessin\u00e9es, d&rsquo;images, d&rsquo;anecdotes, d&rsquo;explications scientifiques et de propositions qui permettent \u00e0 chacun de trouver des strat\u00e9gies.<\/p>\n<p>Pour que la vie \u00e0 la maison, au coll\u00e8ge et avec l&rsquo;entourage retrouve un peu de s\u00e9r\u00e9nit\u00e9. C&rsquo;est un outil visuel, o\u00f9 les images en disent plus long que le texte. Il est simple, lisible par tous. En 10 situations rencontr\u00e9es par les dys et leur entourage, il fait prendre du recul, met le doigt sur nos pens\u00e9es-pi\u00e8ges et d\u00e9cortique ce qui se passe. Il nous propose une autre fa\u00e7on de voir les choses, de d\u00e9dramatiser, de comprendre et se comprendre, pour rebondir.<\/p>\n<p>Pour chaque situation, le docteur Scool (Olivier Revol) et son r\u00e9seau de partenaires (orthophonistes, enseignants, th\u00e9rapeutes etc&#8230;) expliquent ce qui se passe dans notre cerveau et proposent un \u00ab\u00a0dyspositif \u00a0\u00bb pour nous guider, nous ouvrir des possibles, des pistes pour contourner la difficult\u00e9. La page du \u00ab\u00a0dyspositif !\u00a0\u00bb, sous forme de carte mentale illustr\u00e9e, donne des r\u00e9ponses aidantes qui portent des fruits, des exercices \u00e0 mettre en place et invite \u00e0 en trouver et en partager d&rsquo;autres. (Pr\u00e9sentation de l\u2019\u00e9diteur)<\/p>\n<p>\u00a0<\/p>\n<p>ALVAREZ G.- BROUCHET A. &#8211; VALLETTE D&rsquo;OSIA B.<\/p>\n<p>EDITIONS Pirouette<\/p>\n<p>2017 \u2013 80p \u2013 17\u20ac<\/p>\n<p>243gr<\/p>\n<p>ISBN\u00a0: 978-2-9174-0601-4<\/p>\n<p>Cote doc: 2-20-ALV-D<\/p>\n<span class=\"et_bloom_bottom_trigger\"><\/span>","protected":false},"excerpt":{"rendered":"<p>Pas facile de g\u00e9rer le quotidien avec des adolescents ayant des difficult\u00e9s d&rsquo;apprentissage et des troubles dys !<\/p>\n","protected":false},"featured_media":803,"comment_status":"open","ping_status":"closed","template":"","meta":{"_et_pb_use_builder":"","_et_pb_old_content":"","_et_gb_content_width":"","spay_email":""},"class_list":["post-804","product","type-product","status-publish","has-post-thumbnail","hentry","product_cat-livres","product_tag-accompagnement","product_tag-dyscalculie","product_tag-dyskinesie","product_tag-dyslexie","product_tag-dysortho-graphie","product_tag-dysphasie","product_tag-dyspraxie","product_tag-enfant","product_tag-outil","product_tag-personne-handicapee","product_tag-scolarite","product_tag-strategie","product_tag-trouble-de-latten-tion"],"jetpack_sharing_enabled":true,"jetpack_likes_enabled":true,"_links":{"self":[{"href":"https:\/\/www.parthages.be\/eboutique\/wp-json\/wp\/v2\/product\/804","targetHints":{"allow":["GET"]}}],"collection":[{"href":"https:\/\/www.parthages.be\/eboutique\/wp-json\/wp\/v2\/product"}],"about":[{"href":"https:\/\/www.parthages.be\/eboutique\/wp-json\/wp\/v2\/types\/product"}],"replies":[{"embeddable":true,"href":"https:\/\/www.parthages.be\/eboutique\/wp-json\/wp\/v2\/comments?post=804"}],"wp:featuredmedia":[{"embeddable":true,"href":"https:\/\/www.parthages.be\/eboutique\/wp-json\/wp\/v2\/media\/803"}],"wp:attachment":[{"href":"https:\/\/www.parthages.be\/eboutique\/wp-json\/wp\/v2\/media?parent=804"}],"curies":[{"name":"wp","href":"https:\/\/api.w.org\/{rel}","templated":true}]}}

Dyspositifs! Comment positiver le quotidien des jeunes à besoins particuliers?

<p>Pas facile de gérer le quotidien avec des adolescents ayant des difficultés d&rsquo;apprentissage et des troubles dys !</p>
<p>Conçu par des spécialistes de l&rsquo;adolescence, ce livre « Dyspositifs ! » vous incite à progresser dans nos relations et nos apprentissages avec humour et bienveillance par le biais de bandes dessinées, d&rsquo;images, d&rsquo;anecdotes, d&rsquo;explications scientifiques et de propositions qui permettent à chacun de trouver des stratégies.</p>
<p>Pour que la vie à la maison, au collège et avec l&rsquo;entourage retrouve un peu de sérénité. C&rsquo;est un outil visuel, où les images en disent plus long que le texte. Il est simple, lisible par tous. En 10 situations rencontrées par les dys et leur entourage, il fait prendre du recul, met le doigt sur nos pensées-pièges et décortique ce qui se passe. Il nous propose une autre façon de voir les choses, de dédramatiser, de comprendre et se comprendre, pour rebondir.</p>
<p>Pour chaque situation, le docteur Scool (Olivier Revol) et son réseau de partenaires (orthophonistes, enseignants, thérapeutes etc&#8230;) expliquent ce qui se passe dans notre cerveau et proposent un « dyspositif  » pour nous guider, nous ouvrir des possibles, des pistes pour contourner la difficulté. La page du « dyspositif ! », sous forme de carte mentale illustrée, donne des réponses aidantes qui portent des fruits, des exercices à mettre en place et invite à en trouver et en partager d&rsquo;autres. (Présentation de l’éditeur)</p>
<p> </p>
<p>ALVAREZ G.- BROUCHET A. &#8211; VALLETTE D&rsquo;OSIA B.</p>
<p>EDITIONS Pirouette</p>
<p>2017 – 80p – 17€</p>
<p>243gr</p>
<p>ISBN : 978-2-9174-0601-4</p>
<p>Cote doc: 2-20-ALV-D</p>
<span class="et_bloom_bottom_trigger"></span>

<p>Pas facile de gérer le quotidien avec des adolescents ayant des difficultés d&rsquo;apprentissage et des troubles dys !</p>
