{"id":808,"date":"2018-04-24T11:20:09","date_gmt":"2018-04-24T09:20:09","guid":{"rendered":"https:\/\/www.parthages.be\/wordpress\/produit\/troubles-mentaux-chez-les-enfants-et-les-adolescents-prevenir-reperer-tot-intervenir\/"},"modified":"2022-02-18T10:36:28","modified_gmt":"2022-02-18T09:36:28","slug":"troubles-mentaux-chez-les-enfants-et-les-adolescents-prevenir-reperer-tot-intervenir","status":"publish","type":"product","link":"https:\/\/www.parthages.be\/eboutique\/produit\/troubles-mentaux-chez-les-enfants-et-les-adolescents-prevenir-reperer-tot-intervenir\/","title":{"rendered":"Troubles mentaux chez les enfants et les adolescents: Pr\u00e9venir, rep\u00e9rer t\u00f4t, intervenir"},"content":{"rendered":"<p>L&rsquo;objectif fondamental de cet ouvrage est de rendre compte de l&rsquo;\u00e9tat actuel des connaissances scientifiques sur le sujet afin d&rsquo;appuyer les meilleures pratiques cliniques et de favoriser le d\u00e9veloppement harmonieux des enfants et des adolescents. Abondamment document\u00e9, Troubles mentaux chez les enfants et les adolescents r\u00e9pond aux besoins de tous les intervenants en sant\u00e9 mentale qui travaillent aupr\u00e8s des jeunes : m\u00e9decins, professionnels de la sant\u00e9 et de l&rsquo;\u00e9ducation et gestionnaire \u0153uvrant au sein de ces deux r\u00e9seaux. (Pr\u00e9sentation de l&rsquo;\u00e9diteur)<\/p>\n<p>\u00a0<\/p>\n<p>BEN AMOR L.- COUSINEAU D.- L&rsquo;ABBE Y.- MORIN P.<\/p>\n<p>CHU Sainte-Justine<\/p>\n<p>2017-384p-42\u20ac<\/p>\n<p>400gr<\/p>\n<p>ISBN\u00a0: 978-2-89619-807-8<\/p>\n<p>Cote doc\u00a0: 2-10-BEN-T<\/p>\n<span class=\"et_bloom_bottom_trigger\"><\/span>","protected":false},"excerpt":{"rendered":"<p>L&rsquo;objectif fondamental de cet ouvrage est de rendre compte de l&rsquo;\u00e9tat actuel des connaissances scientifiques sur le sujet afin d&rsquo;appuyer les meilleures pratiques cliniques et de favoriser le d\u00e9veloppement harmonieux des enfants et des adolescents.<\/p>\n","protected":false},"featured_media":807,"comment_status":"open","ping_status":"closed","template":"","meta":{"_et_pb_use_builder":"","_et_pb_old_content":"","_et_gb_content_width":"","spay_email":""},"class_list":["post-808","product","type-product","status-publish","has-post-thumbnail","hentry","product_cat-livres","product_cat-livres-jeunesse","product_tag-adolescent","product_tag-enfant","product_tag-intervention-pre-coce","product_tag-psychiatrie","product_tag-psychotherapie","product_tag-sante-mentale","product_tag-schizophrenie","product_tag-strategie-de-prevention","product_tag-toc","product_tag-traumatisme","product_tag-trouble-anxieux","product_tag-trouble-de-lalimentation"],"jetpack_sharing_enabled":true,"jetpack_likes_enabled":true,"_links":{"self":[{"href":"https:\/\/www.parthages.be\/eboutique\/wp-json\/wp\/v2\/product\/808","targetHints":{"allow":["GET"]}}],"collection":[{"href":"https:\/\/www.parthages.be\/eboutique\/wp-json\/wp\/v2\/product"}],"about":[{"href":"https:\/\/www.parthages.be\/eboutique\/wp-json\/wp\/v2\/types\/product"}],"replies":[{"embeddable":true,"href":"https:\/\/www.parthages.be\/eboutique\/wp-json\/wp\/v2\/comments?post=808"}],"wp:featuredmedia":[{"embeddable":true,"href":"https:\/\/www.parthages.be\/eboutique\/wp-json\/wp\/v2\/media\/807"}],"wp:attachment":[{"href":"https:\/\/www.parthages.be\/eboutique\/wp-json\/wp\/v2\/media?parent=808"}],"curies":[{"name":"wp","href":"https:\/\/api.w.org\/{rel}","templated":true}]}}