{"id":810,"date":"2018-04-24T11:22:31","date_gmt":"2018-04-24T09:22:31","guid":{"rendered":"https:\/\/www.parthages.be\/wordpress\/produit\/bulletin-de-sante-en-situation-de-handicap-face-au-cancer\/"},"modified":"2021-08-03T11:08:10","modified_gmt":"2021-08-03T09:08:10","slug":"bulletin-de-sante-en-situation-de-handicap-face-au-cancer","status":"publish","type":"product","link":"https:\/\/www.parthages.be\/eboutique\/produit\/bulletin-de-sante-en-situation-de-handicap-face-au-cancer\/","title":{"rendered":"Bulletin de sant\u00e9 en situation de handicap face au cancer"},"content":{"rendered":"<p>Auteur de po\u00e8mes, de textes autobiographiques et d&rsquo;un ouvrage de r\u00e9flexion sur<\/p>\n<p>L&rsquo;accompagnement des personnes en situation de handicap \u00e0 domicile (Chronique sociale), Yves Lacroix a observ\u00e9 avec acuit\u00e9, jusqu&rsquo;\u00e0 son dernier souffle, la soci\u00e9t\u00e9 dans laquelle il vivait. Loin de la juger ou de s&rsquo;en estimer victime, il a tir\u00e9 de ses nombreuses observations des personnes et des moments, qu&rsquo;elles soient dr\u00f4les, cruelles ou tendres, de quoi poursuivre une vie dont la dignit\u00e9 passait par la reconnaissance et le respect des choix des personnes en situation de handicap.<\/p>\n<p>Pionnier de la vie autonome \u00e0 domicile il a dessin\u00e9 fermement au fil de ses ouvrages le sens humain et social d&rsquo;une vie au milieu de tous pour les personnes aux capacit\u00e9s diff\u00e9rentes.<\/p>\n<p>Bulletin de sant\u00e9, en situation de handicap face au cancer est son dernier ouvrage. Il est constitu\u00e9 des courriels adress\u00e9s au cours de la derni\u00e8re ann\u00e9e de sa vie \u00e0 ses proches pour les tenir inform\u00e9s de son \u00e9tat de sant\u00e9 et de son combat contre le cancer. De la prise de conscience de la maladie \u00e0 l&rsquo;acceptation de l&rsquo;in\u00e9luctable, en passant par les descriptions \u00ab\u00a0merveilleusement critiques\u00a0\u00bb du fonctionnement des services hospitaliers, les bulletins sont l&rsquo;occasion unique de vivre l&rsquo;\u00e9preuve de la maladie avec un grand \u00e9crivain qui a choisi la vie et reste disponible \u00e0 l&rsquo;autre. Les textes de ces bulletins de sant\u00e9 ont \u00e9t\u00e9 lus et partag\u00e9s tr\u00e8s t\u00f4t dans l&rsquo;\u00e9quipe m\u00e9dicale qui a accompagn\u00e9 Yves Lacroix car leur contenu unique et leur ton lui semblaient constituer un viatique pr\u00e9cieux pour mieux comprendre la situation de maladie chronique. Les courriels d&rsquo;Yves Lacroix ont \u00e9t\u00e9 pr\u00e9par\u00e9s et \u00e9dit\u00e9s par Marie-H\u00e9l\u00e8ne Lacroix, Pascal Dreyer et Roger Dextre. L&rsquo;ouvrage s&rsquo;adresse de mani\u00e8re privil\u00e9gi\u00e9e \u00e0 toutes celles et ceux qui accompagnent une personne malade, en situation de handicap ou non, qu&rsquo;ils soient des professionnels ou des proches. (Pr\u00e9sentation de l\u2019\u00e9diteur)<\/p>\n<p>LACROIX Y.<\/p>\n<p>Chronique sociale<\/p>\n<p>2018 \u2013 96p \u2013 14\u20ac<\/p>\n<p>145gr<\/p>\n<p>ISBN\u00a0: 978-2-36717-418-1<\/p>\n<p>Cote doc: 9-20-LAC-B<\/p>\n<span class=\"et_bloom_bottom_trigger\"><\/span>","protected":false},"excerpt":{"rendered":"<p>Auteur de po\u00e8mes, de textes autobiographiques et d&rsquo;un ouvrage de r\u00e9flexion sur l&rsquo;accompagnement des personnes en situation de handicap \u00e0 domicile (Chronique sociale), Yves Lacroix a observ\u00e9 avec acuit\u00e9, jusqu&rsquo;\u00e0 son dernier souffle, la soci\u00e9t\u00e9 dans laquelle il vivait.<\/p>\n","protected":false},"featured_media":809,"comment_status":"open","ping_status":"closed","template":"","meta":{"_et_pb_use_builder":"","_et_pb_old_content":"","_et_gb_content_width":"","spay_email":""},"class_list":["post-810","product","type-product","status-publish","has-post-thumbnail","hentry","product_cat-livres","product_tag-acceptation","product_tag-accompagnement","product_tag-autonomie","product_tag-cancer","product_tag-milieu-hospitalier","product_tag-personne-handicapee","product_tag-soins","product_tag-temoi-gnage"],"jetpack_sharing_enabled":true,"jetpack_likes_enabled":true,"_links":{"self":[{"href":"https:\/\/www.parthages.be\/eboutique\/wp-json\/wp\/v2\/product\/810","targetHints":{"allow":["GET"]}}],"collection":[{"href":"https:\/\/www.parthages.be\/eboutique\/wp-json\/wp\/v2\/product"}],"about":[{"href":"https:\/\/www.parthages.be\/eboutique\/wp-json\/wp\/v2\/types\/product"}],"replies":[{"embeddable":true,"href":"https:\/\/www.parthages.be\/eboutique\/wp-json\/wp\/v2\/comments?post=810"}],"wp:featuredmedia":[{"embeddable":true,"href":"https:\/\/www.parthages.be\/eboutique\/wp-json\/wp\/v2\/media\/809"}],"wp:attachment":[{"href":"https:\/\/www.parthages.be\/eboutique\/wp-json\/wp\/v2\/media?parent=810"}],"curies":[{"name":"wp","href":"https:\/\/api.w.org\/{rel}","templated":true}]}}