{"id":812,"date":"2018-09-13T11:58:42","date_gmt":"2018-09-13T09:58:42","guid":{"rendered":"https:\/\/www.parthages.be\/wordpress\/produit\/autistes-asperger-la-cle-de-votre-recherche-d-emploi-en-120-conseils\/"},"modified":"2018-09-13T11:58:42","modified_gmt":"2018-09-13T09:58:42","slug":"autistes-asperger-la-cle-de-votre-recherche-d-emploi-en-120-conseils","status":"publish","type":"product","link":"https:\/\/www.parthages.be\/eboutique\/produit\/autistes-asperger-la-cle-de-votre-recherche-d-emploi-en-120-conseils\/","title":{"rendered":"Autistes Asperger la cl\u00e9 de votre recherche d&#8217;emploi en 120 conseils"},"content":{"rendered":"<p>Sp\u00e9cialiste de l&rsquo;insertion professionnelle depuis plus de trente ans, Philippe JEANMICHEL a exerc\u00e9 diff\u00e9rentes responsabilit\u00e9s dans des \u00e9tablissements nationaux en charge de l&#8217;emploi et de la formation. Son diagnostic tardif marque un tournant dans sa vie puisqu&rsquo;il partage aujourd&rsquo;hui avec ses pairs Asperger son expertise unique, tiss\u00e9e au fil de sa carri\u00e8re.<\/p>\n<p>L&rsquo;auteur conjugue son exp\u00e9rience du march\u00e9 du travail et celle de l&rsquo;autisme Asperger pour proposer une m\u00e9thode de recherche d&#8217;emploi fond\u00e9e sur un conseil par jour pendant une dur\u00e9e de quatre mois.<\/p>\n<p>Moins une recette miracle qu\u2019une somme de trucs et astuces qu\u2019il utilise au quotidien, c\u2019est cette approche qu\u2019il partage aujourd\u2019hui sous la forme d&rsquo;un guide pratique, \u00e0 utiliser comme un outil d&rsquo;aide \u00e0 la construction de la d\u00e9marche de chacun.<\/p>\n<p>L\u2019approche est r\u00e9aliste car, pour la premi\u00e8re fois en France, une strat\u00e9gie de recherche d\u2019emploi est r\u00e9dig\u00e9e par un autiste Asperger pour des autistes Asperger.<\/p>\n<p>Concr\u00e8te, elle vise \u00e0 contribuer \u00e0 l\u2019insertion professionnelle de ces personnes souvent tr\u00e8s qualifi\u00e9es, formidable vivier de ressources humaines dont le non-emploi prive l\u2019\u00e9conomie de pr\u00e9cieuses aptitudes. (Pr\u00e9sentation de l&rsquo;\u00e9diteur)<\/p>\n<p>JEANMICHEL P.<\/p>\n<p>Editions A la Fabrique<\/p>\n<p>2018- 283p.-19.90\u20ac<\/p>\n<p>430gr<\/p>\n<p>ISBN\u00a0: 978-2-9551036-3-0<\/p>\n<p>Cote doc\u00a0: 4-60-JEA-J<\/p>\n<span class=\"et_bloom_bottom_trigger\"><\/span>","protected":false},"excerpt":{"rendered":"<p>Sp\u00e9cialiste de l&rsquo;insertion professionnelle depuis plus de trente ans, Philippe JEANMICHEL a exerc\u00e9 diff\u00e9rentes responsabilit\u00e9s dans des \u00e9tablissements nationaux en charge de l&#8217;emploi et de la formation. Son diagnostic tardif marque un tournant dans sa vie puisqu&rsquo;il partage aujourd&rsquo;hui avec ses pairs Asperger son expertise unique, tiss\u00e9e au fil de sa carri\u00e8re.<\/p>\n","protected":false},"featured_media":811,"comment_status":"open","ping_status":"closed","template":"","meta":{"_et_pb_use_builder":"","_et_pb_old_content":"","_et_gb_content_width":"","spay_email":""},"class_list":["post-812","product","type-product","status-publish","has-post-thumbnail","hentry","product_cat-livres","product_tag-adaptation","product_tag-aptitude","product_tag-autisme","product_tag-france","product_tag-inser-tion-professionnelle","product_tag-outil","product_tag-recherche-demploi","product_tag-strategie"],"jetpack_sharing_enabled":true,"jetpack_likes_enabled":true,"_links":{"self":[{"href":"https:\/\/www.parthages.be\/eboutique\/wp-json\/wp\/v2\/product\/812","targetHints":{"allow":["GET"]}}],"collection":[{"href":"https:\/\/www.parthages.be\/eboutique\/wp-json\/wp\/v2\/product"}],"about":[{"href":"https:\/\/www.parthages.be\/eboutique\/wp-json\/wp\/v2\/types\/product"}],"replies":[{"embeddable":true,"href":"https:\/\/www.parthages.be\/eboutique\/wp-json\/wp\/v2\/comments?post=812"}],"wp:featuredmedia":[{"embeddable":true,"href":"https:\/\/www.parthages.be\/eboutique\/wp-json\/wp\/v2\/media\/811"}],"wp:attachment":[{"href":"https:\/\/www.parthages.be\/eboutique\/wp-json\/wp\/v2\/media?parent=812"}],"curies":[{"name":"wp","href":"https:\/\/api.w.org\/{rel}","templated":true}]}}

Autistes Asperger la clé de votre recherche d&#8217;emploi en 120 conseils

<p>Spécialiste de l&rsquo;insertion professionnelle depuis plus de trente ans, Philippe JEANMICHEL a exercé différentes responsabilités dans des établissements nationaux en charge de l&#8217;emploi et de la formation. Son diagnostic tardif marque un tournant dans sa vie puisqu&rsquo;il partage aujourd&rsquo;hui avec ses pairs Asperger son expertise unique, tissée au fil de sa carrière.</p>
<p>L&rsquo;auteur conjugue son expérience du marché du travail et celle de l&rsquo;autisme Asperger pour proposer une méthode de recherche d&#8217;emploi fondée sur un conseil par jour pendant une durée de quatre mois.</p>
<p>Moins une recette miracle qu’une somme de trucs et astuces qu’il utilise au quotidien, c’est cette approche qu’il partage aujourd’hui sous la forme d&rsquo;un guide pratique, à utiliser comme un outil d&rsquo;aide à la construction de la démarche de chacun.</p>
<p>L’approche est réaliste car, pour la première fois en France, une stratégie de recherche d’emploi est rédigée par un autiste Asperger pour des autistes Asperger.</p>
<p>Concrète, elle vise à contribuer à l’insertion professionnelle de ces personnes souvent très qualifiées, formidable vivier de ressources humaines dont le non-emploi prive l’économie de précieuses aptitudes. (Présentation de l&rsquo;éditeur)</p>
<p>JEANMICHEL P.</p>
<p>Editions A la Fabrique</p>
<p>2018- 283p.-19.90€</p>
<p>430gr</p>
<p>ISBN : 978-2-9551036-3-0</p>
<p>Cote doc : 4-60-JEA-J</p>
<span class="et_bloom_bottom_trigger"></span>

<p>Spécialiste de l&rsquo;insertion professionnelle depuis plus de trente ans, Philippe JEANMICHEL a exercé différentes responsabilités dans des établissements nationaux en charge de l&#8217;emploi et de la formation. Son diagnostic tardif marque un tournant dans sa vie puisqu&rsquo;il partage aujourd&rsquo;hui avec ses pairs Asperger son expertise unique, tissée au fil de sa carrière.</p>
