{"id":814,"date":"2018-09-13T12:03:27","date_gmt":"2018-09-13T10:03:27","guid":{"rendered":"https:\/\/www.parthages.be\/wordpress\/produit\/au-dela-des-mots-le-trouble-du-langage-chez-l-enfant\/"},"modified":"2022-03-23T17:13:02","modified_gmt":"2022-03-23T16:13:02","slug":"au-dela-des-mots-le-trouble-du-langage-chez-l-enfant","status":"publish","type":"product","link":"https:\/\/www.parthages.be\/eboutique\/produit\/au-dela-des-mots-le-trouble-du-langage-chez-l-enfant\/","title":{"rendered":"Au-del\u00e0 des mots : Le trouble du langage chez l&rsquo;enfant"},"content":{"rendered":"<p>Le trouble primaire du langage, aussi connu sous le nom de dysphasie, affecte le d\u00e9veloppement d&rsquo;un ou de plusieurs aspects du langage. L&rsquo;enfant dysphasique \u00e9prouve donc de la difficult\u00e9 \u00e0 prononcer des sons, former des mots, construire des phrases, d\u00e9velopper son vocabulaire ou encore ma\u00eetriser les bases de la communication. Ce livre contribue directement au soutien dont il a besoin. En plus d&rsquo;aider \u00e0 se pr\u00e9parer au diagnostic, il s&rsquo;attarde au processus de r\u00e9adaptation multidisciplinaire qui s&rsquo;enclenche par la suite pour l&rsquo;enfant et sa famille. Il pr\u00e9sente ainsi des moyens concrets pour favoriser la compr\u00e9hension de l&rsquo;enfant en bas \u00e2ge, stimuler le d\u00e9veloppement du langage, soutenir le passage vers l&rsquo;\u00e9crit, am\u00e9liorer la capacit\u00e9 d&rsquo;attention et encourager le d\u00e9veloppement des habilet\u00e9s sociales et de l&rsquo;estime de soi. Il propose \u00e9galement des strat\u00e9gies d&rsquo;intervention pour contrer les difficult\u00e9s de comportement, favoriser l&rsquo;autonomie et soutenir le cheminement scolaire. (Pr\u00e9sentation de l&rsquo;\u00e9diteur)<\/p>\n<p>LACROIX Y.<\/p>\n<p>CHU Sainte-Justine<\/p>\n<p>2016-220p.-16, 95\u20ac<\/p>\n<p>326gr<\/p>\n<p>ISBN: 978-289619-728-6<\/p>\n<p>Cote doc: 2-20-MEI-A<\/p>\n<span class=\"et_bloom_bottom_trigger\"><\/span>","protected":false},"excerpt":{"rendered":"<p>Le trouble primaire du langage, aussi connu sous le nom de dysphasie, affecte le d\u00e9veloppement d&rsquo;un ou de plusieurs aspects du langage.<\/p>\n","protected":false},"featured_media":813,"comment_status":"open","ping_status":"closed","template":"","meta":{"_et_pb_use_builder":"","_et_pb_old_content":"","_et_gb_content_width":"","spay_email":""},"class_list":["post-814","product","type-product","status-publish","has-post-thumbnail","hentry","product_cat-livres","product_tag-autonomie","product_tag-communication","product_tag-developpement-du-langage","product_tag-dysphasie","product_tag-en-fant","product_tag-estime-de-soi","product_tag-readaptation","product_tag-trouble-du-langage"],"jetpack_sharing_enabled":true,"jetpack_likes_enabled":true,"_links":{"self":[{"href":"https:\/\/www.parthages.be\/eboutique\/wp-json\/wp\/v2\/product\/814","targetHints":{"allow":["GET"]}}],"collection":[{"href":"https:\/\/www.parthages.be\/eboutique\/wp-json\/wp\/v2\/product"}],"about":[{"href":"https:\/\/www.parthages.be\/eboutique\/wp-json\/wp\/v2\/types\/product"}],"replies":[{"embeddable":true,"href":"https:\/\/www.parthages.be\/eboutique\/wp-json\/wp\/v2\/comments?post=814"}],"wp:featuredmedia":[{"embeddable":true,"href":"https:\/\/www.parthages.be\/eboutique\/wp-json\/wp\/v2\/media\/813"}],"wp:attachment":[{"href":"https:\/\/www.parthages.be\/eboutique\/wp-json\/wp\/v2\/media?parent=814"}],"curies":[{"name":"wp","href":"https:\/\/api.w.org\/{rel}","templated":true}]}}

Au-delà des mots : Le trouble du langage chez l&rsquo;enfant

<p>Le trouble primaire du langage, aussi connu sous le nom de dysphasie, affecte le développement d&rsquo;un ou de plusieurs aspects du langage. L&rsquo;enfant dysphasique éprouve donc de la difficulté à prononcer des sons, former des mots, construire des phrases, développer son vocabulaire ou encore maîtriser les bases de la communication. Ce livre contribue directement au soutien dont il a besoin. En plus d&rsquo;aider à se préparer au diagnostic, il s&rsquo;attarde au processus de réadaptation multidisciplinaire qui s&rsquo;enclenche par la suite pour l&rsquo;enfant et sa famille. Il présente ainsi des moyens concrets pour favoriser la compréhension de l&rsquo;enfant en bas âge, stimuler le développement du langage, soutenir le passage vers l&rsquo;écrit, améliorer la capacité d&rsquo;attention et encourager le développement des habiletés sociales et de l&rsquo;estime de soi. Il propose également des stratégies d&rsquo;intervention pour contrer les difficultés de comportement, favoriser l&rsquo;autonomie et soutenir le cheminement scolaire. (Présentation de l&rsquo;éditeur)</p>
<p>LACROIX Y.</p>
<p>CHU Sainte-Justine</p>
<p>2016-220p.-16, 95€</p>
<p>326gr</p>
<p>ISBN: 978-289619-728-6</p>
<p>Cote doc: 2-20-MEI-A</p>
<span class="et_bloom_bottom_trigger"></span>

<p>Le trouble primaire du langage, aussi connu sous le nom de dysphasie, affecte le développement d&rsquo;un ou de plusieurs aspects du langage.</p>
