{"id":822,"date":"2018-09-13T12:14:36","date_gmt":"2018-09-13T10:14:36","guid":{"rendered":"https:\/\/www.parthages.be\/wordpress\/produit\/autisme-j-accuse\/"},"modified":"2025-04-29T13:34:06","modified_gmt":"2025-04-29T11:34:06","slug":"autisme-j-accuse","status":"publish","type":"product","link":"https:\/\/www.parthages.be\/eboutique\/produit\/autisme-j-accuse\/","title":{"rendered":"Autisme j&rsquo;accuse"},"content":{"rendered":"<p>Hugo Horiot est devenu, en quelques ann\u00e9es, le porte-parole de ses pairs autistes. La rage au c\u0153ur, il l\u2019affirme : non, les personnes autistes ne sont pas d\u00e9ficientes. Elles ne doivent plus \u00eatre exclues par une soci\u00e9t\u00e9 normative qui se refuse \u00e0 les entendre.<\/p>\n<p>Sait-on que, dans la Silicon Valley, les start-up comptent nombre d\u2019ing\u00e9nieurs autistes ? Que des entreprises comme Microsoft recherchent leurs comp\u00e9tences hors normes ? Que l\u2019arm\u00e9e isra\u00e9lienne soumet \u00e0 leur puissance de d\u00e9cryptage des photos a\u00e9riennes ? Qu\u2019en Su\u00e8de, leur scolarisation est un droit civique ? Qu\u2019avec leur atypisme, les personnes autistes sauront manier, mieux que quiconque, l\u2019intelligence artificielle ?<\/p>\n<p>Ce vibrant manifeste, travers\u00e9 d\u2019un vent d\u2019orage, nous d\u00e9voile une autre intelligence, m\u00e9connue, un autre langage. Il bouleverse notre regard et nous convainc qu\u2019un autre monde est possible. (pr\u00e9sentation de l&rsquo;\u00e9diteur)<\/p>\n<p>\u00a0<\/p>\n<p>HORIOT H.<\/p>\n<p>Editions L&rsquo;Iconoclaste<\/p>\n<p>2018-200p-17\u20ac<\/p>\n<p>171gr<\/p>\n<p>ISBN\u00a0: 979-10-95438-97-7<\/p>\n<p>Cote doc\u00a0: 1-70-HOR-A<\/p>\n<span class=\"et_bloom_bottom_trigger\"><\/span>","protected":false},"excerpt":{"rendered":"<p>Hugo Horiot est devenu, en quelques ann\u00e9es, le porte-parole de ses pairs autistes. La rage au c\u0153ur, il l\u2019affirme : non, les personnes autistes ne sont pas d\u00e9ficientes. Elles ne doivent plus \u00eatre exclues par une soci\u00e9t\u00e9 normative qui se refuse \u00e0 les entendre.<\/p>\n","protected":false},"featured_media":821,"comment_status":"open","ping_status":"closed","template":"","meta":{"_et_pb_use_builder":"","_et_pb_old_content":"","_et_gb_content_width":"","spay_email":""},"class_list":["post-822","product","type-product","status-publish","has-post-thumbnail","hentry","product_cat-livres","product_tag-adaptation","product_tag-adulte","product_tag-autisme","product_tag-france","product_tag-intelligence","product_tag-personne-handicapee","product_tag-regard"],"jetpack_sharing_enabled":true,"jetpack_likes_enabled":true,"_links":{"self":[{"href":"https:\/\/www.parthages.be\/eboutique\/wp-json\/wp\/v2\/product\/822","targetHints":{"allow":["GET"]}}],"collection":[{"href":"https:\/\/www.parthages.be\/eboutique\/wp-json\/wp\/v2\/product"}],"about":[{"href":"https:\/\/www.parthages.be\/eboutique\/wp-json\/wp\/v2\/types\/product"}],"replies":[{"embeddable":true,"href":"https:\/\/www.parthages.be\/eboutique\/wp-json\/wp\/v2\/comments?post=822"}],"wp:featuredmedia":[{"embeddable":true,"href":"https:\/\/www.parthages.be\/eboutique\/wp-json\/wp\/v2\/media\/821"}],"wp:attachment":[{"href":"https:\/\/www.parthages.be\/eboutique\/wp-json\/wp\/v2\/media?parent=822"}],"curies":[{"name":"wp","href":"https:\/\/api.w.org\/{rel}","templated":true}]}}

<p>Hugo Horiot est devenu, en quelques années, le porte-parole de ses pairs autistes. La rage au cœur, il l’affirme : non, les personnes autistes ne sont pas déficientes. Elles ne doivent plus être exclues par une société normative qui se refuse à les entendre.</p>
<p>Sait-on que, dans la Silicon Valley, les start-up comptent nombre d’ingénieurs autistes ? Que des entreprises comme Microsoft recherchent leurs compétences hors normes ? Que l’armée israélienne soumet à leur puissance de décryptage des photos aériennes ? Qu’en Suède, leur scolarisation est un droit civique ? Qu’avec leur atypisme, les personnes autistes sauront manier, mieux que quiconque, l’intelligence artificielle ?</p>
<p>Ce vibrant manifeste, traversé d’un vent d’orage, nous dévoile une autre intelligence, méconnue, un autre langage. Il bouleverse notre regard et nous convainc qu’un autre monde est possible. (présentation de l&rsquo;éditeur)</p>
<p> </p>
<p>HORIOT H.</p>
<p>Editions L&rsquo;Iconoclaste</p>
<p>2018-200p-17€</p>
<p>171gr</p>
<p>ISBN : 979-10-95438-97-7</p>
<p>Cote doc : 1-70-HOR-A</p>
<span class="et_bloom_bottom_trigger"></span>

<p>Hugo Horiot est devenu, en quelques années, le porte-parole de ses pairs autistes. La rage au cœur, il l’affirme : non, les personnes autistes ne sont pas déficientes. Elles ne doivent plus être exclues par une société normative qui se refuse à les entendre.</p>
