{"id":828,"date":"2018-09-13T12:23:46","date_gmt":"2018-09-13T10:23:46","guid":{"rendered":"https:\/\/www.parthages.be\/wordpress\/produit\/enseignement-et-handicap\/"},"modified":"2025-04-29T13:34:24","modified_gmt":"2025-04-29T11:34:24","slug":"enseignement-et-handicap","status":"publish","type":"product","link":"https:\/\/www.parthages.be\/eboutique\/produit\/enseignement-et-handicap\/","title":{"rendered":"Enseignement et handicap"},"content":{"rendered":"<p>L\u2019accueil \u00e0 l\u2019\u00e9cole des enfants en situation de handicap est aujourd\u2019hui inscrit dans la loi. Mais faute de formation, les enseignants se sentent parfois d\u00e9munis ou incomp\u00e9tents face \u00e0 cette nouvelle mission.<\/p>\n<p>Pourtant, de nombreuses innovations ont d\u00e9j\u00e0 \u00e9t\u00e9 test\u00e9es avec succ\u00e8s dans le cadre de l\u2019\u00e9ducation sp\u00e9cialis\u00e9e, qui peuvent ais\u00e9ment se transposer dans le milieu ordinaire. Bas\u00e9 sur des solutions p\u00e9dagogiques issues de l\u2019histoire de l\u2019\u00e9ducation en France, cet ouvrage ouvre une r\u00e9flexion destin\u00e9e aux enseignants confront\u00e9s \u00e0 la g\u00e9n\u00e9ralisation de l\u2019accueil des enfants en situation de handicap \u00e0 l\u2019\u00e9cole.<\/p>\n<p>Nourri de propositions concr\u00e8tes, enrichi d\u2019un index facilitant les recherches ponctuelles, il leur offre un v\u00e9ritable guide associant psychologie et innovation p\u00e9dagogique, permettant la mise en place de techniques applicables au quotidien.<\/p>\n<p>Il int\u00e9ressera les enseignants et futurs enseignants dans le primaire et le secondaire ainsi que tous les professionnels concern\u00e9s par la question de l\u2019inclusion scolaire. (Pr\u00e9sentation de l\u2019Editeur)<\/p>\n<p>DEMAZURE G.- HUYS V.<\/p>\n<p>2018-208p.-19\u20ac<\/p>\n<p>290gr<\/p>\n<p>ISBN\u00a0: 978-2-7061-4193-5<\/p>\n<p>Cote doc\u00a0: 4-50-DEM-E<\/p>\n<span class=\"et_bloom_bottom_trigger\"><\/span>","protected":false},"excerpt":{"rendered":"<p>L\u2019accueil \u00e0 l\u2019\u00e9cole des enfants en situation de handicap est aujourd\u2019hui inscrit dans la loi. Mais faute de formation, les enseignants se sentent parfois d\u00e9munis ou incomp\u00e9tents face \u00e0 cette nouvelle mission.<\/p>\n","protected":false},"featured_media":827,"comment_status":"open","ping_status":"closed","template":"","meta":{"_et_pb_use_builder":"","_et_pb_old_content":"","_et_gb_content_width":"","spay_email":""},"class_list":["post-828","product","type-product","status-publish","has-post-thumbnail","hentry","product_cat-livres","product_tag-adaptation","product_tag-education-specialisee","product_tag-en-seignement-ordinaire","product_tag-enseignement","product_tag-inclusion","product_tag-outil-pedagogique","product_tag-pedagogie-differenciee","product_tag-personne-handicapee","product_tag-strate-gie"],"jetpack_sharing_enabled":true,"jetpack_likes_enabled":true,"_links":{"self":[{"href":"https:\/\/www.parthages.be\/eboutique\/wp-json\/wp\/v2\/product\/828","targetHints":{"allow":["GET"]}}],"collection":[{"href":"https:\/\/www.parthages.be\/eboutique\/wp-json\/wp\/v2\/product"}],"about":[{"href":"https:\/\/www.parthages.be\/eboutique\/wp-json\/wp\/v2\/types\/product"}],"replies":[{"embeddable":true,"href":"https:\/\/www.parthages.be\/eboutique\/wp-json\/wp\/v2\/comments?post=828"}],"wp:featuredmedia":[{"embeddable":true,"href":"https:\/\/www.parthages.be\/eboutique\/wp-json\/wp\/v2\/media\/827"}],"wp:attachment":[{"href":"https:\/\/www.parthages.be\/eboutique\/wp-json\/wp\/v2\/media?parent=828"}],"curies":[{"name":"wp","href":"https:\/\/api.w.org\/{rel}","templated":true}]}}

<p>L’accueil à l’école des enfants en situation de handicap est aujourd’hui inscrit dans la loi. Mais faute de formation, les enseignants se sentent parfois démunis ou incompétents face à cette nouvelle mission.</p>
<p>Pourtant, de nombreuses innovations ont déjà été testées avec succès dans le cadre de l’éducation spécialisée, qui peuvent aisément se transposer dans le milieu ordinaire. Basé sur des solutions pédagogiques issues de l’histoire de l’éducation en France, cet ouvrage ouvre une réflexion destinée aux enseignants confrontés à la généralisation de l’accueil des enfants en situation de handicap à l’école.</p>
<p>Nourri de propositions concrètes, enrichi d’un index facilitant les recherches ponctuelles, il leur offre un véritable guide associant psychologie et innovation pédagogique, permettant la mise en place de techniques applicables au quotidien.</p>
<p>Il intéressera les enseignants et futurs enseignants dans le primaire et le secondaire ainsi que tous les professionnels concernés par la question de l’inclusion scolaire. (Présentation de l’Editeur)</p>
<p>DEMAZURE G.- HUYS V.</p>
<p>2018-208p.-19€</p>
<p>290gr</p>
<p>ISBN : 978-2-7061-4193-5</p>
<p>Cote doc : 4-50-DEM-E</p>
<span class="et_bloom_bottom_trigger"></span>

<p>L’accueil à l’école des enfants en situation de handicap est aujourd’hui inscrit dans la loi. Mais faute de formation, les enseignants se sentent parfois démunis ou incompétents face à cette nouvelle mission.</p>
