{"id":836,"date":"2018-09-13T13:21:59","date_gmt":"2018-09-13T11:21:59","guid":{"rendered":"https:\/\/www.parthages.be\/wordpress\/produit\/une-journee-dans-la-vie-de-francis-guide-de-sensibilisation-au-trouble-du-spectre-de-l-autisme\/"},"modified":"2022-02-18T10:36:24","modified_gmt":"2022-02-18T09:36:24","slug":"une-journee-dans-la-vie-de-francis-guide-de-sensibilisation-au-trouble-du-spectre-de-l-autisme","status":"publish","type":"product","link":"https:\/\/www.parthages.be\/eboutique\/produit\/une-journee-dans-la-vie-de-francis-guide-de-sensibilisation-au-trouble-du-spectre-de-l-autisme\/","title":{"rendered":"Une journ\u00e9e dans la vie de Francis guide de sensibilisation au trouble du spectre de l&rsquo;autisme"},"content":{"rendered":"<p>Accompagnez Francis (en classe r\u00e9guli\u00e8re), son fr\u00e8re Tom (en classe sp\u00e9cialis\u00e9e) et son cousin Simon (universitaire) dans ce guide permettant \u00e0 un adulte d\u2019\u00e9changer avec un enfant sur les diff\u00e9rences individuelles. Les illustrations sont accompagn\u00e9es de fiches \u00e9ducatives permettant de mieux comprendre le quotidien des personnes ayant un trouble du spectre de l\u2019autisme et d\u2019adapter les comportements ainsi que l\u2019environnement pour l\u2019\u00e9panouissement de tous (pr\u00e9sentation de l\u2019\u00e9diteur)<\/p>\n<p>LEBEAU C.<\/p>\n<p>Les \u00e9ditions Regard9<\/p>\n<p>2015-44p.- 25\u20ac<\/p>\n<p>240gr<\/p>\n<p>ISBN\u00a0: 978-2-924486-07-8<\/p>\n<p>Cote doc\u00a0: 11-LEB-J<\/p>\n<span class=\"et_bloom_bottom_trigger\"><\/span>","protected":false},"excerpt":{"rendered":"<p>Accompagnez Francis (en classe r\u00e9guli\u00e8re), son fr\u00e8re Tom (en classe sp\u00e9cialis\u00e9e) et son cousin Simon (universitaire) dans ce guide permettant \u00e0 un adulte d\u2019\u00e9changer avec un enfant sur les diff\u00e9rences individuelles<\/p>\n","protected":false},"featured_media":835,"comment_status":"open","ping_status":"closed","template":"","meta":{"_et_pb_use_builder":"","_et_pb_old_content":"","_et_gb_content_width":"","spay_email":""},"class_list":["post-836","product","type-product","status-publish","has-post-thumbnail","hentry","product_cat-livres","product_cat-livres-jeunesse","product_tag-autisme","product_tag-enfant-handicape","product_tag-inclusion","product_tag-plan-dintervention","product_tag-scolarite","product_tag-sensibilisation"],"jetpack_sharing_enabled":true,"jetpack_likes_enabled":true,"_links":{"self":[{"href":"https:\/\/www.parthages.be\/eboutique\/wp-json\/wp\/v2\/product\/836","targetHints":{"allow":["GET"]}}],"collection":[{"href":"https:\/\/www.parthages.be\/eboutique\/wp-json\/wp\/v2\/product"}],"about":[{"href":"https:\/\/www.parthages.be\/eboutique\/wp-json\/wp\/v2\/types\/product"}],"replies":[{"embeddable":true,"href":"https:\/\/www.parthages.be\/eboutique\/wp-json\/wp\/v2\/comments?post=836"}],"wp:featuredmedia":[{"embeddable":true,"href":"https:\/\/www.parthages.be\/eboutique\/wp-json\/wp\/v2\/media\/835"}],"wp:attachment":[{"href":"https:\/\/www.parthages.be\/eboutique\/wp-json\/wp\/v2\/media?parent=836"}],"curies":[{"name":"wp","href":"https:\/\/api.w.org\/{rel}","templated":true}]}}