{"id":848,"date":"2019-01-28T09:42:11","date_gmt":"2019-01-28T08:42:11","guid":{"rendered":"https:\/\/www.parthages.be\/wordpress\/produit\/alimentation-alzheimer\/"},"modified":"2022-07-26T07:55:16","modified_gmt":"2022-07-26T05:55:16","slug":"alimentation-alzheimer","status":"publish","type":"product","link":"https:\/\/www.parthages.be\/eboutique\/produit\/alimentation-alzheimer\/","title":{"rendered":"Alimentation &#038; Alzheimer"},"content":{"rendered":"<p>Une attention particuli\u00e8re doit \u00eatre port\u00e9e \u00e0 l&rsquo;alimentation des personnes atteintes de la maladie d&rsquo;Alzheimer ou d&rsquo;une pathologie apparent\u00e9e afin de garantir des apports suffisants et \u00e9viter la d\u00e9nutrition.<\/p>\n<p>Une perte de poids involontaire peut pr\u00e9c\u00e9der la survenue des troubles cognitifs dans environ 40 % des cas.<\/p>\n<p>Les aidants, qu&rsquo;ils soient familiaux ou professionnels, \u00e0 domicile ou en institution, sont en premi\u00e8re ligne pour rep\u00e9rer les difficult\u00e9s (refus alimentaire, troubles de la d\u00e9glutition&#8230;) et trouver les solutions adapt\u00e9es pour les pr\u00e9venir et entretenir l&rsquo;app\u00e9tit de manger.<\/p>\n<p>\u00a0Con\u00e7u par des di\u00e9t\u00e9ticiennes de terrain, l&rsquo;ouvrage \u00ab Alimentation et Alzheimer : s&rsquo;adapter au quotidien, guide pratique \u00e0 l&rsquo;usage des aidants \u00bb (2\u00e8me \u00e9dition) fournit aux professionnels et aux familles \u00ab les cl\u00e9s d&rsquo;une alimentation adapt\u00e9e au quotidien des personnes fragilis\u00e9es ou d\u00e9sorient\u00e9es \u00bb. Ils y trouveront :<\/p>\n<p>\u00a0\u2022 L&rsquo;information indispensable pour mieux comprendre les enjeux de la nutrition,<\/p>\n<p>\u2022 Des \u00e9l\u00e9ments de compr\u00e9hension sur la maladie et les troubles associ\u00e9s pouvant entraver les repas (d\u00e9glutition, refus alimentaires) pouvant entraver les repas<\/p>\n<p>\u2022 Des solutions nutritionnelles, collectives ou individuelles, pour maintenir une alimentation optimale (nouvelles fa\u00e7ons de manger ou de cuisinier des plats enrichis ou mix\u00e9s) et retarder l&rsquo;\u00e9volution de la maladie,<\/p>\n<p>\u2022 Des messages simples et bienveillants (conservation des aliments, hygi\u00e8ne bucco-dentaire&#8230;) accompagn\u00e9s de d\u00e9tails pratiques et d&rsquo;astuces culinaires.<\/p>\n<p>\u00a0<\/p>\n<p>\u00ab Gr\u00e2ce \u00e0 ce guide pratique, les professionnels et proches familiaux pourront proposer aux malades d&rsquo;autres fa\u00e7ons de manger, de cuisiner, et pr\u00e9senter des plats attractifs, vari\u00e9s et respectueux des saveurs. Le tout en pr\u00e9servant l&rsquo;autonomie de la personne, ses habitudes culturelles et le plaisir de manger, pour le mieux-\u00eatre de tous \u00bb, pr\u00e9cise l&rsquo;\u00e9diteur, Presses de l&rsquo;EHESP. (Pr\u00e9sentation de l&rsquo;\u00e9diteur)<\/p>\n<p>RIO C.- LEJEUNE H.<\/p>\n<p>Presses de l&rsquo;EHESP<\/p>\n<p>2018-160p-27\u20ac<\/p>\n<p>545gr<\/p>\n<p>ISBN\u00a0: 978-2-8109-0656-7<\/p>\n<p>Cote doc\u00a0: 10-10-RIO-A<\/p>\n<span class=\"et_bloom_bottom_trigger\"><\/span>","protected":false},"excerpt":{"rendered":"<p>Une attention particuli\u00e8re doit \u00eatre port\u00e9e \u00e0 l&rsquo;alimentation des personnes atteintes de la maladie d&rsquo;Alzheimer ou d&rsquo;une pathologie apparent\u00e9e afin de garantir des apports suffisants et \u00e9viter la d\u00e9nutrition.<\/p>\n","protected":false},"featured_media":847,"comment_status":"open","ping_status":"closed","template":"","meta":{"_et_pb_use_builder":"","_et_pb_old_content":"","_et_gb_content_width":"","spay_email":""},"class_list":["post-848","product","type-product","status-publish","has-post-thumbnail","hentry","product_cat-livres","product_tag-alimentation","product_tag-alzheimer","product_tag-evolu-tion","product_tag-pedagogie","product_tag-personne-agee","product_tag-repas","product_tag-vieillissement"],"jetpack_sharing_enabled":true,"jetpack_likes_enabled":true,"_links":{"self":[{"href":"https:\/\/www.parthages.be\/eboutique\/wp-json\/wp\/v2\/product\/848","targetHints":{"allow":["GET"]}}],"collection":[{"href":"https:\/\/www.parthages.be\/eboutique\/wp-json\/wp\/v2\/product"}],"about":[{"href":"https:\/\/www.parthages.be\/eboutique\/wp-json\/wp\/v2\/types\/product"}],"replies":[{"embeddable":true,"href":"https:\/\/www.parthages.be\/eboutique\/wp-json\/wp\/v2\/comments?post=848"}],"wp:featuredmedia":[{"embeddable":true,"href":"https:\/\/www.parthages.be\/eboutique\/wp-json\/wp\/v2\/media\/847"}],"wp:attachment":[{"href":"https:\/\/www.parthages.be\/eboutique\/wp-json\/wp\/v2\/media?parent=848"}],"curies":[{"name":"wp","href":"https:\/\/api.w.org\/{rel}","templated":true}]}}

<p>Une attention particulière doit être portée à l&rsquo;alimentation des personnes atteintes de la maladie d&rsquo;Alzheimer ou d&rsquo;une pathologie apparentée afin de garantir des apports suffisants et éviter la dénutrition.</p>
<p>Une perte de poids involontaire peut précéder la survenue des troubles cognitifs dans environ 40 % des cas.</p>
<p>Les aidants, qu&rsquo;ils soient familiaux ou professionnels, à domicile ou en institution, sont en première ligne pour repérer les difficultés (refus alimentaire, troubles de la déglutition&#8230;) et trouver les solutions adaptées pour les prévenir et entretenir l&rsquo;appétit de manger.</p>
<p> Conçu par des diététiciennes de terrain, l&rsquo;ouvrage « Alimentation et Alzheimer : s&rsquo;adapter au quotidien, guide pratique à l&rsquo;usage des aidants » (2ème édition) fournit aux professionnels et aux familles « les clés d&rsquo;une alimentation adaptée au quotidien des personnes fragilisées ou désorientées ». Ils y trouveront :</p>
<p> • L&rsquo;information indispensable pour mieux comprendre les enjeux de la nutrition,</p>
<p>• Des éléments de compréhension sur la maladie et les troubles associés pouvant entraver les repas (déglutition, refus alimentaires) pouvant entraver les repas</p>
<p>• Des solutions nutritionnelles, collectives ou individuelles, pour maintenir une alimentation optimale (nouvelles façons de manger ou de cuisinier des plats enrichis ou mixés) et retarder l&rsquo;évolution de la maladie,</p>
<p>• Des messages simples et bienveillants (conservation des aliments, hygiène bucco-dentaire&#8230;) accompagnés de détails pratiques et d&rsquo;astuces culinaires.</p>
<p> </p>
<p>« Grâce à ce guide pratique, les professionnels et proches familiaux pourront proposer aux malades d&rsquo;autres façons de manger, de cuisiner, et présenter des plats attractifs, variés et respectueux des saveurs. Le tout en préservant l&rsquo;autonomie de la personne, ses habitudes culturelles et le plaisir de manger, pour le mieux-être de tous », précise l&rsquo;éditeur, Presses de l&rsquo;EHESP. (Présentation de l&rsquo;éditeur)</p>
<p>RIO C.- LEJEUNE H.</p>
<p>Presses de l&rsquo;EHESP</p>
<p>2018-160p-27€</p>
<p>545gr</p>
<p>ISBN : 978-2-8109-0656-7</p>
<p>Cote doc : 10-10-RIO-A</p>
<span class="et_bloom_bottom_trigger"></span>

<p>Une attention particulière doit être portée à l&rsquo;alimentation des personnes atteintes de la maladie d&rsquo;Alzheimer ou d&rsquo;une pathologie apparentée afin de garantir des apports suffisants et éviter la dénutrition.</p>
