{"id":870,"date":"2019-01-30T08:06:06","date_gmt":"2019-01-30T07:06:06","guid":{"rendered":"https:\/\/www.parthages.be\/wordpress\/produit\/dans-les-yeux-demma-et-teddy-aborder-l-autisme-de-facon-ludique-et-pedagogique\/"},"modified":"2022-03-23T17:24:19","modified_gmt":"2022-03-23T16:24:19","slug":"dans-les-yeux-demma-et-teddy-aborder-l-autisme-de-facon-ludique-et-pedagogique","status":"publish","type":"product","link":"https:\/\/www.parthages.be\/eboutique\/produit\/dans-les-yeux-demma-et-teddy-aborder-l-autisme-de-facon-ludique-et-pedagogique\/","title":{"rendered":"Dans les yeux d\u2019Emma et Teddy aborder l&rsquo;autisme de fa\u00e7on ludique et p\u00e9dagogique"},"content":{"rendered":"<p>C\u2019est celle de deux personnages principaux et \u00ab attachants \u00bb : Emma et Teddy, enfants autistes.<\/p>\n<p>Emma a 6 ans et b\u00e9n\u00e9ficie d\u2019un projet \u00e9ducatif individualis\u00e9 \u00e0 domicile en attendant sa scolarisation.<\/p>\n<p>Teddy a 4 ans et suit une scolarisation en petite section de maternelle avec l\u2019aide d\u2019une AVS.<\/p>\n<p>Chaque histoire de la vie de tous les jours est l\u2019occasion de mieux expliquer l\u2019autisme, donner des exemples concrets, et informer sur le comportement \u00e0 adopter vis-\u00e0-vis de l\u2019enfant.<\/p>\n<p>Cette BD s\u2019adresse aux parents ayant un enfant autiste, \u00e0 la fratrie, aux professionnels d\u2019encadrement, aux param\u00e9dicaux, aux biblioth\u00e8ques et ludoth\u00e8ques et, bien s\u00fbr, \u00e0 toute personne d\u00e9sireuse d\u2019en savoir davantage sur l\u2019autisme.<\/p>\n<p>Les histoires racont\u00e9es Dans les yeux d\u2019Emma et Teddy ont pour vocation d\u2019accompagner les enfants autistes et leurs familles face aux d\u00e9fis qu\u2019ils doivent affronter. Son aspect ludique en fait un v\u00e9ritable outil de sensibilisation \u00e0 l\u2019autisme. (Pr\u00e9sentation de l&rsquo;\u00e9diteur)<\/p>\n<p>MEGHRAOUI Z.- LA GRANDE ALICE<\/p>\n<p>Tom Pousse w<\/p>\n<p>2018-80p-19\u20ac<\/p>\n<p>350gr<\/p>\n<p>ISBN\u00a0: 978-2-35345-187-6<\/p>\n<p>Cote doc\u00a0: 10-10-MEG-D<\/p>\n<span class=\"et_bloom_bottom_trigger\"><\/span>","protected":false},"excerpt":{"rendered":"<p>C\u2019est celle de deux personnages principaux et \u00ab attachants \u00bb : Emma et Teddy, enfants autistes.<\/p>\n","protected":false},"featured_media":869,"comment_status":"open","ping_status":"closed","template":"","meta":{"_et_pb_use_builder":"","_et_pb_old_content":"","_et_gb_content_width":"","spay_email":""},"class_list":["post-870","product","type-product","status-publish","has-post-thumbnail","hentry","product_cat-livres","product_tag-accompagnement","product_tag-aidants-proches","product_tag-autisme","product_tag-comportement","product_tag-difficulte-scolaire","product_tag-enfant-handicape","product_tag-insertion","product_tag-outil-pedagogique","product_tag-scolarisation","product_tag-sensibilisation","product_tag-societe"],"jetpack_sharing_enabled":true,"jetpack_likes_enabled":true,"_links":{"self":[{"href":"https:\/\/www.parthages.be\/eboutique\/wp-json\/wp\/v2\/product\/870","targetHints":{"allow":["GET"]}}],"collection":[{"href":"https:\/\/www.parthages.be\/eboutique\/wp-json\/wp\/v2\/product"}],"about":[{"href":"https:\/\/www.parthages.be\/eboutique\/wp-json\/wp\/v2\/types\/product"}],"replies":[{"embeddable":true,"href":"https:\/\/www.parthages.be\/eboutique\/wp-json\/wp\/v2\/comments?post=870"}],"wp:featuredmedia":[{"embeddable":true,"href":"https:\/\/www.parthages.be\/eboutique\/wp-json\/wp\/v2\/media\/869"}],"wp:attachment":[{"href":"https:\/\/www.parthages.be\/eboutique\/wp-json\/wp\/v2\/media?parent=870"}],"curies":[{"name":"wp","href":"https:\/\/api.w.org\/{rel}","templated":true}]}}

Dans les yeux d’Emma et Teddy aborder l&rsquo;autisme de façon ludique et pédagogique

<p>C’est celle de deux personnages principaux et « attachants » : Emma et Teddy, enfants autistes.</p>
<p>Emma a 6 ans et bénéficie d’un projet éducatif individualisé à domicile en attendant sa scolarisation.</p>
<p>Teddy a 4 ans et suit une scolarisation en petite section de maternelle avec l’aide d’une AVS.</p>
<p>Chaque histoire de la vie de tous les jours est l’occasion de mieux expliquer l’autisme, donner des exemples concrets, et informer sur le comportement à adopter vis-à-vis de l’enfant.</p>
<p>Cette BD s’adresse aux parents ayant un enfant autiste, à la fratrie, aux professionnels d’encadrement, aux paramédicaux, aux bibliothèques et ludothèques et, bien sûr, à toute personne désireuse d’en savoir davantage sur l’autisme.</p>
<p>Les histoires racontées Dans les yeux d’Emma et Teddy ont pour vocation d’accompagner les enfants autistes et leurs familles face aux défis qu’ils doivent affronter. Son aspect ludique en fait un véritable outil de sensibilisation à l’autisme. (Présentation de l&rsquo;éditeur)</p>
<p>MEGHRAOUI Z.- LA GRANDE ALICE</p>
<p>Tom Pousse w</p>
<p>2018-80p-19€</p>
<p>350gr</p>
<p>ISBN : 978-2-35345-187-6</p>
<p>Cote doc : 10-10-MEG-D</p>
<span class="et_bloom_bottom_trigger"></span>
