{"id":884,"date":"2019-06-11T14:51:11","date_gmt":"2019-06-11T12:51:11","guid":{"rendered":"https:\/\/www.parthages.be\/wordpress\/produit\/accompagnement-institutionnel-d-adultes-en-situation-de-handicap\/"},"modified":"2019-06-11T14:51:11","modified_gmt":"2019-06-11T12:51:11","slug":"accompagnement-institutionnel-d-adultes-en-situation-de-handicap","status":"publish","type":"product","link":"https:\/\/www.parthages.be\/eboutique\/produit\/accompagnement-institutionnel-d-adultes-en-situation-de-handicap\/","title":{"rendered":"Accompagnement institutionnel d&rsquo;adultes en situation de handicap"},"content":{"rendered":"<p>\u00ab Nous avons l\u2019honneur de vous signifier votre admission au sein de l\u2019\u00e9tablissement. \u00bb Cette phrase, adress\u00e9e chaque ann\u00e9e \u00e0 de nombreux adultes en situation de handicap, marque le d\u00e9but d\u2019une authentique aventure humaine. Loin d\u2019\u00eatre uniquement celle du futur usager, elle convoque de nombreux enjeux pour ses proches ainsi que pour l\u2019institution elle-m\u00eame et les professionnels qui y exercent.<\/p>\n<p>Comment construire une pratique favorisant un accompagnement propice au bien-\u00eatre et \u00e0 l\u2019\u00e9panouissement de chacun ? Quels sont les \u00e9cueils d\u2019un syst\u00e8me institu\u00e9 visant le d\u00e9licat \u00e9quilibre entre individualisation et vie en collectivit\u00e9 ?<\/p>\n<p>Ces questions constituent le c\u0153ur de cet ouvrage qui explore diff\u00e9rentes facettes de l\u2019aventure institutionnelle dans ses dimensions tant \u00e9thiques que cliniques. L\u2019entr\u00e9e en institution, le quotidien de la d\u00e9pendance physique et mentale, les projets de vie, le devenir de chacun, la vie affective et sexuelle, les d\u00e9fis institutionnels\u2026 Autant de th\u00e9matiques dont l\u2019abord permettra de dessiner une d\u00e9marche concr\u00e8te de concertation \u00e9thique au sein des \u00e9tablissements. (Pr\u00e9sentation de l\u2019Editeur)<\/p>\n<p>BEMBEN L.- KAISSER L.- KALIS C.- ROZENBERG J.<\/p>\n<p>Editions Eres<\/p>\n<p>2019-381p-29\u20ac<\/p>\n<p>412gr<\/p>\n<p>ISBN\u00a0: 978-2-7492-6275-8<\/p>\n<p>Cote doc\u00a0: 5-20-BEM-A<\/p>\n<span class=\"et_bloom_bottom_trigger\"><\/span>","protected":false},"excerpt":{"rendered":"<p>\u00ab Nous avons l\u2019honneur de vous signifier votre admission au sein de l\u2019\u00e9tablissement. \u00bb Cette phrase, adress\u00e9e chaque ann\u00e9e \u00e0 de nombreux adultes en situation de handicap, marque le d\u00e9but d\u2019une authentique aventure humaine.<\/p>\n","protected":false},"featured_media":883,"comment_status":"open","ping_status":"closed","template":"","meta":{"_et_pb_use_builder":"","_et_pb_old_content":"","_et_gb_content_width":"","spay_email":""},"class_list":["post-884","product","type-product","status-publish","has-post-thumbnail","hentry","product_cat-livres","product_tag-accompagnement","product_tag-bien-etre","product_tag-dependance","product_tag-ethique","product_tag-institu-tion","product_tag-personne-handicapee","product_tag-projet-de-vie","product_tag-vie-affective","product_tag-vie-quotidienne"],"jetpack_sharing_enabled":true,"jetpack_likes_enabled":true,"_links":{"self":[{"href":"https:\/\/www.parthages.be\/eboutique\/wp-json\/wp\/v2\/product\/884","targetHints":{"allow":["GET"]}}],"collection":[{"href":"https:\/\/www.parthages.be\/eboutique\/wp-json\/wp\/v2\/product"}],"about":[{"href":"https:\/\/www.parthages.be\/eboutique\/wp-json\/wp\/v2\/types\/product"}],"replies":[{"embeddable":true,"href":"https:\/\/www.parthages.be\/eboutique\/wp-json\/wp\/v2\/comments?post=884"}],"wp:featuredmedia":[{"embeddable":true,"href":"https:\/\/www.parthages.be\/eboutique\/wp-json\/wp\/v2\/media\/883"}],"wp:attachment":[{"href":"https:\/\/www.parthages.be\/eboutique\/wp-json\/wp\/v2\/media?parent=884"}],"curies":[{"name":"wp","href":"https:\/\/api.w.org\/{rel}","templated":true}]}}

<p>« Nous avons l’honneur de vous signifier votre admission au sein de l’établissement. » Cette phrase, adressée chaque année à de nombreux adultes en situation de handicap, marque le début d’une authentique aventure humaine. Loin d’être uniquement celle du futur usager, elle convoque de nombreux enjeux pour ses proches ainsi que pour l’institution elle-même et les professionnels qui y exercent.</p>
<p>Comment construire une pratique favorisant un accompagnement propice au bien-être et à l’épanouissement de chacun ? Quels sont les écueils d’un système institué visant le délicat équilibre entre individualisation et vie en collectivité ?</p>
<p>Ces questions constituent le cœur de cet ouvrage qui explore différentes facettes de l’aventure institutionnelle dans ses dimensions tant éthiques que cliniques. L’entrée en institution, le quotidien de la dépendance physique et mentale, les projets de vie, le devenir de chacun, la vie affective et sexuelle, les défis institutionnels… Autant de thématiques dont l’abord permettra de dessiner une démarche concrète de concertation éthique au sein des établissements. (Présentation de l’Editeur)</p>
<p>BEMBEN L.- KAISSER L.- KALIS C.- ROZENBERG J.</p>
<p>Editions Eres</p>
<p>2019-381p-29€</p>
<p>412gr</p>
<p>ISBN : 978-2-7492-6275-8</p>
<p>Cote doc : 5-20-BEM-A</p>
<span class="et_bloom_bottom_trigger"></span>

<p>« Nous avons l’honneur de vous signifier votre admission au sein de l’établissement. » Cette phrase, adressée chaque année à de nombreux adultes en situation de handicap, marque le début d’une authentique aventure humaine.</p>
