{"id":894,"date":"2019-06-11T15:03:33","date_gmt":"2019-06-11T13:03:33","guid":{"rendered":"https:\/\/www.parthages.be\/wordpress\/produit\/l-autisme-sans-ordonnance\/"},"modified":"2022-06-03T08:56:35","modified_gmt":"2022-06-03T06:56:35","slug":"l-autisme-sans-ordonnance","status":"publish","type":"product","link":"https:\/\/www.parthages.be\/eboutique\/produit\/l-autisme-sans-ordonnance\/","title":{"rendered":"L&rsquo;autisme sans ordonnance"},"content":{"rendered":"<p>Tous les parents d\u2019enfants autistes le savent, le diagnostic n\u2019est qu\u2019un d\u00e9but. Il faut ensuite appr\u00e9hender l\u2019effarante liste de difficult\u00e9s associ\u00e9es \u2013 notamment la constipation, le manque de sommeil et l\u2019irritabilit\u00e9, si fr\u00e9quents en cas de troubles du spectre autistique \u2013 et les divergences quant \u00e0 la mani\u00e8re de les traiter. Or la pratique courante r\u00e9pond \u00e0 ces sympt\u00f4mes par des m\u00e9dicaments sans prendre en compte les causes, et l\u2019enfant continue d\u2019errer dans l\u2019\u00e9pais brouillard de probl\u00e8mes de sant\u00e9 non pris en charge.<\/p>\n<p>En m\u00ealant m\u00e9decine naturelle et science fond\u00e9e sur les preuves, L\u2019autisme sans ordonnance constitue pour les parents une v\u00e9ritable bou\u00e9e de sauvetage. Ses outils diagnostiques d\u00e9taill\u00e9s, ses explications claires et ses protocoles simples associ\u00e9s \u00e0 un Plan d\u2019Action en Ligne remettent l\u2019enfant autiste sur pied gr\u00e2ce \u00e0 des compl\u00e9ments naturels, sans danger et en vente libre. Une fois ses probl\u00e8mes de sant\u00e9 invisibles sous contr\u00f4le, il peut se poser, s\u2019extraire du brouillard et tirer davantage profit de l\u2019\u00e9cole et des th\u00e9rapies pour enfin devenir celui ou celle qu\u2019il est vraiment. (Pr\u00e9sentation de l&rsquo;auteur)<\/p>\n<p>LINTALA J.<\/p>\n<p>DUNOD<\/p>\n<p>2018-352p.<\/p>\n<p>740gr<\/p>\n<p>ISBN\u00a0: 978-2-10-077701-3<\/p>\n<p>Cote doc\u00a0: 1-70-LIN-A<\/p>\n<span class=\"et_bloom_bottom_trigger\"><\/span>","protected":false},"excerpt":{"rendered":"<p>Tous les parents d\u2019enfants autistes le savent, le diagnostic n\u2019est qu\u2019un d\u00e9but. Il faut ensuite appr\u00e9hender l\u2019effarante liste de difficult\u00e9s associ\u00e9es \u2013 notamment la constipation, le manque de sommeil et l\u2019irritabilit\u00e9, si fr\u00e9quents en cas de troubles du spectre autistique \u2013 et les divergences quant \u00e0 la mani\u00e8re de les traiter.<\/p>\n","protected":false},"featured_media":893,"comment_status":"open","ping_status":"closed","template":"","meta":{"_et_pb_use_builder":"","_et_pb_old_content":"","_et_gb_content_width":"","spay_email":""},"class_list":["post-894","product","type-product","status-publish","has-post-thumbnail","hentry","product_cat-livres","product_tag-autisme","product_tag-enfant","product_tag-eva-luation","product_tag-medecine-alternative","product_tag-outil","product_tag-strategie","product_tag-traitement-de-substitution","product_tag-trouble-du-developpement"],"jetpack_sharing_enabled":true,"jetpack_likes_enabled":true,"_links":{"self":[{"href":"https:\/\/www.parthages.be\/eboutique\/wp-json\/wp\/v2\/product\/894","targetHints":{"allow":["GET"]}}],"collection":[{"href":"https:\/\/www.parthages.be\/eboutique\/wp-json\/wp\/v2\/product"}],"about":[{"href":"https:\/\/www.parthages.be\/eboutique\/wp-json\/wp\/v2\/types\/product"}],"replies":[{"embeddable":true,"href":"https:\/\/www.parthages.be\/eboutique\/wp-json\/wp\/v2\/comments?post=894"}],"wp:featuredmedia":[{"embeddable":true,"href":"https:\/\/www.parthages.be\/eboutique\/wp-json\/wp\/v2\/media\/893"}],"wp:attachment":[{"href":"https:\/\/www.parthages.be\/eboutique\/wp-json\/wp\/v2\/media?parent=894"}],"curies":[{"name":"wp","href":"https:\/\/api.w.org\/{rel}","templated":true}]}}