{"id":896,"date":"2019-06-11T15:06:29","date_gmt":"2019-06-11T13:06:29","guid":{"rendered":"https:\/\/www.parthages.be\/wordpress\/produit\/le-petit-chaperon-rouge-qui-n-y-voit-rien\/"},"modified":"2022-02-18T10:35:04","modified_gmt":"2022-02-18T09:35:04","slug":"le-petit-chaperon-rouge-qui-n-y-voit-rien","status":"publish","type":"product","link":"https:\/\/www.parthages.be\/eboutique\/produit\/le-petit-chaperon-rouge-qui-n-y-voit-rien\/","title":{"rendered":"Le Petit Chaperon rouge qui n&rsquo;y voit rien"},"content":{"rendered":"<p>Quand on est le Petit Chaperon rouge, ce n&rsquo;est d\u00e9j\u00e0 pas facile d&rsquo;apporter un g\u00e2teau \u00e0 sa grand-m\u00e8re en traversant une inqui\u00e9tante for\u00eat.<\/p>\n<p>Mais lorsqu&rsquo;en plus, on n&rsquo;y voit pas, qu&rsquo;aucun des animaux rencontr\u00e9s ne veut vous aider et que vous tombez nez \u00e0 nez avec le Grand m\u00e9chant loup&#8230; cela donne la plus fascinante des histoires.<\/p>\n<p>Un conte que les enfants vont lire et relire pour apprendre \u00e0 devenir aussi habile que cette intr\u00e9pide fillette (Pr\u00e9sentation de l&rsquo;\u00e9diteur)<\/p>\n<p>HAN XU<\/p>\n<p>Editions Rue Du Monde<\/p>\n<p>2018-54p.-16\u20ac<\/p>\n<p>435gr<\/p>\n<p>ISBN\u00a0: 978-2-35504-509-7<\/p>\n<p>Cote doc\u00a0: 11-HAN-P<\/p>\n<span class=\"et_bloom_bottom_trigger\"><\/span>","protected":false},"excerpt":{"rendered":"<p>Quand on est le Petit Chaperon rouge, ce n&rsquo;est d\u00e9j\u00e0 pas facile d&rsquo;apporter un g\u00e2teau \u00e0 sa grand-m\u00e8re en traversant une inqui\u00e9tante for\u00eat.<\/p>\n","protected":false},"featured_media":895,"comment_status":"open","ping_status":"closed","template":"","meta":{"_et_pb_use_builder":"","_et_pb_old_content":"","_et_gb_content_width":"","spay_email":""},"class_list":["post-896","product","type-product","status-publish","has-post-thumbnail","hentry","product_cat-livres","product_cat-livres-jeunesse","product_tag-cecite","product_tag-enfant-handicape","product_tag-handicap","product_tag-sensibilisation","product_tag-strategie"],"jetpack_sharing_enabled":true,"jetpack_likes_enabled":true,"_links":{"self":[{"href":"https:\/\/www.parthages.be\/eboutique\/wp-json\/wp\/v2\/product\/896","targetHints":{"allow":["GET"]}}],"collection":[{"href":"https:\/\/www.parthages.be\/eboutique\/wp-json\/wp\/v2\/product"}],"about":[{"href":"https:\/\/www.parthages.be\/eboutique\/wp-json\/wp\/v2\/types\/product"}],"replies":[{"embeddable":true,"href":"https:\/\/www.parthages.be\/eboutique\/wp-json\/wp\/v2\/comments?post=896"}],"wp:featuredmedia":[{"embeddable":true,"href":"https:\/\/www.parthages.be\/eboutique\/wp-json\/wp\/v2\/media\/895"}],"wp:attachment":[{"href":"https:\/\/www.parthages.be\/eboutique\/wp-json\/wp\/v2\/media?parent=896"}],"curies":[{"name":"wp","href":"https:\/\/api.w.org\/{rel}","templated":true}]}}